{"id":42360,"date":"2021-05-28T11:34:04","date_gmt":"2021-05-28T14:34:04","guid":{"rendered":"https:\/\/www.anamt.org.br\/portal\/?page_id=42360"},"modified":"2021-08-18T13:26:04","modified_gmt":"2021-08-18T16:26:04","slug":"comissao-de-assuntos-parlamentares-da-anamt","status":"publish","type":"page","link":"https:\/\/www.anamt.org.br\/portal\/comissao-de-assuntos-parlamentares-da-anamt\/","title":{"rendered":"Comiss\u00e3o de Assuntos Parlamentares da ANAMT"},"content":{"rendered":"<p>A Comiss\u00e3o de Assuntos Parlamentares da ANAMT (CAP-ANAMT) \u00e9 vinculada \u00e0 Diretoria de \u00c9tica e Defesa Profissional e destinada \u00e0 an\u00e1lise de projetos de leis em tramita\u00e7\u00e3o no Congresso Nacional relacionados \u00e0 seguran\u00e7a e sa\u00fade no trabalho, no que concerne os impactos na sa\u00fade do trabalhador e na atua\u00e7\u00e3o profissional do M\u00e9dico do Trabalho.<\/p>\n<p>A Comiss\u00e3o ainda tem por atribui\u00e7\u00e3o estudar e propor projetos de leis aos Parlamentares em temas relacionados \u00e0 seguran\u00e7a e sa\u00fade no trabalho. Os membros da CAP-ANAMT realizar\u00e3o atividades remotas e presenciais no Congresso Nacional e\/ou Assembleias Legislativas sempre que se fizer necess\u00e1rio.<br \/>\nPara execu\u00e7\u00e3o de suas atividades e alcance dos objetivos, a CAP-ANAMT poder\u00e1 participar de atividades em conjunto com entidades m\u00e9dicas nacionais, sempre visando a defesa da sa\u00fade e da medicina.<\/p>\n<p><strong>S\u00e3o membros da CAP-ANAMT:<\/strong><\/p>\n<ul>\n<li>Dra. Walneia Moreira<\/li>\n<li>Dra. Rosylane Nascimento das Merc\u00eas Rocha<\/li>\n<li>Dr. \u00c1lvaro Frigerio<\/li>\n<li>Dr. Ruddy Facci<\/li>\n<li>Dr. Carlos Campos<\/li>\n<li>Dr. Francisco Cortes Fernandes<\/li>\n<\/ul>\n<h5>Projeto de Lei n\u00ba 1.083\/21<\/h5>\n<p>Documentos relacionados:<\/p>\n<ul>\n<li>09\/08\/2021 &#8211; <a href=\"https:\/\/www.anamt.org.br\/portal\/wp-content\/uploads\/2021\/08\/Of%C3%ADcio-0031.-2021-ANAMT-AGRADECIMENTO-ao-Dep-Christino-%C3%81ureo.pdf\" target=\"_blank\" rel=\"noopener\">Of\u00edcio 31\/2021 da ANAMT &#8211; Agradecimento da Associa\u00e7\u00e3o ao Deputado Federal \u00c1ureo da Silva referente \u00e0 Medida Provis\u00f3ria n\u00ba 1.045\/2021<\/a><\/li>\n<li>15\/06\/2021 &#8211; <a href=\"https:\/\/www.anamt.org.br\/portal\/2021\/06\/15\/pl-no-1-083-21-cssf-define-relator-do-texto\/\" target=\"_blank\" rel=\"noopener\">Comiss\u00e3o de Seguridade Social e Fam\u00edlia define relator do texto\u00a0<\/a><\/li>\n<li>09\/06\/2021 &#8211;\u00a0<a href=\"https:\/\/www.anamt.org.br\/portal\/2021\/06\/09\/pl-no-1-083-21-requerimento-e-incluido-em-comissao-da-camara-dos-deputados\/\" target=\"_blank\" rel=\"noopener\">PL n\u00ba 1.083\/21: Requerimento \u00e9 inclu\u00eddo em Comiss\u00e3o da C\u00e2mara<\/a><\/li>\n<li>27\/05\/2021 &#8211;\u00a0<a href=\"https:\/\/www.anamt.org.br\/portal\/wp-content\/uploads\/2021\/05\/OF%C3%8DCIO-N%C2%BA-1226-2021-GABIN-CFM-Deputado-Lucas-Gonzalez.pdf\" target=\"_blank\" rel=\"noopener\">Of\u00edcio n\u00ba 1.226\/2021<\/a><\/li>\n<li>24\/05\/2021 &#8211;<a href=\"https:\/\/www.anamt.org.br\/portal\/wp-content\/uploads\/2021\/05\/Ofi%CC%81cio-021-2021-ANAMT-Deputado-Hiran-Goncalves.pdf\" target=\"_blank\" rel=\"noopener\"> Of\u00edcio n\u00ba 21\/2021<\/a><\/li>\n<li>24\/05\/2021 &#8211; <a href=\"https:\/\/www.anamt.org.br\/portal\/2021\/05\/24\/pl-no-1-083-21-presidente-da-anamt-participa-de-reuniao-na-camara-dos-deputados\/\" target=\"_blank\" rel=\"noopener\">Reuni\u00e3o da presidente da ANAMT, Dra. Rosylane Rocha, com o deputado federal Hiran Gon\u00e7alves<\/a><\/li>\n<\/ul>\n","protected":false},"excerpt":{"rendered":"<p>A Comiss\u00e3o de Assuntos Parlamentares da ANAMT (CAP-ANAMT) \u00e9 vinculada \u00e0 Diretoria de \u00c9tica e Defesa Profissional e destinada \u00e0 an\u00e1lise de projetos de leis em tramita\u00e7\u00e3o no Congresso Nacional relacionados \u00e0 seguran\u00e7a e sa\u00fade no trabalho, no que concerne os impactos na sa\u00fade do trabalhador e na atua\u00e7\u00e3o profissional do M\u00e9dico do Trabalho. A [&hellip;]<\/p>\n","protected":false},"author":1,"featured_media":0,"parent":0,"menu_order":0,"comment_status":"closed","ping_status":"closed","template":"","meta":{"footnotes":""},"_links":{"self":[{"href":"https:\/\/www.anamt.org.br\/portal\/wp-json\/wp\/v2\/pages\/42360"}],"collection":[{"href":"https:\/\/www.anamt.org.br\/portal\/wp-json\/wp\/v2\/pages"}],"about":[{"href":"https:\/\/www.anamt.org.br\/portal\/wp-json\/wp\/v2\/types\/page"}],"author":[{"embeddable":true,"href":"https:\/\/www.anamt.org.br\/portal\/wp-json\/wp\/v2\/users\/1"}],"replies":[{"embeddable":true,"href":"https:\/\/www.anamt.org.br\/portal\/wp-json\/wp\/v2\/comments?post=42360"}],"version-history":[{"count":0,"href":"https:\/\/www.anamt.org.br\/portal\/wp-json\/wp\/v2\/pages\/42360\/revisions"}],"wp:attachment":[{"href":"https:\/\/www.anamt.org.br\/portal\/wp-json\/wp\/v2\/media?parent=42360"}],"curies":[{"name":"wp","href":"https:\/\/api.w.org\/{rel}","templated":true}]}}

Comissão de Assuntos Parlamentares da ANAMT

<p>A Comissão de Assuntos Parlamentares da ANAMT (CAP-ANAMT) é vinculada à Diretoria de Ética e Defesa Profissional e destinada à análise de projetos de leis em tramitação no Congresso Nacional relacionados à segurança e saúde no trabalho, no que concerne os impactos na saúde do trabalhador e na atuação profissional do Médico do Trabalho.</p>
<p>A Comissão ainda tem por atribuição estudar e propor projetos de leis aos Parlamentares em temas relacionados à segurança e saúde no trabalho. Os membros da CAP-ANAMT realizarão atividades remotas e presenciais no Congresso Nacional e/ou Assembleias Legislativas sempre que se fizer necessário.<br />
Para execução de suas atividades e alcance dos objetivos, a CAP-ANAMT poderá participar de atividades em conjunto com entidades médicas nacionais, sempre visando a defesa da saúde e da medicina.</p>
<p><strong>São membros da CAP-ANAMT:</strong></p>
<ul>
<li>Dra. Walneia Moreira</li>
<li>Dra. Rosylane Nascimento das Mercês Rocha</li>
<li>Dr. Álvaro Frigerio</li>
<li>Dr. Ruddy Facci</li>
<li>Dr. Carlos Campos</li>
<li>Dr. Francisco Cortes Fernandes</li>
</ul>
<h5>Projeto de Lei nº 1.083/21</h5>
<p>Documentos relacionados:</p>
<ul>
<li>09/08/2021 &#8211; <a href="https://www.anamt.org.br/portal/wp-content/uploads/2021/08/Of%C3%ADcio-0031.-2021-ANAMT-AGRADECIMENTO-ao-Dep-Christino-%C3%81ureo.pdf" target="_blank" rel="noopener">Ofício 31/2021 da ANAMT &#8211; Agradecimento da Associação ao Deputado Federal Áureo da Silva referente à Medida Provisória nº 1.045/2021</a></li>
<li>15/06/2021 &#8211; <a href="https://www.anamt.org.br/portal/2021/06/15/pl-no-1-083-21-cssf-define-relator-do-texto/" target="_blank" rel="noopener">Comissão de Seguridade Social e Família define relator do texto </a></li>
<li>09/06/2021 &#8211; <a href="https://www.anamt.org.br/portal/2021/06/09/pl-no-1-083-21-requerimento-e-incluido-em-comissao-da-camara-dos-deputados/" target="_blank" rel="noopener">PL nº 1.083/21: Requerimento é incluído em Comissão da Câmara</a></li>
<li>27/05/2021 &#8211; <a href="https://www.anamt.org.br/portal/wp-content/uploads/2021/05/OF%C3%8DCIO-N%C2%BA-1226-2021-GABIN-CFM-Deputado-Lucas-Gonzalez.pdf" target="_blank" rel="noopener">Ofício nº 1.226/2021</a></li>
<li>24/05/2021 &#8211;<a href="https://www.anamt.org.br/portal/wp-content/uploads/2021/05/Ofi%CC%81cio-021-2021-ANAMT-Deputado-Hiran-Goncalves.pdf" target="_blank" rel="noopener"> Ofício nº 21/2021</a></li>
<li>24/05/2021 &#8211; <a href="https://www.anamt.org.br/portal/2021/05/24/pl-no-1-083-21-presidente-da-anamt-participa-de-reuniao-na-camara-dos-deputados/" target="_blank" rel="noopener">Reunião da presidente da ANAMT, Dra. Rosylane Rocha, com o deputado federal Hiran Gonçalves</a></li>
</ul>

<p>A Comissão de Assuntos Parlamentares da ANAMT (CAP-ANAMT) é vinculada à Diretoria de Ética e Defesa Profissional e destinada à análise de projetos de leis em tramitação no Congresso Nacional relacionados à segurança e saúde no trabalho, no que concerne os impactos na saúde do trabalhador e na atuação profissional do Médico do Trabalho. A [&hellip;]</p>
