{"id":40014,"date":"2020-03-27T16:35:04","date_gmt":"2020-03-27T19:35:04","guid":{"rendered":"https:\/\/www.anamt.org.br\/portal\/?page_id=40014"},"modified":"2023-08-21T12:50:44","modified_gmt":"2023-08-21T15:50:44","slug":"informativos-juridicos","status":"publish","type":"page","link":"https:\/\/www.anamt.org.br\/portal\/recomendacoes\/informativos-juridicos\/","title":{"rendered":"Informativos Jur\u00eddicos"},"content":{"rendered":"<p><a href=\"https:\/\/www.anamt.org.br\/portal\/wp-content\/uploads\/2023\/03\/INFORMATIVO-JURIDICO-ANAMT-5.2023-PROVIMENTO-APELACAO.-RQE.pdf\" target=\"_blank\" rel=\"noopener\">Informativo Jur\u00eddico ANAMT n\u00ba 5\/2023<\/a> &#8211; Decis\u00e3o favor\u00e1vel. Validade Resolu\u00e7\u00e3o CFM que condiciona o t\u00edtulo de especialista em Medicina do Trabalho a registro de qualifica\u00e7\u00e3o da especialidade.<\/p>\n<p><a href=\"https:\/\/www.anamt.org.br\/portal\/wp-content\/uploads\/2021\/09\/Informativo-Jur%C3%ADdico-ANAMT-09-a%C3%A7%C3%A3o-judicial-federadas-contra-age.pdf\" target=\"_blank\" rel=\"noopener\">Informativo Jur\u00eddico n\u00ba 009\/2021<\/a> &#8211; A\u00e7\u00e3o judicial de federadas contra AGE da ANAMT. Liminar Indeferida. AGE Mantida.<\/p>\n<p><a href=\"https:\/\/www.anamt.org.br\/portal\/wp-content\/uploads\/2020\/12\/Informativo-Juridico-ANAMT-13.2020-Senten%C3%A7a-Favor%C3%A1vel-%C3%A0-ANAMT-Prova-de-t%C3%ADtulos.pdf\" target=\"_blank\" rel=\"noopener\">Informativo Jur\u00eddico n\u00ba 13\/2020<\/a>\u00a0\u2013 O Poder Judici\u00e1rio de Pernambuco analisou a aplica\u00e7\u00e3o da Prova de T\u00edtulo de Especialista em Medicina do Trabalho, e consignou que a ANAMT \u00e9 a respons\u00e1vel pela aplica\u00e7\u00e3o do exame.<\/p>\n<p><a href=\"https:\/\/www.anamt.org.br\/portal\/wp-content\/uploads\/2020\/03\/Informativo-Juridico-ANAMT-03.2020-Estado-de-Calamidade-P%C3%BAblica-COVID-19.pdf\" target=\"_blank\" rel=\"noopener\">Informativo Jur\u00eddico n\u00ba 3\/2020<\/a>\u00a0\u2013 Considerando o estado de calamidade p\u00fablica, o Departamento Jur\u00eddico foi acionado para esclarecer o Decreto Legislativo n\u00ba 6 e as medidas que podem ser adotadas pelos m\u00e9dicos do pa\u00eds.<\/p>\n<p><a href=\"https:\/\/www.anamt.org.br\/portal\/wp-content\/uploads\/2020\/03\/Informativo-Jur%C3%ADdico-ANAMT-n%C2%BA-02.2020-Telemedicina-durante-calamidade-publica.pdf\" target=\"_blank\" rel=\"noopener\">Informativo Jur\u00eddico n\u00ba 2\/2020<\/a>\u00a0\u2013 Serve o presente para informar sobre a Portaria n.\u00ba 467, de 20 de mar\u00e7o de 2020, do Minist\u00e9rio da Sa\u00fade, que disp\u00f5e sobre a telemedicina em car\u00e1ter de excepcional e tempor\u00e1rio, com objetivo de regulamentar as suas a\u00e7\u00f5es e operacionalizar as medidas de enfrentamento emergencial da sa\u00fade p\u00fablica, frente \u00e0 epidemia de COVID-19.<\/p>\n<p><a href=\"https:\/\/www.anamt.org.br\/portal\/wp-content\/uploads\/2020\/01\/Informativo-Jur%C3%ADdico-n%C2%BA-01-ANAMT.pdf\" target=\"_blank\" rel=\"noopener\">Informativo Jur\u00eddico n\u00ba 01\/2020<\/a>\u00a0\u2013 Ap\u00f3s 23 anos, situa\u00e7\u00e3o cartor\u00e1ria da ANAMT ser\u00e1 regularizada.<\/p>\n","protected":false},"excerpt":{"rendered":"<p>Informativo Jur\u00eddico ANAMT n\u00ba 5\/2023 &#8211; Decis\u00e3o favor\u00e1vel. Validade Resolu\u00e7\u00e3o CFM que condiciona o t\u00edtulo de especialista em Medicina do Trabalho a registro de qualifica\u00e7\u00e3o da especialidade. Informativo Jur\u00eddico n\u00ba 009\/2021 &#8211; A\u00e7\u00e3o judicial de federadas contra AGE da ANAMT. Liminar Indeferida. AGE Mantida. Informativo Jur\u00eddico n\u00ba 13\/2020\u00a0\u2013 O Poder Judici\u00e1rio de Pernambuco analisou a [&hellip;]<\/p>\n","protected":false},"author":1,"featured_media":0,"parent":12958,"menu_order":0,"comment_status":"closed","ping_status":"closed","template":"","meta":{"footnotes":""},"_links":{"self":[{"href":"https:\/\/www.anamt.org.br\/portal\/wp-json\/wp\/v2\/pages\/40014"}],"collection":[{"href":"https:\/\/www.anamt.org.br\/portal\/wp-json\/wp\/v2\/pages"}],"about":[{"href":"https:\/\/www.anamt.org.br\/portal\/wp-json\/wp\/v2\/types\/page"}],"author":[{"embeddable":true,"href":"https:\/\/www.anamt.org.br\/portal\/wp-json\/wp\/v2\/users\/1"}],"replies":[{"embeddable":true,"href":"https:\/\/www.anamt.org.br\/portal\/wp-json\/wp\/v2\/comments?post=40014"}],"version-history":[{"count":1,"href":"https:\/\/www.anamt.org.br\/portal\/wp-json\/wp\/v2\/pages\/40014\/revisions"}],"predecessor-version":[{"id":48286,"href":"https:\/\/www.anamt.org.br\/portal\/wp-json\/wp\/v2\/pages\/40014\/revisions\/48286"}],"up":[{"embeddable":true,"href":"https:\/\/www.anamt.org.br\/portal\/wp-json\/wp\/v2\/pages\/12958"}],"wp:attachment":[{"href":"https:\/\/www.anamt.org.br\/portal\/wp-json\/wp\/v2\/media?parent=40014"}],"curies":[{"name":"wp","href":"https:\/\/api.w.org\/{rel}","templated":true}]}}

Informativos Jurídicos

<p><a href="https://www.anamt.org.br/portal/wp-content/uploads/2023/03/INFORMATIVO-JURIDICO-ANAMT-5.2023-PROVIMENTO-APELACAO.-RQE.pdf" target="_blank" rel="noopener">Informativo Jurídico ANAMT nº 5/2023</a> &#8211; Decisão favorável. Validade Resolução CFM que condiciona o título de especialista em Medicina do Trabalho a registro de qualificação da especialidade.</p>
<p><a href="https://www.anamt.org.br/portal/wp-content/uploads/2021/09/Informativo-Jur%C3%ADdico-ANAMT-09-a%C3%A7%C3%A3o-judicial-federadas-contra-age.pdf" target="_blank" rel="noopener">Informativo Jurídico nº 009/2021</a> &#8211; Ação judicial de federadas contra AGE da ANAMT. Liminar Indeferida. AGE Mantida.</p>
<p><a href="https://www.anamt.org.br/portal/wp-content/uploads/2020/12/Informativo-Juridico-ANAMT-13.2020-Senten%C3%A7a-Favor%C3%A1vel-%C3%A0-ANAMT-Prova-de-t%C3%ADtulos.pdf" target="_blank" rel="noopener">Informativo Jurídico nº 13/2020</a> – O Poder Judiciário de Pernambuco analisou a aplicação da Prova de Título de Especialista em Medicina do Trabalho, e consignou que a ANAMT é a responsável pela aplicação do exame.</p>
<p><a href="https://www.anamt.org.br/portal/wp-content/uploads/2020/03/Informativo-Juridico-ANAMT-03.2020-Estado-de-Calamidade-P%C3%BAblica-COVID-19.pdf" target="_blank" rel="noopener">Informativo Jurídico nº 3/2020</a> – Considerando o estado de calamidade pública, o Departamento Jurídico foi acionado para esclarecer o Decreto Legislativo nº 6 e as medidas que podem ser adotadas pelos médicos do país.</p>
<p><a href="https://www.anamt.org.br/portal/wp-content/uploads/2020/03/Informativo-Jur%C3%ADdico-ANAMT-n%C2%BA-02.2020-Telemedicina-durante-calamidade-publica.pdf" target="_blank" rel="noopener">Informativo Jurídico nº 2/2020</a> – Serve o presente para informar sobre a Portaria n.º 467, de 20 de março de 2020, do Ministério da Saúde, que dispõe sobre a telemedicina em caráter de excepcional e temporário, com objetivo de regulamentar as suas ações e operacionalizar as medidas de enfrentamento emergencial da saúde pública, frente à epidemia de COVID-19.</p>
<p><a href="https://www.anamt.org.br/portal/wp-content/uploads/2020/01/Informativo-Jur%C3%ADdico-n%C2%BA-01-ANAMT.pdf" target="_blank" rel="noopener">Informativo Jurídico nº 01/2020</a> – Após 23 anos, situação cartorária da ANAMT será regularizada.</p>

<p>Informativo Jurídico ANAMT nº 5/2023 &#8211; Decisão favorável. Validade Resolução CFM que condiciona o título de especialista em Medicina do Trabalho a registro de qualificação da especialidade. Informativo Jurídico nº 009/2021 &#8211; Ação judicial de federadas contra AGE da ANAMT. Liminar Indeferida. AGE Mantida. Informativo Jurídico nº 13/2020 – O Poder Judiciário de Pernambuco analisou a [&hellip;]</p>
