{"id":37932,"date":"2019-08-02T16:31:22","date_gmt":"2019-08-02T19:31:22","guid":{"rendered":"https:\/\/www.anamt.org.br\/portal\/?page_id=37932"},"modified":"2019-08-02T16:31:22","modified_gmt":"2019-08-02T19:31:22","slug":"eleicoes-2019-mensagem-da-chapa-anamt-mais-tecnica-e-mais-perto-de-voce","status":"publish","type":"page","link":"https:\/\/www.anamt.org.br\/portal\/eleicoes-2019-2\/eleicoes-2019-mensagem-da-chapa-anamt-mais-tecnica-e-mais-perto-de-voce\/","title":{"rendered":"Elei\u00e7\u00f5es 2019 \u2013 Mensagem da Chapa ANAMT Mais T\u00e9cnica e Mais Perto de Voc\u00ea"},"content":{"rendered":"<h3>Chapa ANAMT Mais T\u00e9cnica e Mais Perto de Voc\u00ea<\/h3>\n<p>A Chapa ANAMT Mais T\u00e9cnica e Mais Perto de Voc\u00ea chega \u00e0 reta final desta elei\u00e7\u00e3o consciente de que realizou uma campanha limpa, sem desrespeito, focando sua divulga\u00e7\u00e3o em propostas voltadas para o M\u00e9dico do Trabalho. <\/p>\n<p>Alertamos que a crescente polariza\u00e7\u00e3o pol\u00edtica vivida no Brasil n\u00e3o pode chegar \u00e0 associa\u00e7\u00e3o. N\u00e3o podemos deixar que a ANAMT torne-se partid\u00e1ria. Precisamos pacificar e reunificar a Associa\u00e7\u00e3o, respeitando as diferen\u00e7as e a pluralidade dos associados. <\/p>\n<p>Entramos no pleito porque acreditamos que podemos lapidar a ANAMT e torna-la mais t\u00e9cnica, uma Associa\u00e7\u00e3o que defenda a categoria, com uma Prova de T\u00edtulo mais acess\u00edvel e est\u00e1vel, oferecendo cursos \u00e0 dist\u00e2ncia que incentivem a educa\u00e7\u00e3o continuada. Nossas propostas s\u00e3o cautelosamente estudadas de acordo com a necessidade dos associados e as possibilidades t\u00e9cnicas e financeiras da ANAMT, sem criar expectativas inexequ\u00edveis.<\/p>\n<p>Contamos com seu voto para uma ANAMT mais t\u00e9cnica e mais perto de voc\u00ea. <\/p>\n","protected":false},"excerpt":{"rendered":"<p>Chapa ANAMT Mais T\u00e9cnica e Mais Perto de Voc\u00ea A Chapa ANAMT Mais T\u00e9cnica e Mais Perto de Voc\u00ea chega \u00e0 reta final desta elei\u00e7\u00e3o consciente de que realizou uma campanha limpa, sem desrespeito, focando sua divulga\u00e7\u00e3o em propostas voltadas para o M\u00e9dico do Trabalho. Alertamos que a crescente polariza\u00e7\u00e3o pol\u00edtica vivida no Brasil n\u00e3o [&hellip;]<\/p>\n","protected":false},"author":1,"featured_media":0,"parent":36619,"menu_order":0,"comment_status":"closed","ping_status":"closed","template":"","meta":{"footnotes":""},"_links":{"self":[{"href":"https:\/\/www.anamt.org.br\/portal\/wp-json\/wp\/v2\/pages\/37932"}],"collection":[{"href":"https:\/\/www.anamt.org.br\/portal\/wp-json\/wp\/v2\/pages"}],"about":[{"href":"https:\/\/www.anamt.org.br\/portal\/wp-json\/wp\/v2\/types\/page"}],"author":[{"embeddable":true,"href":"https:\/\/www.anamt.org.br\/portal\/wp-json\/wp\/v2\/users\/1"}],"replies":[{"embeddable":true,"href":"https:\/\/www.anamt.org.br\/portal\/wp-json\/wp\/v2\/comments?post=37932"}],"version-history":[{"count":0,"href":"https:\/\/www.anamt.org.br\/portal\/wp-json\/wp\/v2\/pages\/37932\/revisions"}],"up":[{"embeddable":true,"href":"https:\/\/www.anamt.org.br\/portal\/wp-json\/wp\/v2\/pages\/36619"}],"wp:attachment":[{"href":"https:\/\/www.anamt.org.br\/portal\/wp-json\/wp\/v2\/media?parent=37932"}],"curies":[{"name":"wp","href":"https:\/\/api.w.org\/{rel}","templated":true}]}}

Eleições 2019 – Mensagem da Chapa ANAMT Mais Técnica e Mais Perto de Você

<h3>Chapa ANAMT Mais Técnica e Mais Perto de Você</h3>
<p>A Chapa ANAMT Mais Técnica e Mais Perto de Você chega à reta final desta eleição consciente de que realizou uma campanha limpa, sem desrespeito, focando sua divulgação em propostas voltadas para o Médico do Trabalho. </p>
<p>Alertamos que a crescente polarização política vivida no Brasil não pode chegar à associação. Não podemos deixar que a ANAMT torne-se partidária. Precisamos pacificar e reunificar a Associação, respeitando as diferenças e a pluralidade dos associados. </p>
<p>Entramos no pleito porque acreditamos que podemos lapidar a ANAMT e torna-la mais técnica, uma Associação que defenda a categoria, com uma Prova de Título mais acessível e estável, oferecendo cursos à distância que incentivem a educação continuada. Nossas propostas são cautelosamente estudadas de acordo com a necessidade dos associados e as possibilidades técnicas e financeiras da ANAMT, sem criar expectativas inexequíveis.</p>
<p>Contamos com seu voto para uma ANAMT mais técnica e mais perto de você. </p>

<p>Chapa ANAMT Mais Técnica e Mais Perto de Você A Chapa ANAMT Mais Técnica e Mais Perto de Você chega à reta final desta eleição consciente de que realizou uma campanha limpa, sem desrespeito, focando sua divulgação em propostas voltadas para o Médico do Trabalho. Alertamos que a crescente polarização política vivida no Brasil não [&hellip;]</p>
