{"id":37857,"date":"2019-07-26T16:25:25","date_gmt":"2019-07-26T19:25:25","guid":{"rendered":"https:\/\/www.anamt.org.br\/portal\/?page_id=37857"},"modified":"2019-07-26T16:30:52","modified_gmt":"2019-07-26T19:30:52","slug":"eleicoes-2019-questionario-respondido-pela-chapa-anamt-mais-tecnica-e-mais-perto-de-voce","status":"publish","type":"page","link":"https:\/\/www.anamt.org.br\/portal\/eleicoes-2019-2\/eleicoes-2019-questionario-respondido-pela-chapa-anamt-mais-tecnica-e-mais-perto-de-voce\/","title":{"rendered":"Elei\u00e7\u00f5es 2019 \u2013 Question\u00e1rio respondido pela Chapa ANAMT Mais T\u00e9cnica e Mais Perto de Voc\u00ea"},"content":{"rendered":"<h3>Chapa ANAMT Mais T\u00e9cnica e Mais Perto de Voc\u00ea<\/h3>\n<blockquote><p><img decoding=\"async\" class=\"size-full wp-image-37742 alignleft\" src=\"https:\/\/www.anamt.org.br\/portal\/wp-content\/uploads\/2019\/07\/CHAPA_ANAMT_MAIS_TECNICA_PAULO_REBELO.jpg\" alt=\"\" width=\"133\" height=\"200\" \/><strong>Dr. Paulo Antonio de Paiva Rebelo &#8211; Presidente<\/strong><br \/>\n&nbsp;<br \/>\nDr. Paulo Rebelo foi presidente da Associa\u00e7\u00e3o Brasileira de Medicina do Trabalho (ABMT), onde exerceu as fun\u00e7\u00f5es de diretor cient\u00edfico e de rela\u00e7\u00f5es externas, juntamente com o cargo de vice-presidente da ANAMT. Membro titular da Academia Brasileira de Medicina de Reabilita\u00e7\u00e3o (ABMR) e membro da C\u00e2mara T\u00e9cnica de MT no CFM e no CREMERJ. Integra organiza\u00e7\u00f5es prestigiadas, como IOMSC, ICOH e SPE. Reconhecido nacional e internacionalmente, escreveu v\u00e1rios livros, colaborando com in\u00fameros artigos em publica\u00e7\u00f5es do Brasil e do exterior.<br \/>\n&nbsp;<\/p><\/blockquote>\n<p><strong>1. Fale um pouco de seu hist\u00f3rico profissional e como pretende agregar suas experi\u00eancias \u00e0 hist\u00f3ria da ANAMT.<\/strong><\/p>\n<p>H\u00e1 40 anos trabalho como volunt\u00e1rio na vida associativa. Fui presidente por 3 mandatos na ABMT, do conselho deliberativo da ANAMT, diretor de legisla\u00e7\u00e3o e duas vezes Vice-Presidente Nacional. Fundador e Membro do Conselho Executivo da IOMSC. Membro da ACOEM, SPE e IOCH. Conhe\u00e7o a hist\u00f3ria, as lutas, as conquistas da MT no Brasil, e todos os seus processos de gest\u00e3o. O futuro s\u00f3 ser\u00e1 constru\u00eddo quando se conhece o passado e o presente. E \u00e9 com base nessa experi\u00eancia que estou preparado para o desafio de conduzir a ANAMT.<\/p>\n<p><strong>2. Cite tr\u00eas das principais prioridades e diretrizes da sua gest\u00e3o.<\/strong><\/p>\n<p>Restabelecer o di\u00e1logo e a harmonia, em todas as inst\u00e2ncias, sem agress\u00f5es, ideologias pol\u00edticas, ataques \u00e0 honra, promovendo o respeito \u00e0s diferen\u00e7as e a busca pelo consenso com base na t\u00e9cnica, no conhecimento cient\u00edfico e no relacionamento respeitoso. Contribuir para o aprimoramento, dos cursos de gradua\u00e7\u00e3o \u00e0 p\u00f3s-gradua\u00e7\u00e3o, incentivando a atualiza\u00e7\u00e3o profissional, a produ\u00e7\u00e3o de diretrizes, orienta\u00e7\u00f5es, artigos e livros. Defender nosso of\u00edcio com \u00e9tica e autonomia, elevando o n\u00edvel e a sa\u00fade dos trabalhadores, fortalecendo a integra\u00e7\u00e3o com outras especialidades e profiss\u00f5es, dando um maior destaque \u00e0 nossa classe.<\/p>\n<p><strong>3. Como voc\u00ea avalia o cen\u00e1rio atual da Medicina do Trabalho no Brasil?<\/strong><\/p>\n<p>A Medicina do Trabalho conseguiu ter o destaque que h\u00e1 tempos merece, tornando-se escolha recorrente nos ingressos da \u00e1rea. Contudo, necessita ainda se adaptar \u00e0s mudan\u00e7as, como a crise econ\u00f4mica, a 4\u00aa revolu\u00e7\u00e3o industrial e a integra\u00e7\u00e3o dos millennials no mercado de trabalho. O exerc\u00edcio da nossa profiss\u00e3o evolui a cada dia. Novos conhecimentos s\u00e3o exigidos, e \u00e9 fundamental identificar, dentre os avan\u00e7os tecnol\u00f3gicos, aqueles que trazem as melhores indica\u00e7\u00f5es t\u00e9cnicas e rela\u00e7\u00f5es de custo-efetividade. \u00c9 uma especialidade viva e com perspectivas. E \u00e9 nosso dever foment\u00e1-la mais e mais.<\/p>\n<p><strong>4. Como voc\u00ea enxerga a ANAMT daqui a tr\u00eas anos?<\/strong><\/p>\n<p>A ANAMT completou 50 anos com uma hist\u00f3ria rica e renov\u00e1vel. A salutar conviv\u00eancia de profissionais com perfis e experi\u00eancias diferenciadas, possibilita trilhar caminhos e condi\u00e7\u00f5es a serem ampliados pelo uso de tecnologias e informa\u00e7\u00f5es. O trabalho volunt\u00e1rio e n\u00e3o-remunerado promove sinergia e base para consolidar uma gest\u00e3o austera que fortale\u00e7a a intera\u00e7\u00e3o com institui\u00e7\u00f5es, organismos, especialidades m\u00e9dicas e afins. Isso \u00e9 o que possibilita a defesa da MT, o desenvolvimento cient\u00edfico da especialidade, profissionais mais respeitados, uma associa\u00e7\u00e3o unida e federadas fortes. Isso \u00e9 o que possibilita nosso crescimento.<\/p>\n<p><strong>5. Na sua opini\u00e3o, por que um M\u00e9dico do Trabalho deve ser associado da ANAMT?<\/strong><\/p>\n<p>Na ANAMT, o m\u00e9dico desfruta do conv\u00edvio e da experi\u00eancia dos colegas, com custos reduzidos e liberdade para esclarecer d\u00favidas num ambiente prop\u00edcio ao debate e \u00e0 aprendizagem. \u00c9 onde criar\u00e1 sua rede de contatos, fundamental para atualiza\u00e7\u00e3o e gera\u00e7\u00e3o de oportunidades, tornando-se apto para tratar de situa\u00e7\u00f5es diversas com maior propriedade e respaldo. Al\u00e9m disso, quanto maior o n\u00famero de associados, mais forte ser\u00e1 a associa\u00e7\u00e3o, representando a MT em diferentes cen\u00e1rios, sempre com condi\u00e7\u00f5es econ\u00f4micas de manter a estrutura necess\u00e1ria para difus\u00e3o de seu posicionamento e diretrizes.<\/p>\n","protected":false},"excerpt":{"rendered":"<p>Chapa ANAMT Mais T\u00e9cnica e Mais Perto de Voc\u00ea Dr. Paulo Antonio de Paiva Rebelo &#8211; Presidente &nbsp; Dr. Paulo Rebelo foi presidente da Associa\u00e7\u00e3o Brasileira de Medicina do Trabalho (ABMT), onde exerceu as fun\u00e7\u00f5es de diretor cient\u00edfico e de rela\u00e7\u00f5es externas, juntamente com o cargo de vice-presidente da ANAMT. Membro titular da Academia Brasileira [&hellip;]<\/p>\n","protected":false},"author":1,"featured_media":0,"parent":36619,"menu_order":0,"comment_status":"closed","ping_status":"closed","template":"","meta":{"footnotes":""},"_links":{"self":[{"href":"https:\/\/www.anamt.org.br\/portal\/wp-json\/wp\/v2\/pages\/37857"}],"collection":[{"href":"https:\/\/www.anamt.org.br\/portal\/wp-json\/wp\/v2\/pages"}],"about":[{"href":"https:\/\/www.anamt.org.br\/portal\/wp-json\/wp\/v2\/types\/page"}],"author":[{"embeddable":true,"href":"https:\/\/www.anamt.org.br\/portal\/wp-json\/wp\/v2\/users\/1"}],"replies":[{"embeddable":true,"href":"https:\/\/www.anamt.org.br\/portal\/wp-json\/wp\/v2\/comments?post=37857"}],"version-history":[{"count":0,"href":"https:\/\/www.anamt.org.br\/portal\/wp-json\/wp\/v2\/pages\/37857\/revisions"}],"up":[{"embeddable":true,"href":"https:\/\/www.anamt.org.br\/portal\/wp-json\/wp\/v2\/pages\/36619"}],"wp:attachment":[{"href":"https:\/\/www.anamt.org.br\/portal\/wp-json\/wp\/v2\/media?parent=37857"}],"curies":[{"name":"wp","href":"https:\/\/api.w.org\/{rel}","templated":true}]}}

Eleições 2019 – Questionário respondido pela Chapa ANAMT Mais Técnica e Mais Perto de Você

<h3>Chapa ANAMT Mais Técnica e Mais Perto de Você</h3>
<blockquote><p><img decoding="async" class="size-full wp-image-37742 alignleft" src="https://www.anamt.org.br/portal/wp-content/uploads/2019/07/CHAPA_ANAMT_MAIS_TECNICA_PAULO_REBELO.jpg" alt="" width="133" height="200" /><strong>Dr. Paulo Antonio de Paiva Rebelo &#8211; Presidente</strong><br />
&nbsp;<br />
Dr. Paulo Rebelo foi presidente da Associação Brasileira de Medicina do Trabalho (ABMT), onde exerceu as funções de diretor científico e de relações externas, juntamente com o cargo de vice-presidente da ANAMT. Membro titular da Academia Brasileira de Medicina de Reabilitação (ABMR) e membro da Câmara Técnica de MT no CFM e no CREMERJ. Integra organizações prestigiadas, como IOMSC, ICOH e SPE. Reconhecido nacional e internacionalmente, escreveu vários livros, colaborando com inúmeros artigos em publicações do Brasil e do exterior.<br />
&nbsp;</p></blockquote>
<p><strong>1. Fale um pouco de seu histórico profissional e como pretende agregar suas experiências à história da ANAMT.</strong></p>
<p>Há 40 anos trabalho como voluntário na vida associativa. Fui presidente por 3 mandatos na ABMT, do conselho deliberativo da ANAMT, diretor de legislação e duas vezes Vice-Presidente Nacional. Fundador e Membro do Conselho Executivo da IOMSC. Membro da ACOEM, SPE e IOCH. Conheço a história, as lutas, as conquistas da MT no Brasil, e todos os seus processos de gestão. O futuro só será construído quando se conhece o passado e o presente. E é com base nessa experiência que estou preparado para o desafio de conduzir a ANAMT.</p>
<p><strong>2. Cite três das principais prioridades e diretrizes da sua gestão.</strong></p>
<p>Restabelecer o diálogo e a harmonia, em todas as instâncias, sem agressões, ideologias políticas, ataques à honra, promovendo o respeito às diferenças e a busca pelo consenso com base na técnica, no conhecimento científico e no relacionamento respeitoso. Contribuir para o aprimoramento, dos cursos de graduação à pós-graduação, incentivando a atualização profissional, a produção de diretrizes, orientações, artigos e livros. Defender nosso ofício com ética e autonomia, elevando o nível e a saúde dos trabalhadores, fortalecendo a integração com outras especialidades e profissões, dando um maior destaque à nossa classe.</p>
<p><strong>3. Como você avalia o cenário atual da Medicina do Trabalho no Brasil?</strong></p>
<p>A Medicina do Trabalho conseguiu ter o destaque que há tempos merece, tornando-se escolha recorrente nos ingressos da área. Contudo, necessita ainda se adaptar às mudanças, como a crise econômica, a 4ª revolução industrial e a integração dos millennials no mercado de trabalho. O exercício da nossa profissão evolui a cada dia. Novos conhecimentos são exigidos, e é fundamental identificar, dentre os avanços tecnológicos, aqueles que trazem as melhores indicações técnicas e relações de custo-efetividade. É uma especialidade viva e com perspectivas. E é nosso dever fomentá-la mais e mais.</p>
<p><strong>4. Como você enxerga a ANAMT daqui a três anos?</strong></p>
<p>A ANAMT completou 50 anos com uma história rica e renovável. A salutar convivência de profissionais com perfis e experiências diferenciadas, possibilita trilhar caminhos e condições a serem ampliados pelo uso de tecnologias e informações. O trabalho voluntário e não-remunerado promove sinergia e base para consolidar uma gestão austera que fortaleça a interação com instituições, organismos, especialidades médicas e afins. Isso é o que possibilita a defesa da MT, o desenvolvimento científico da especialidade, profissionais mais respeitados, uma associação unida e federadas fortes. Isso é o que possibilita nosso crescimento.</p>
<p><strong>5. Na sua opinião, por que um Médico do Trabalho deve ser associado da ANAMT?</strong></p>
<p>Na ANAMT, o médico desfruta do convívio e da experiência dos colegas, com custos reduzidos e liberdade para esclarecer dúvidas num ambiente propício ao debate e à aprendizagem. É onde criará sua rede de contatos, fundamental para atualização e geração de oportunidades, tornando-se apto para tratar de situações diversas com maior propriedade e respaldo. Além disso, quanto maior o número de associados, mais forte será a associação, representando a MT em diferentes cenários, sempre com condições econômicas de manter a estrutura necessária para difusão de seu posicionamento e diretrizes.</p>

<p>Chapa ANAMT Mais Técnica e Mais Perto de Você Dr. Paulo Antonio de Paiva Rebelo &#8211; Presidente &nbsp; Dr. Paulo Rebelo foi presidente da Associação Brasileira de Medicina do Trabalho (ABMT), onde exerceu as funções de diretor científico e de relações externas, juntamente com o cargo de vice-presidente da ANAMT. Membro titular da Academia Brasileira [&hellip;]</p>
