{"id":30043,"date":"2017-04-04T17:21:57","date_gmt":"2017-04-04T20:21:57","guid":{"rendered":"https:\/\/www.anamt.org.br\/portal\/?page_id=30043"},"modified":"2017-04-04T17:30:51","modified_gmt":"2017-04-04T20:30:51","slug":"recomendacoes-da-anamt","status":"publish","type":"page","link":"https:\/\/www.anamt.org.br\/portal\/recomendacoes\/recomendacoes-da-anamt\/","title":{"rendered":"Recomenda\u00e7\u00f5es da ANAMT"},"content":{"rendered":"<div id=\"pratica-medica\">\n<div class=\"fusion-blog-shortcode fusion-blog-shortcode-1 fusion-blog-archive fusion-blog-layout-large fusion-blog-pagination fusion-blog-no-images\"><div class=\"fusion-posts-container fusion-posts-container-pagination fusion-no-meta-info\" data-pages=\"1\"><article id=\"blog-1-post-40202\" class=\"fusion-post-large post-40202 post type-post status-publish format-standard hentry category-recomendacoes-anamt\">\n<div class=\"fusion-post-content post-content\"><h2 class=\"blog-shortcode-post-title entry-title\">Informativo Jur\u00eddico n\u00ba 4\/2020<\/h2><div class=\"fusion-post-content-container\"><p><a href=\"https:\/\/www.anamt.org.br\/portal\/wp-content\/uploads\/2020\/04\/Informativo-Juridico-ANAMT-04.2020-MP-Eventos.pdf\" target=\"_blank\" rel=\"noopener\">Informativo Jur\u00eddico n\u00ba 4\/2020<\/a> \u2013 Aborda o cancelamento de servi\u00e7os, reservas e eventos por conta da pandemia de Covid-19. O tema \u00e9 abordado na Medida Provis\u00f3ria n\u00ba 948\/2020, divulgada no dia 8 de abril.<\/p>\n<\/div><\/div><div class=\"fusion-clearfix\"><\/div><\/article>\n<article id=\"blog-1-post-40194\" class=\"fusion-post-large post-40194 post type-post status-publish format-standard hentry category-recomendacoes-anamt\">\n<div class=\"fusion-post-content post-content\"><h2 class=\"blog-shortcode-post-title entry-title\">Nota T\u00e9cnica conjunta da ANAMT, AMB e CFM<\/h2><div class=\"fusion-post-content-container\"><p><a href=\"https:\/\/www.anamt.org.br\/portal\/wp-content\/uploads\/2020\/03\/NOTA-TECNICA-ANAMT_AMB_CFM-1.pdf\" target=\"_blank\" rel=\"noopener\">Nota T\u00e9cnica conjunta da ANAMT, AMB e CFM<\/a> \u2013 Disp\u00f5e sobre a suspens\u00e3o da obrigatoriedade de realiza\u00e7\u00e3o dos exames m\u00e9dicos ocupacionais, cl\u00ednicos e complementares, exceto dos exames demissionais.<\/p>\n<p><span id=\":kb.co\" class=\"tL8wMe EMoHub\" dir=\"ltr\">\u00a0<\/span><\/p>\n<\/div><\/div><div class=\"fusion-clearfix\"><\/div><\/article>\n<article id=\"blog-1-post-40192\" class=\"fusion-post-large post-40192 post type-post status-publish format-standard hentry category-recomendacoes-anamt\">\n<div class=\"fusion-post-content post-content\"><h2 class=\"blog-shortcode-post-title entry-title\">Guia pra\u0301tico ANAMT sobre COVID-19 para atua\u00e7\u00e3o dos m\u00e9dicos do trabalho<\/h2><div class=\"fusion-post-content-container\"><p><a href=\"https:\/\/www.anamt.org.br\/portal\/wp-content\/uploads\/2020\/04\/GUIA_CORONA_VIRUS_2020_v4.pdf\" target=\"_blank\" rel=\"noopener\">Guia pra\u0301tico ANAMT sobre COVID-19 para atua\u00e7\u00e3o dos m\u00e9dicos do trabalho<\/a> \u2013 O material tem como objetivo \u00e9 nortear os especialistas em sua pr\u00e1tica cl\u00ednica frente \u00e0 pandemia do COVID-19.<\/p>\n<p><span id=\":kb.co\" class=\"tL8wMe EMoHub\" dir=\"ltr\">\u00a0<\/span><\/p>\n<\/div><\/div><div class=\"fusion-clearfix\"><\/div><\/article>\n<article id=\"blog-1-post-39974\" class=\"fusion-post-large post-39974 post type-post status-publish format-standard hentry category-recomendacoes-anamt\">\n<div class=\"fusion-post-content post-content\"><h2 class=\"blog-shortcode-post-title entry-title\">Recomenda\u00e7\u00e3o ANAMT n\u00ba 04\/2020<\/h2><div class=\"fusion-post-content-container\"><p><a href=\"https:\/\/www.anamt.org.br\/portal\/wp-content\/uploads\/2020\/03\/RECOMENDACAO_4_ANAMT_2020_v1.pdf\" target=\"_blank\" rel=\"noopener\">Recomenda\u00e7\u00e3o ANAMT n\u00ba 04\/2020<\/a> \u2013 Disp\u00f5e sobre<span id=\":kb.co\" class=\"tL8wMe EMoHub\" dir=\"ltr\"> atua\u00e7\u00e3o do m\u00e9dico do trabalho, assist\u00eancia presencial e remota ao trabalhador durante o enfrentamento da crise do covid-19<\/span><\/p>\n<\/div><\/div><div class=\"fusion-clearfix\"><\/div><\/article>\n<article id=\"blog-1-post-39968\" class=\"fusion-post-large post-39968 post type-post status-publish format-standard hentry category-recomendacoes-anamt\">\n<div class=\"fusion-post-content post-content\"><h2 class=\"blog-shortcode-post-title entry-title\">Recomenda\u00e7\u00e3o ANAMT n\u00ba 03\/2020<\/h2><div class=\"fusion-post-content-container\"><p><a href=\"https:\/\/www.anamt.org.br\/portal\/wp-content\/uploads\/2020\/03\/RECOMENDACAO_3_ANAMT_2020_v1.pdf\" target=\"_blank\" rel=\"noopener\">Recomenda\u00e7\u00e3o ANAMT n\u00ba 03\/2020<\/a> \u2013 Disp\u00f5e sobre decis\u00f5es m\u00e9dicas frente ao estado de calamidade enquanto durar a epidemia do covid-19.<\/p>\n<\/div><\/div><div class=\"fusion-clearfix\"><\/div><\/article>\n<article id=\"blog-1-post-39949\" class=\"fusion-post-large post-39949 post type-post status-publish format-standard hentry category-recomendacoes-anamt\">\n<div class=\"fusion-post-content post-content\"><h2 class=\"blog-shortcode-post-title entry-title\">Recomenda\u00e7\u00e3o ANAMT n\u00ba 02\/2020<\/h2><div class=\"fusion-post-content-container\"><p><a href=\"https:\/\/www.anamt.org.br\/portal\/wp-content\/uploads\/2020\/03\/RECOMENDACAO_2_ANAMT_2020_v1.pdf\" target=\"_blank\" rel=\"noopener\">Recomenda\u00e7\u00e3o ANAMT n\u00ba 02\/2020<\/a> \u2013 Disp\u00f5e sobre conduta emergencial de exce\u00e7\u00e3o enquanto durar a epidemia do covid-19<\/p>\n<\/div><\/div><div class=\"fusion-clearfix\"><\/div><\/article>\n<article id=\"blog-1-post-39927\" class=\"fusion-post-large post-39927 post type-post status-publish format-standard hentry category-recomendacoes-anamt\">\n<div class=\"fusion-post-content post-content\"><h2 class=\"blog-shortcode-post-title entry-title\">Recomenda\u00e7\u00e3o ANAMT n\u00ba 01\/2020<\/h2><div class=\"fusion-post-content-container\"><p><a href=\"https:\/\/www.anamt.org.br\/portal\/wp-content\/uploads\/2020\/03\/RECOMENDACAO_1_ANAMT_2020_v1.pdf\" target=\"_blank\" rel=\"noopener\">Recomenda\u00e7\u00e3o ANAMT n\u00ba 01\/2020<\/a> \u2013 Disp\u00f5e sobre o atendimento aos trabalhadores com sintomas gripais em face ao curso evolutivo da COVID-19.<\/p>\n<\/div><\/div><div class=\"fusion-clearfix\"><\/div><\/article>\n<article id=\"blog-1-post-30048\" class=\"fusion-post-large post-30048 post type-post status-publish format-standard hentry category-recomendacoes-anamt\">\n<div class=\"fusion-post-content post-content\"><h2 class=\"blog-shortcode-post-title entry-title\">Recomenda\u00e7\u00e3o ANAMT n\u00ba 01\/2017<\/h2><div class=\"fusion-post-content-container\"><p><a href=\"http:\/\/www.anamt.org.br\/site\/upload_arquivos\/recomendacoes_da_anamt_13320171038367055475.pdf\" target=\"_blank\">Recomenda\u00e7\u00e3o ANAMT n\u00ba 01\/2017<\/a> \u2013\u00a0Disp\u00f5e sobre a Comunica\u00e7\u00e3o de Acidente de Trabalho conforme o disposto na Lei no 8.213\/1991 e sobre a Notifica\u00e7\u00e3o Compuls\u00f3ria em Unidades Sentinelas conforme Portarias MS 204 e 205 de fevereiro de 2016.<\/p>\n<\/div><\/div><div class=\"fusion-clearfix\"><\/div><\/article>\n<article id=\"blog-1-post-30044\" class=\"fusion-post-large post-30044 post type-post status-publish format-standard hentry category-recomendacoes-anamt\">\n<div class=\"fusion-post-content post-content\"><h2 class=\"blog-shortcode-post-title entry-title\">Recomenda\u00e7\u00e3o ANAMT n\u00ba 1\/2016<\/h2><div class=\"fusion-post-content-container\"><p><a href=\"http:\/\/www.anamt.org.br\/site\/upload_arquivos\/recomendacoes_da_anamt_662016131467055475.pdf\" target=\"_blank\">Recomenda\u00e7\u00e3o ANAMT n\u00ba 1\/2016<\/a> \u2013 Disp\u00f5e sobre a solicita\u00e7\u00e3o de exames toxicol\u00f3gicos de larga escala para os motoristas profissionais regulamentada pela Portaria MTPS n\u00ba 116 de 13\/11\/2015 e sobre a conduta do m\u00e9dico do trabalho.<\/p>\n<\/div><\/div><div class=\"fusion-clearfix\"><\/div><\/article>\n<\/div><\/div>\n<p>&nbsp;<\/p>\n<\/div>\n","protected":false},"excerpt":{"rendered":"<p>&nbsp;<\/p>\n","protected":false},"author":1,"featured_media":0,"parent":12958,"menu_order":0,"comment_status":"closed","ping_status":"closed","template":"","meta":{"footnotes":""},"_links":{"self":[{"href":"https:\/\/www.anamt.org.br\/portal\/wp-json\/wp\/v2\/pages\/30043"}],"collection":[{"href":"https:\/\/www.anamt.org.br\/portal\/wp-json\/wp\/v2\/pages"}],"about":[{"href":"https:\/\/www.anamt.org.br\/portal\/wp-json\/wp\/v2\/types\/page"}],"author":[{"embeddable":true,"href":"https:\/\/www.anamt.org.br\/portal\/wp-json\/wp\/v2\/users\/1"}],"replies":[{"embeddable":true,"href":"https:\/\/www.anamt.org.br\/portal\/wp-json\/wp\/v2\/comments?post=30043"}],"version-history":[{"count":0,"href":"https:\/\/www.anamt.org.br\/portal\/wp-json\/wp\/v2\/pages\/30043\/revisions"}],"up":[{"embeddable":true,"href":"https:\/\/www.anamt.org.br\/portal\/wp-json\/wp\/v2\/pages\/12958"}],"wp:attachment":[{"href":"https:\/\/www.anamt.org.br\/portal\/wp-json\/wp\/v2\/media?parent=30043"}],"curies":[{"name":"wp","href":"https:\/\/api.w.org\/{rel}","templated":true}]}}

Recomendações da ANAMT

<div id="pratica-medica">
<div class="fusion-blog-shortcode fusion-blog-shortcode-1 fusion-blog-archive fusion-blog-layout-large fusion-blog-pagination fusion-blog-no-images"><div class="fusion-posts-container fusion-posts-container-pagination fusion-no-meta-info" data-pages="1"><article id="blog-1-post-40202" class="fusion-post-large post-40202 post type-post status-publish format-standard hentry category-recomendacoes-anamt">
<div class="fusion-post-content post-content"><h2 class="blog-shortcode-post-title entry-title">Informativo Jurídico nº 4/2020</h2><div class="fusion-post-content-container"><p><a href="https://www.anamt.org.br/portal/wp-content/uploads/2020/04/Informativo-Juridico-ANAMT-04.2020-MP-Eventos.pdf" target="_blank" rel="noopener">Informativo Jurídico nº 4/2020</a> – Aborda o cancelamento de serviços, reservas e eventos por conta da pandemia de Covid-19. O tema é abordado na Medida Provisória nº 948/2020, divulgada no dia 8 de abril.</p>
</div></div><div class="fusion-clearfix"></div></article>
<article id="blog-1-post-40194" class="fusion-post-large post-40194 post type-post status-publish format-standard hentry category-recomendacoes-anamt">
<div class="fusion-post-content post-content"><h2 class="blog-shortcode-post-title entry-title">Nota Técnica conjunta da ANAMT, AMB e CFM</h2><div class="fusion-post-content-container"><p><a href="https://www.anamt.org.br/portal/wp-content/uploads/2020/03/NOTA-TECNICA-ANAMT_AMB_CFM-1.pdf" target="_blank" rel="noopener">Nota Técnica conjunta da ANAMT, AMB e CFM</a> – Dispõe sobre a suspensão da obrigatoriedade de realização dos exames médicos ocupacionais, clínicos e complementares, exceto dos exames demissionais.</p>
<p><span id=":kb.co" class="tL8wMe EMoHub" dir="ltr"> </span></p>
</div></div><div class="fusion-clearfix"></div></article>
<article id="blog-1-post-40192" class="fusion-post-large post-40192 post type-post status-publish format-standard hentry category-recomendacoes-anamt">
<div class="fusion-post-content post-content"><h2 class="blog-shortcode-post-title entry-title">Guia prático ANAMT sobre COVID-19 para atuação dos médicos do trabalho</h2><div class="fusion-post-content-container"><p><a href="https://www.anamt.org.br/portal/wp-content/uploads/2020/04/GUIA_CORONA_VIRUS_2020_v4.pdf" target="_blank" rel="noopener">Guia prático ANAMT sobre COVID-19 para atuação dos médicos do trabalho</a> – O material tem como objetivo é nortear os especialistas em sua prática clínica frente à pandemia do COVID-19.</p>
<p><span id=":kb.co" class="tL8wMe EMoHub" dir="ltr"> </span></p>
</div></div><div class="fusion-clearfix"></div></article>
<article id="blog-1-post-39974" class="fusion-post-large post-39974 post type-post status-publish format-standard hentry category-recomendacoes-anamt">
<div class="fusion-post-content post-content"><h2 class="blog-shortcode-post-title entry-title">Recomendação ANAMT nº 04/2020</h2><div class="fusion-post-content-container"><p><a href="https://www.anamt.org.br/portal/wp-content/uploads/2020/03/RECOMENDACAO_4_ANAMT_2020_v1.pdf" target="_blank" rel="noopener">Recomendação ANAMT nº 04/2020</a> – Dispõe sobre<span id=":kb.co" class="tL8wMe EMoHub" dir="ltr"> atuação do médico do trabalho, assistência presencial e remota ao trabalhador durante o enfrentamento da crise do covid-19</span></p>
</div></div><div class="fusion-clearfix"></div></article>
<article id="blog-1-post-39968" class="fusion-post-large post-39968 post type-post status-publish format-standard hentry category-recomendacoes-anamt">
<div class="fusion-post-content post-content"><h2 class="blog-shortcode-post-title entry-title">Recomendação ANAMT nº 03/2020</h2><div class="fusion-post-content-container"><p><a href="https://www.anamt.org.br/portal/wp-content/uploads/2020/03/RECOMENDACAO_3_ANAMT_2020_v1.pdf" target="_blank" rel="noopener">Recomendação ANAMT nº 03/2020</a> – Dispõe sobre decisões médicas frente ao estado de calamidade enquanto durar a epidemia do covid-19.</p>
</div></div><div class="fusion-clearfix"></div></article>
<article id="blog-1-post-39949" class="fusion-post-large post-39949 post type-post status-publish format-standard hentry category-recomendacoes-anamt">
<div class="fusion-post-content post-content"><h2 class="blog-shortcode-post-title entry-title">Recomendação ANAMT nº 02/2020</h2><div class="fusion-post-content-container"><p><a href="https://www.anamt.org.br/portal/wp-content/uploads/2020/03/RECOMENDACAO_2_ANAMT_2020_v1.pdf" target="_blank" rel="noopener">Recomendação ANAMT nº 02/2020</a> – Dispõe sobre conduta emergencial de exceção enquanto durar a epidemia do covid-19</p>
</div></div><div class="fusion-clearfix"></div></article>
<article id="blog-1-post-39927" class="fusion-post-large post-39927 post type-post status-publish format-standard hentry category-recomendacoes-anamt">
<div class="fusion-post-content post-content"><h2 class="blog-shortcode-post-title entry-title">Recomendação ANAMT nº 01/2020</h2><div class="fusion-post-content-container"><p><a href="https://www.anamt.org.br/portal/wp-content/uploads/2020/03/RECOMENDACAO_1_ANAMT_2020_v1.pdf" target="_blank" rel="noopener">Recomendação ANAMT nº 01/2020</a> – Dispõe sobre o atendimento aos trabalhadores com sintomas gripais em face ao curso evolutivo da COVID-19.</p>
</div></div><div class="fusion-clearfix"></div></article>
<article id="blog-1-post-30048" class="fusion-post-large post-30048 post type-post status-publish format-standard hentry category-recomendacoes-anamt">
<div class="fusion-post-content post-content"><h2 class="blog-shortcode-post-title entry-title">Recomendação ANAMT nº 01/2017</h2><div class="fusion-post-content-container"><p><a href="http://www.anamt.org.br/site/upload_arquivos/recomendacoes_da_anamt_13320171038367055475.pdf" target="_blank">Recomendação ANAMT nº 01/2017</a> – Dispõe sobre a Comunicação de Acidente de Trabalho conforme o disposto na Lei no 8.213/1991 e sobre a Notificação Compulsória em Unidades Sentinelas conforme Portarias MS 204 e 205 de fevereiro de 2016.</p>
</div></div><div class="fusion-clearfix"></div></article>
<article id="blog-1-post-30044" class="fusion-post-large post-30044 post type-post status-publish format-standard hentry category-recomendacoes-anamt">
<div class="fusion-post-content post-content"><h2 class="blog-shortcode-post-title entry-title">Recomendação ANAMT nº 1/2016</h2><div class="fusion-post-content-container"><p><a href="http://www.anamt.org.br/site/upload_arquivos/recomendacoes_da_anamt_662016131467055475.pdf" target="_blank">Recomendação ANAMT nº 1/2016</a> – Dispõe sobre a solicitação de exames toxicológicos de larga escala para os motoristas profissionais regulamentada pela Portaria MTPS nº 116 de 13/11/2015 e sobre a conduta do médico do trabalho.</p>
</div></div><div class="fusion-clearfix"></div></article>
</div></div>
<p>&nbsp;</p>
</div>
