{"id":12965,"date":"2017-03-03T13:06:52","date_gmt":"2017-03-03T16:06:52","guid":{"rendered":"https:\/\/www.anamt.org.br\/portal\/?page_id=12965"},"modified":"2023-09-05T18:14:46","modified_gmt":"2023-09-05T21:14:46","slug":"diretrizes","status":"publish","type":"page","link":"https:\/\/www.anamt.org.br\/portal\/diretrizes\/","title":{"rendered":"Diretrizes"},"content":{"rendered":"<p>O N\u00facleo Diretrizes \u00e9 composto por uma <a href=\"https:\/\/www.anamt.org.br\/portal\/diretrizes\/nucleo-diretrizes\/\">equipe profissional qualificada<\/a> que tem por objetivo elaborar Diretrizes T\u00e9cnicas voltadas para a pr\u00e1tica da Medicina do Trabalho baseada em evid\u00eancias cient\u00edficas. O N\u00facleo trabalha em parceria com a Associa\u00e7\u00e3o M\u00e9dica Brasileira (AMB) dentro do Projeto Diretrizes (<a href=\"http:\/\/www.projetodiretrizes.org.br\" target=\"_blank\" rel=\"noopener noreferrer\">www.projetodiretrizes.org.br<\/a>). Em caso de contato direto, encaminhe sua mensagem para <a href=\"mailto:diretrizes@anamt.org.br\">diretrizes@anamt.org.br<\/a>.<\/p>\n<h3>Diretrizes T\u00e9cnicas<\/h3>\n<ul>\n<li>DT01 \u2013 <a href=\"http:\/\/www.anamt.org.br\/site\/upload_arquivos\/diretrizes_tecnicas_anamt_25820161127267055475.pdf\" target=\"_blank\" rel=\"noopener noreferrer\">Epilepsia e Trabalho: Rastreamento<\/a><\/li>\n<li>DT02 \u2013 <a href=\"http:\/\/www.anamt.org.br\/site\/upload_arquivos\/diretrizes_tecnicas_anamt_25820161127477055475.pdf\" target=\"_blank\" rel=\"noopener noreferrer\">Rastreamento de \u00c1lcool e Outras Drogas entre Trabalhadores<\/a><\/li>\n<li>DT03 &#8211; <a href=\"https:\/\/www.anamt.org.br\/portal\/wp-content\/uploads\/2021\/07\/ASMA-E-TRABALHO-PEAK-FLOW-FINAL-12.05.17-.pdf\" target=\"_blank\" rel=\"noopener\">Asma e Trabalho: diagn\u00f3stico por medida seriado do Peak Flow<\/a><\/li>\n<li>DT 04 &#8211; <a href=\"https:\/\/www.anamt.org.br\/portal\/wp-content\/uploads\/2018\/05\/rastreamento_por_eletrocardiograma.pdf\" target=\"_blank\" rel=\"noopener noreferrer\">Rastreamento por Eletrocardiograma: acidentes, morte s\u00fabita, s\u00edncope e trabalho<\/a><\/li>\n<li>DT 05 &#8211; <a href=\"https:\/\/www.anamt.org.br\/portal\/wp-content\/uploads\/2018\/11\/Diretriz-T%C3%A9cnica-sobre-Cinta-Lombar-vers%C3%A3o-consulta-p%C3%BAblica-1.pdf\" target=\"_blank\" rel=\"noopener\">Preven\u00e7\u00e3o de Lombalgia Ocupacional por uso de cinta, suporte ou \u00f3rtese lombar\u00a0<\/a><\/li>\n<li>DT 06 &#8211;\u00a0<a href=\"https:\/\/www.anamt.org.br\/portal\/wp-content\/uploads\/2021\/07\/DEPRESS%C3%83O-EM-MEIO-OCUPACIONAL-FINAL-20.02.19.pdf\" target=\"_blank\" rel=\"noopener\">Depress\u00e3o em Meio Ocupacional: Rastreamento e Tratamento<\/a><\/li>\n<li>DT 07 &#8211;\u00a0<a href=\"https:\/\/www.anamt.org.br\/portal\/wp-content\/uploads\/2021\/07\/VIOL%C3%8ANCIA-NO-TRABALHO-FINAL-01.06.19-.pdf\" target=\"_blank\" rel=\"noopener\">Viol\u00eancia no Trabalho &#8211; Mapeamento Epidemiol\u00f3gico e Interven\u00e7\u00e3o Preventiva<\/a><\/li>\n<\/ul>\n<h3>Sugest\u00e3o de Condutas M\u00e9dicos-Administrativas<\/h3>\n<ul>\n<li><a href=\"http:\/\/www.anamt.org.br\/site\/upload_arquivos\/arquivos_diversos_15122015112327055475.pdf\" target=\"_blank\" rel=\"noopener noreferrer\">SCMA N\u00ba 01 (revogada)<\/a> &#8211; Exames complementares para trabalhadores em trabalho em altura.<\/li>\n<li><a href=\"http:\/\/www.anamt.org.br\/site\/upload_arquivos\/sugestao_de_conduta_131220131223567055475.pdf\" target=\"_blank\" rel=\"noopener noreferrer\">SCMA N\u00ba 02<\/a> &#8211; Atua\u00e7\u00e3o do M\u00e9dico do Trabalho, Coordenador do PCMSO e, ou Encarregado pelos exames do PCMSO, empregado ou ex-epregado da empresa, contratado ou ex-contratado pela empresa, como Assistente T\u00e9cnico.<\/li>\n<li><a href=\"http:\/\/www.anamt.org.br\/site\/upload_arquivos\/sugestao_de_conduta_13122013122424533424.pdf\" target=\"_blank\" rel=\"noopener noreferrer\">SCMA N\u00ba 03<\/a> &#8211; Em rela\u00e7\u00e3o ao controle de trabalhadores expostos a n\u00edveis elevados de press\u00e3o sonora (edi\u00e7\u00e3o 2000).<\/li>\n<li><a href=\"http:\/\/www.anamt.org.br\/site\/upload_arquivos\/sugestao_de_conduta_131220131224497055475.pdf\" target=\"_blank\" rel=\"noopener noreferrer\">SCMA N\u00ba 04<\/a> &#8211; Em rela\u00e7\u00e3o aos dist\u00farbios decorrentes de sobrecarga funcional do sistema m\u00fasculo-ligamentar dos membros superiores (edi\u00e7\u00e3o 04.2000).<\/li>\n<li><a href=\"http:\/\/www.anamt.org.br\/site\/upload_arquivos\/sugestao_de_conduta_13120151011107055475.pdf\" target=\"_blank\" rel=\"noopener noreferrer\">SCMA N\u00ba 05<\/a> &#8211; Elabora\u00e7\u00e3o e desenvolvimento do PCMSO.<\/li>\n<li><a href=\"http:\/\/www.anamt.org.br\/site\/upload_arquivos\/sugestao_de_conduta_13120151011297055475.pdf\" target=\"_blank\" rel=\"noopener noreferrer\">SCMA N\u00ba 06<\/a> &#8211; Atestado de Sa\u00fade Ocupacional (ASO).<\/li>\n<li><a href=\"http:\/\/www.anamt.org.br\/site\/upload_arquivos\/sugestao_de_conduta_13120151011467055475.pdf\" target=\"_blank\" rel=\"noopener noreferrer\">SCMA N\u00ba 07<\/a> &#8211; Em rela\u00e7\u00e3o \u00e0s a\u00e7\u00f5es de promo\u00e7\u00e3o da sa\u00fade.<\/li>\n<li><a href=\"http:\/\/www.anamt.org.br\/site\/upload_arquivos\/sugestao_de_conduta_1312015101207055475.pdf\" target=\"_blank\" rel=\"noopener noreferrer\">SCMA N\u00ba 08<\/a> \u2013 Intera\u00e7\u00e3o do M\u00e9dico do Trabalho com a per\u00edcia da previd\u00eancia social.<\/li>\n<\/ul>\n<h3>Outros documentos<\/h3>\n<ul>\n<li><a href=\"https:\/\/www.anamt.org.br\/portal\/wp-content\/uploads\/2019\/05\/procedimento_de_avalia\u00e7a_clinica_pcd.pdf\">Procedimento de Avalia\u00e7\u00e3o Cl\u00ednica e Funcional da Pessoa com Defici\u00eancia (PcD) para o Trabalho<\/a><br \/>\n<a href=\"https:\/\/www.anamt.org.br\/portal\/wp-content\/uploads\/2019\/05\/procedimento_de_avalia\u00e7a_clinica_pcd_anexoI.pdf\">Anexo I<\/a><\/li>\n<\/ul>\n<h5>Confira tamb\u00e9m:<\/h5>\n<ul>\n<li><a href=\"https:\/\/www.anamt.org.br\/portal\/diretrizes-e-recomendacoes\/nucleo-diretrizes\/\">Conhe\u00e7a os integrantes do N\u00facleo Diretrizes<\/a><\/li>\n<\/ul>\n","protected":false},"excerpt":{"rendered":"<p>O N\u00facleo Diretrizes \u00e9 composto por uma equipe profissional qualificada que tem por objetivo elaborar Diretrizes T\u00e9cnicas voltadas para a pr\u00e1tica da Medicina do Trabalho baseada em evid\u00eancias cient\u00edficas. O N\u00facleo trabalha em parceria com a Associa\u00e7\u00e3o M\u00e9dica Brasileira (AMB) dentro do Projeto Diretrizes (www.projetodiretrizes.org.br). Em caso de contato direto, encaminhe sua mensagem para diretrizes@anamt.org.br. [&hellip;]<\/p>\n","protected":false},"author":1,"featured_media":0,"parent":0,"menu_order":0,"comment_status":"closed","ping_status":"closed","template":"","meta":{"footnotes":""},"_links":{"self":[{"href":"https:\/\/www.anamt.org.br\/portal\/wp-json\/wp\/v2\/pages\/12965"}],"collection":[{"href":"https:\/\/www.anamt.org.br\/portal\/wp-json\/wp\/v2\/pages"}],"about":[{"href":"https:\/\/www.anamt.org.br\/portal\/wp-json\/wp\/v2\/types\/page"}],"author":[{"embeddable":true,"href":"https:\/\/www.anamt.org.br\/portal\/wp-json\/wp\/v2\/users\/1"}],"replies":[{"embeddable":true,"href":"https:\/\/www.anamt.org.br\/portal\/wp-json\/wp\/v2\/comments?post=12965"}],"version-history":[{"count":1,"href":"https:\/\/www.anamt.org.br\/portal\/wp-json\/wp\/v2\/pages\/12965\/revisions"}],"predecessor-version":[{"id":48346,"href":"https:\/\/www.anamt.org.br\/portal\/wp-json\/wp\/v2\/pages\/12965\/revisions\/48346"}],"wp:attachment":[{"href":"https:\/\/www.anamt.org.br\/portal\/wp-json\/wp\/v2\/media?parent=12965"}],"curies":[{"name":"wp","href":"https:\/\/api.w.org\/{rel}","templated":true}]}}

<p>O Núcleo Diretrizes é composto por uma <a href="https://www.anamt.org.br/portal/diretrizes/nucleo-diretrizes/">equipe profissional qualificada</a> que tem por objetivo elaborar Diretrizes Técnicas voltadas para a prática da Medicina do Trabalho baseada em evidências científicas. O Núcleo trabalha em parceria com a Associação Médica Brasileira (AMB) dentro do Projeto Diretrizes (<a href="http://www.projetodiretrizes.org.br" target="_blank" rel="noopener noreferrer">www.projetodiretrizes.org.br</a>). Em caso de contato direto, encaminhe sua mensagem para <a href="mailto:diretrizes@anamt.org.br">diretrizes@anamt.org.br</a>.</p>
<h3>Diretrizes Técnicas</h3>
<ul>
<li>DT01 – <a href="http://www.anamt.org.br/site/upload_arquivos/diretrizes_tecnicas_anamt_25820161127267055475.pdf" target="_blank" rel="noopener noreferrer">Epilepsia e Trabalho: Rastreamento</a></li>
<li>DT02 – <a href="http://www.anamt.org.br/site/upload_arquivos/diretrizes_tecnicas_anamt_25820161127477055475.pdf" target="_blank" rel="noopener noreferrer">Rastreamento de Álcool e Outras Drogas entre Trabalhadores</a></li>
<li>DT03 &#8211; <a href="https://www.anamt.org.br/portal/wp-content/uploads/2021/07/ASMA-E-TRABALHO-PEAK-FLOW-FINAL-12.05.17-.pdf" target="_blank" rel="noopener">Asma e Trabalho: diagnóstico por medida seriado do Peak Flow</a></li>
<li>DT 04 &#8211; <a href="https://www.anamt.org.br/portal/wp-content/uploads/2018/05/rastreamento_por_eletrocardiograma.pdf" target="_blank" rel="noopener noreferrer">Rastreamento por Eletrocardiograma: acidentes, morte súbita, síncope e trabalho</a></li>
<li>DT 05 &#8211; <a href="https://www.anamt.org.br/portal/wp-content/uploads/2018/11/Diretriz-T%C3%A9cnica-sobre-Cinta-Lombar-vers%C3%A3o-consulta-p%C3%BAblica-1.pdf" target="_blank" rel="noopener">Prevenção de Lombalgia Ocupacional por uso de cinta, suporte ou órtese lombar </a></li>
<li>DT 06 &#8211; <a href="https://www.anamt.org.br/portal/wp-content/uploads/2021/07/DEPRESS%C3%83O-EM-MEIO-OCUPACIONAL-FINAL-20.02.19.pdf" target="_blank" rel="noopener">Depressão em Meio Ocupacional: Rastreamento e Tratamento</a></li>
<li>DT 07 &#8211; <a href="https://www.anamt.org.br/portal/wp-content/uploads/2021/07/VIOL%C3%8ANCIA-NO-TRABALHO-FINAL-01.06.19-.pdf" target="_blank" rel="noopener">Violência no Trabalho &#8211; Mapeamento Epidemiológico e Intervenção Preventiva</a></li>
</ul>
<h3>Sugestão de Condutas Médicos-Administrativas</h3>
<ul>
<li><a href="http://www.anamt.org.br/site/upload_arquivos/arquivos_diversos_15122015112327055475.pdf" target="_blank" rel="noopener noreferrer">SCMA Nº 01 (revogada)</a> &#8211; Exames complementares para trabalhadores em trabalho em altura.</li>
<li><a href="http://www.anamt.org.br/site/upload_arquivos/sugestao_de_conduta_131220131223567055475.pdf" target="_blank" rel="noopener noreferrer">SCMA Nº 02</a> &#8211; Atuação do Médico do Trabalho, Coordenador do PCMSO e, ou Encarregado pelos exames do PCMSO, empregado ou ex-epregado da empresa, contratado ou ex-contratado pela empresa, como Assistente Técnico.</li>
<li><a href="http://www.anamt.org.br/site/upload_arquivos/sugestao_de_conduta_13122013122424533424.pdf" target="_blank" rel="noopener noreferrer">SCMA Nº 03</a> &#8211; Em relação ao controle de trabalhadores expostos a níveis elevados de pressão sonora (edição 2000).</li>
<li><a href="http://www.anamt.org.br/site/upload_arquivos/sugestao_de_conduta_131220131224497055475.pdf" target="_blank" rel="noopener noreferrer">SCMA Nº 04</a> &#8211; Em relação aos distúrbios decorrentes de sobrecarga funcional do sistema músculo-ligamentar dos membros superiores (edição 04.2000).</li>
<li><a href="http://www.anamt.org.br/site/upload_arquivos/sugestao_de_conduta_13120151011107055475.pdf" target="_blank" rel="noopener noreferrer">SCMA Nº 05</a> &#8211; Elaboração e desenvolvimento do PCMSO.</li>
<li><a href="http://www.anamt.org.br/site/upload_arquivos/sugestao_de_conduta_13120151011297055475.pdf" target="_blank" rel="noopener noreferrer">SCMA Nº 06</a> &#8211; Atestado de Saúde Ocupacional (ASO).</li>
<li><a href="http://www.anamt.org.br/site/upload_arquivos/sugestao_de_conduta_13120151011467055475.pdf" target="_blank" rel="noopener noreferrer">SCMA Nº 07</a> &#8211; Em relação às ações de promoção da saúde.</li>
<li><a href="http://www.anamt.org.br/site/upload_arquivos/sugestao_de_conduta_1312015101207055475.pdf" target="_blank" rel="noopener noreferrer">SCMA Nº 08</a> – Interação do Médico do Trabalho com a perícia da previdência social.</li>
</ul>
<h3>Outros documentos</h3>
<ul>
<li><a href="https://www.anamt.org.br/portal/wp-content/uploads/2019/05/procedimento_de_avaliaça_clinica_pcd.pdf">Procedimento de Avaliação Clínica e Funcional da Pessoa com Deficiência (PcD) para o Trabalho</a><br />
<a href="https://www.anamt.org.br/portal/wp-content/uploads/2019/05/procedimento_de_avaliaça_clinica_pcd_anexoI.pdf">Anexo I</a></li>
</ul>
<h5>Confira também:</h5>
<ul>
<li><a href="https://www.anamt.org.br/portal/diretrizes-e-recomendacoes/nucleo-diretrizes/">Conheça os integrantes do Núcleo Diretrizes</a></li>
</ul>

<p>O Núcleo Diretrizes é composto por uma equipe profissional qualificada que tem por objetivo elaborar Diretrizes Técnicas voltadas para a prática da Medicina do Trabalho baseada em evidências científicas. O Núcleo trabalha em parceria com a Associação Médica Brasileira (AMB) dentro do Projeto Diretrizes (www.projetodiretrizes.org.br). Em caso de contato direto, encaminhe sua mensagem para diretrizes@anamt.org.br. [&hellip;]</p>
