{"id":12951,"date":"2017-03-03T12:37:30","date_gmt":"2017-03-03T15:37:30","guid":{"rendered":"https:\/\/www.anamt.org.br\/portal\/?page_id=12951"},"modified":"2017-03-03T12:44:06","modified_gmt":"2017-03-03T15:44:06","slug":"codigos","status":"publish","type":"page","link":"https:\/\/www.anamt.org.br\/portal\/codigos\/","title":{"rendered":"C\u00f3digos"},"content":{"rendered":"<p><!--[anamt_busca categoria=\"codigos\"]\n\n[fusion_separator style_type=\"single|solid\" hide_on_mobile=\"small-visibility,medium-visibility,large-visibility\" class=\"\" id=\"\" sep_color=\"#aaa9a9\" top_margin=\"15px\" bottom_margin=\"15px\" border_size=\"\" icon=\"\" icon_circle=\"\" icon_circle_color=\"\" width=\"\" alignment=\"center\"][\/fusion_separator]--><\/p>\n<div id=\"pratica-medica\">\n<div class=\"fusion-blog-shortcode fusion-blog-shortcode-1 fusion-blog-archive fusion-blog-layout-large fusion-blog-pagination fusion-blog-no-images\"><div class=\"fusion-posts-container fusion-posts-container-pagination fusion-no-meta-info\" data-pages=\"1\"><article id=\"blog-1-post-12403\" class=\"fusion-post-large post-12403 post type-post status-publish format-standard hentry category-codigos\">\n<div class=\"fusion-post-content post-content\"><h2 class=\"blog-shortcode-post-title entry-title\">C\u00f3digo Internacional de \u00c9tica para os profissionais de Sa\u00fade no Trabalho<\/h2><div class=\"fusion-post-content-container\"><p><a href=\"http:\/\/www.anamt.org.br\/site\/upload_arquivos\/legislacao_-_cogidos_19122013850177055475.pdf\" target=\"_blank\">Clique aqui para baixar o documento<\/a><\/p>\n<\/div><\/div><div class=\"fusion-clearfix\"><\/div><\/article>\n<article id=\"blog-1-post-12401\" class=\"fusion-post-large post-12401 post type-post status-publish format-standard hentry category-codigos\">\n<div class=\"fusion-post-content post-content\"><h2 class=\"blog-shortcode-post-title entry-title\">C\u00f3digo de Conduta do M\u00e9dico do Trabalho<\/h2><div class=\"fusion-post-content-container\"><p><a href=\"http:\/\/www.anamt.org.br\/site\/upload_arquivos\/legislacao_-_cogidos_19122013849447055475.pdf\" target=\"_blank\">Clique aqui para baixar o documento<\/a><\/p>\n<\/div><\/div><div class=\"fusion-clearfix\"><\/div><\/article>\n<article id=\"blog-1-post-12399\" class=\"fusion-post-large post-12399 post type-post status-publish format-standard hentry category-codigos\">\n<div class=\"fusion-post-content post-content\"><h2 class=\"blog-shortcode-post-title entry-title\">C\u00f3digo de \u00c9tica M\u00e9dica<\/h2><div class=\"fusion-post-content-container\"><p><a href=\"http:\/\/www.portalmedico.org.br\/novocodigo\/integra.asp\" target=\"_blank\">Clique aqui para baixar o documento<\/a><\/p>\n<\/div><\/div><div class=\"fusion-clearfix\"><\/div><\/article>\n<\/div><\/div>\n<p>&nbsp;<\/p>\n<\/div>\n","protected":false},"excerpt":{"rendered":"<p>&nbsp;<\/p>\n","protected":false},"author":1,"featured_media":0,"parent":0,"menu_order":0,"comment_status":"closed","ping_status":"closed","template":"","meta":{"footnotes":""},"_links":{"self":[{"href":"https:\/\/www.anamt.org.br\/portal\/wp-json\/wp\/v2\/pages\/12951"}],"collection":[{"href":"https:\/\/www.anamt.org.br\/portal\/wp-json\/wp\/v2\/pages"}],"about":[{"href":"https:\/\/www.anamt.org.br\/portal\/wp-json\/wp\/v2\/types\/page"}],"author":[{"embeddable":true,"href":"https:\/\/www.anamt.org.br\/portal\/wp-json\/wp\/v2\/users\/1"}],"replies":[{"embeddable":true,"href":"https:\/\/www.anamt.org.br\/portal\/wp-json\/wp\/v2\/comments?post=12951"}],"version-history":[{"count":0,"href":"https:\/\/www.anamt.org.br\/portal\/wp-json\/wp\/v2\/pages\/12951\/revisions"}],"wp:attachment":[{"href":"https:\/\/www.anamt.org.br\/portal\/wp-json\/wp\/v2\/media?parent=12951"}],"curies":[{"name":"wp","href":"https:\/\/api.w.org\/{rel}","templated":true}]}}