{"id":12371,"date":"2017-02-23T09:37:35","date_gmt":"2017-02-23T12:37:35","guid":{"rendered":"https:\/\/www.anamt.org.br\/portal\/?page_id=12371"},"modified":"2017-02-23T09:38:03","modified_gmt":"2017-02-23T12:38:03","slug":"textos-e-livros-didaticos","status":"publish","type":"page","link":"https:\/\/www.anamt.org.br\/portal\/sugestoes-de-leitura\/textos-e-livros-didaticos\/","title":{"rendered":"Textos e livros did\u00e1ticos"},"content":{"rendered":"<ul>\n<li>Mendes, R. <strong>Patologia do Trabalho.<\/strong> 3\u00aa edi\u00e7\u00e3o. 2 volumes. Editora Atheneu. Rio de Janeiro: 2013<\/li>\n<li>Dejours, C. <strong>A Loucura do Trabalho: Estudo de Psicopatologia do Trabalho.<\/strong><\/li>\n<li>Manuais de Legisla\u00e7\u00e3o Atlas. <strong>Seguran\u00e7a e Medicina do Trabalho \u2013 Normas Regulamentadoras. <\/strong>Editora Atlas, S\u00e3o Paulo: 2014.<\/li>\n<li>Couto, H. A. \u2013 <strong>Como Instituir a Ergonomia na Empresa: a pr\u00e1tica dos comit\u00eas de ergonomia.<\/strong> 2\u00ba Edi\u00e7\u00e3o. Belo Horizonte, Ergo Editora, 2011.<\/li>\n<li>Couto, H. A. \u2013 <strong>Novas Perspectivas na Abordagem Preventiva das LER\/DORT. O fen\u00f4meno LER\/DORT no Brasil: Natureza, Determinantes e Alternativas das Organiza\u00e7\u00f5es e dos Demais Atores Sociais para lidar com a Quest\u00e3o<\/strong>. Belo Horizonte: UFMG\/FACE: 2000.<\/li>\n<li>ANAMT\/Departamento Cient\u00edfico da Associa\u00e7\u00e3o M\u00e9dica Brasileira. <strong>Guia para a Vacina\u00e7\u00e3o de Trabalhadores Adultos Saud\u00e1veis.<\/strong> Editores: Arlindo Gomes e Paulo Soares Azevedo. Anamt: 2006.<\/li>\n<li>Abresst. SESI. Refer\u00eancia T\u00e9cnica:<strong> Exames M\u00e9dicos previstos no Programa de Controle M\u00e9dico de Sa\u00fade Ocupacional.<\/strong> Coordena\u00e7\u00e3o T\u00e9cnica: Mario Bonciani, Zuher Handar e Newton Dias Lara. SES\/SP e ABRESST. S\u00e3o Paulo: 2007.<\/li>\n<li>Burgess, W.A. &#8211;<strong> Identifica\u00e7\u00e3o de Poss\u00edveis Riscos \u00e0 Sa\u00fade do Trabalhador nos Diversos Processos Industriais.<\/strong> [Tradu\u00e7\u00e3o da 2\u00aa ed. Norte-Americana, por Ricardo Baptista]. Belo Horizonte: Ergo Editora, 1997.<\/li>\n<li>Marano V. P. Medicina do Trabalho \u2013 <strong>Controles M\u00e9dicos, Provas Funcionais.<\/strong> 5\u00ba Edi\u00e7\u00e3o. Editora LTr. S\u00e3o Paulo: 2010.<\/li>\n<li>Ferreira Jr., M. (Ed.) &#8211; <strong>Sa\u00fade no Trabalho: Temas B\u00e1sicos Para o Profissional Que Cuida da Sa\u00fade dos Trabalhadores.<\/strong> S\u00e3o Paulo, Roca, 2000.<\/li>\n<li>Oliveira, S. G. \u2013 <strong>Prote\u00e7\u00e3o Jur\u00eddica \u00e0 Sa\u00fade do Trabalhador.<\/strong> 6\u00aa Edi\u00e7\u00e3o. Editora LTr.S\u00e3o Paulo: 2011.<\/li>\n<li>Oliveira, S. G. \u2013 <strong>Indeniza\u00e7\u00f5es por Acidente do Trabalho ou Doen\u00e7a Ocupacional.<\/strong> 6\u00ba Edi\u00e7\u00e3o. Editora LTr. S\u00e3o Paulo: 2011.<\/li>\n<li>Buono Neto, A. &amp; Buono, E.A. &#8211; <strong>Per\u00edcias Judiciais na Medicina do Trabalho. <\/strong>3\u00aa Edi\u00e7\u00e3o Revista e Ampliada. Editora LTr. S\u00e3o Paulo: 2008.<\/li>\n<li>Camargo, Du\u00edlio Antero \u2013<strong> Psiquiatria Ocupacional: aspectos conceituais, diagn\u00f3sticos e pericias dos transtornos mentais e do comportamento relacionados ao trabalho.<\/strong> Editora Atheneu. S\u00e3o Paulo: 2010.<\/li>\n<li>Glina DMR, Rocha LE (organizadores). <strong>Sa\u00fade mental no trabalho: da teoria \u00e0 pr\u00e1tica.<\/strong> S\u00e3o Paulo: Roca; 2010.<\/li>\n<li>Fischer, F. M.; Moreno, C. R. C. ; Rotenberg, L. (organizadores). <strong>Trabalho em turnos e noturno na sociedade 24 horas.<\/strong> 1. ed. Rio de Janeiro: Atheneu, 2004.<\/li>\n<li>Silva, Jos\u00e9 Ant\u00f4nio Ribeiro Oliveira. <strong>Acidente do trabalho &#8211; Respondabilidade objetiva do empregador.<\/strong>3 ed. Editora LTR<\/li>\n<\/ul>\n","protected":false},"excerpt":{"rendered":"<p>Mendes, R. Patologia do Trabalho. 3\u00aa edi\u00e7\u00e3o. 2 volumes. Editora Atheneu. Rio de Janeiro: 2013 Dejours, C. A Loucura do Trabalho: Estudo de Psicopatologia do Trabalho. Manuais de Legisla\u00e7\u00e3o Atlas. Seguran\u00e7a e Medicina do Trabalho \u2013 Normas Regulamentadoras. Editora Atlas, S\u00e3o Paulo: 2014. Couto, H. A. \u2013 Como Instituir a Ergonomia na Empresa: a pr\u00e1tica [&hellip;]<\/p>\n","protected":false},"author":1,"featured_media":0,"parent":12332,"menu_order":0,"comment_status":"closed","ping_status":"closed","template":"","meta":{"footnotes":""},"_links":{"self":[{"href":"https:\/\/www.anamt.org.br\/portal\/wp-json\/wp\/v2\/pages\/12371"}],"collection":[{"href":"https:\/\/www.anamt.org.br\/portal\/wp-json\/wp\/v2\/pages"}],"about":[{"href":"https:\/\/www.anamt.org.br\/portal\/wp-json\/wp\/v2\/types\/page"}],"author":[{"embeddable":true,"href":"https:\/\/www.anamt.org.br\/portal\/wp-json\/wp\/v2\/users\/1"}],"replies":[{"embeddable":true,"href":"https:\/\/www.anamt.org.br\/portal\/wp-json\/wp\/v2\/comments?post=12371"}],"version-history":[{"count":0,"href":"https:\/\/www.anamt.org.br\/portal\/wp-json\/wp\/v2\/pages\/12371\/revisions"}],"up":[{"embeddable":true,"href":"https:\/\/www.anamt.org.br\/portal\/wp-json\/wp\/v2\/pages\/12332"}],"wp:attachment":[{"href":"https:\/\/www.anamt.org.br\/portal\/wp-json\/wp\/v2\/media?parent=12371"}],"curies":[{"name":"wp","href":"https:\/\/api.w.org\/{rel}","templated":true}]}}

Textos e livros didáticos

<ul>
<li>Mendes, R. <strong>Patologia do Trabalho.</strong> 3ª edição. 2 volumes. Editora Atheneu. Rio de Janeiro: 2013</li>
<li>Dejours, C. <strong>A Loucura do Trabalho: Estudo de Psicopatologia do Trabalho.</strong></li>
<li>Manuais de Legislação Atlas. <strong>Segurança e Medicina do Trabalho – Normas Regulamentadoras. </strong>Editora Atlas, São Paulo: 2014.</li>
<li>Couto, H. A. – <strong>Como Instituir a Ergonomia na Empresa: a prática dos comitês de ergonomia.</strong> 2º Edição. Belo Horizonte, Ergo Editora, 2011.</li>
<li>Couto, H. A. – <strong>Novas Perspectivas na Abordagem Preventiva das LER/DORT. O fenômeno LER/DORT no Brasil: Natureza, Determinantes e Alternativas das Organizações e dos Demais Atores Sociais para lidar com a Questão</strong>. Belo Horizonte: UFMG/FACE: 2000.</li>
<li>ANAMT/Departamento Científico da Associação Médica Brasileira. <strong>Guia para a Vacinação de Trabalhadores Adultos Saudáveis.</strong> Editores: Arlindo Gomes e Paulo Soares Azevedo. Anamt: 2006.</li>
<li>Abresst. SESI. Referência Técnica:<strong> Exames Médicos previstos no Programa de Controle Médico de Saúde Ocupacional.</strong> Coordenação Técnica: Mario Bonciani, Zuher Handar e Newton Dias Lara. SES/SP e ABRESST. São Paulo: 2007.</li>
<li>Burgess, W.A. &#8211;<strong> Identificação de Possíveis Riscos à Saúde do Trabalhador nos Diversos Processos Industriais.</strong> [Tradução da 2ª ed. Norte-Americana, por Ricardo Baptista]. Belo Horizonte: Ergo Editora, 1997.</li>
<li>Marano V. P. Medicina do Trabalho – <strong>Controles Médicos, Provas Funcionais.</strong> 5º Edição. Editora LTr. São Paulo: 2010.</li>
<li>Ferreira Jr., M. (Ed.) &#8211; <strong>Saúde no Trabalho: Temas Básicos Para o Profissional Que Cuida da Saúde dos Trabalhadores.</strong> São Paulo, Roca, 2000.</li>
<li>Oliveira, S. G. – <strong>Proteção Jurídica à Saúde do Trabalhador.</strong> 6ª Edição. Editora LTr.São Paulo: 2011.</li>
<li>Oliveira, S. G. – <strong>Indenizações por Acidente do Trabalho ou Doença Ocupacional.</strong> 6º Edição. Editora LTr. São Paulo: 2011.</li>
<li>Buono Neto, A. &amp; Buono, E.A. &#8211; <strong>Perícias Judiciais na Medicina do Trabalho. </strong>3ª Edição Revista e Ampliada. Editora LTr. São Paulo: 2008.</li>
<li>Camargo, Duílio Antero –<strong> Psiquiatria Ocupacional: aspectos conceituais, diagnósticos e pericias dos transtornos mentais e do comportamento relacionados ao trabalho.</strong> Editora Atheneu. São Paulo: 2010.</li>
<li>Glina DMR, Rocha LE (organizadores). <strong>Saúde mental no trabalho: da teoria à prática.</strong> São Paulo: Roca; 2010.</li>
<li>Fischer, F. M.; Moreno, C. R. C. ; Rotenberg, L. (organizadores). <strong>Trabalho em turnos e noturno na sociedade 24 horas.</strong> 1. ed. Rio de Janeiro: Atheneu, 2004.</li>
<li>Silva, José Antônio Ribeiro Oliveira. <strong>Acidente do trabalho &#8211; Respondabilidade objetiva do empregador.</strong>3 ed. Editora LTR</li>
</ul>

<p>Mendes, R. Patologia do Trabalho. 3ª edição. 2 volumes. Editora Atheneu. Rio de Janeiro: 2013 Dejours, C. A Loucura do Trabalho: Estudo de Psicopatologia do Trabalho. Manuais de Legislação Atlas. Segurança e Medicina do Trabalho – Normas Regulamentadoras. Editora Atlas, São Paulo: 2014. Couto, H. A. – Como Instituir a Ergonomia na Empresa: a prática [&hellip;]</p>
