{"id":12366,"date":"2017-02-23T09:28:43","date_gmt":"2017-02-23T12:28:43","guid":{"rendered":"https:\/\/www.anamt.org.br\/portal\/?page_id=12366"},"modified":"2017-07-26T16:58:28","modified_gmt":"2017-07-26T19:58:28","slug":"documentos-de-referencia","status":"publish","type":"page","link":"https:\/\/www.anamt.org.br\/portal\/sugestoes-de-leitura\/documentos-de-referencia\/","title":{"rendered":"Documentos de refer\u00eancia"},"content":{"rendered":"<ul>\n<li><a href=\"http:\/\/www.flip3d.com.br\/web\/pub\/cfm\/index10\/?numero=12\" target=\"_blank\" rel=\"noopener noreferrer\">Demografia M\u00e9dica no Brasil 2015 (pesquisa elaborada pelo Departamento de Medicina Preventiva da Faculdade de Medicina da Universidade de S\u00e3o Paulo &#8211; FMUSP)<\/a><\/li>\n<li><a href=\"http:\/\/www.anamt.org.br\/site\/upload_arquivos\/legislacao_2015_251120151338147055475.pdf\" target=\"_blank\" rel=\"noopener noreferrer\">Guia de Nanotecnologia para Trabalhadores (apostila elaborada pela IIEP)<\/a><\/li>\n<li><a href=\"http:\/\/www.anamt.org.br\/site\/upload_arquivos\/sugestoes_de_leitura_17122013112017055475.pdf\" target=\"_blank\" rel=\"noopener noreferrer\">Ambientes de trabalho saud\u00e1veis: Um modelo para a\u00e7\u00e3o (WHO Healthy Workplace Framework: Background and Supporting Literature and Practices)<\/a><\/li>\n<li><a href=\"http:\/\/www.anamt.org.br\/site\/upload_arquivos\/sugestoes_de_leitura_17122013112940533424.pdf\" target=\"_blank\" rel=\"noopener noreferrer\">A Inclus\u00e3o das Pessoas com Defici\u00eancia no Mercado de Trabalho<\/a><\/li>\n<li><a href=\"http:\/\/www.anamt.org.br\/site\/pagina_geral.aspx?pagid=98\" target=\"_blank\" rel=\"noopener noreferrer\">A Inclus\u00e3o das Pessoas com defici\u00eancia &#8211; O papel dos m\u00e9dicos do trabalho e outros profisisonais de sa\u00fade e seguran\u00e7a<\/a><\/li>\n<li><a href=\"http:\/\/www.anamt.org.br\/site\/upload_arquivos\/sugestoes_de_leitura_17122013112044533424.pdf\" target=\"_blank\" rel=\"noopener noreferrer\">Benzeno (apostila elaborada pela Fundacentro)<\/a><\/li>\n<li><a href=\"http:\/\/www.anamt.org.br\/site\/upload_arquivos\/documentos_2412201387427055475.pdf\" target=\"_blank\" rel=\"noopener noreferrer\">C\u00f3digo Internacional de \u00c9tica Para os Profissionais de Sa\u00fade no Trabalho da ICOH<\/a><\/li>\n<li>Doen\u00e7as Relacionadas ao Trabalho: Manual de Procedimentos para os Servi\u00e7os de Sa\u00fade\u00a0&#8211; <a href=\"http:\/\/bvsms.saude.gov.br\/bvs\/publicacoes\/doencas_relacionadas_trabalho1.pdf\" target=\"_blank\" rel=\"noopener noreferrer\">parte 1<\/a> e <a href=\"http:\/\/bvsms.saude.gov.br\/bvs\/publicacoes\/doencas_relacionadas_trabalho2.pdf\" target=\"_blank\" rel=\"noopener noreferrer\">parte 2<\/a><\/li>\n<li><a href=\"http:\/\/www.anamt.org.br\/site\/upload_arquivos\/arquivos_diversos_2052014132387055475.pdf\" target=\"_blank\" rel=\"noopener noreferrer\">Forma\u00e7\u00e3o, educa\u00e7\u00e3o continuada e certifica\u00e7\u00e3o em Medicina do Trabalho: uma proposta orientada pelas compet\u00eancias requeridas para o exerc\u00edcio profissional<\/a><\/li>\n<li><a href=\"http:\/\/www.anamt.org.br\/site\/upload_arquivos\/sugestoes_de_leitura_1072014917587055475.pdf\" target=\"_blank\" rel=\"noopener noreferrer\">Fonaudiologia na Sa\u00fade do Trabalhador &#8211; Reflex\u00f5es sobre a vigil\u00e2ncia da sa\u00fade auditiva na sa\u00fade do trabalhador<\/a><\/li>\n<li><a href=\"http:\/\/www.anamt.org.br\/site\/upload_arquivos\/sugestoes_de_leitura_171220131126567055475.pdf\" target=\"_blank\" rel=\"noopener noreferrer\">Guia Pr\u00e1tico de Vacina\u00e7\u00e3o Ocupacional<\/a><\/li>\n<li><a href=\"http:\/\/www.anamt.org.br\/site\/upload_arquivos\/sugestoes_de_leitura_3420141148287055475.pdf\" target=\"_blank\" rel=\"noopener noreferrer\">Manual de Orienta\u00e7\u00e3o sobre controle m\u00e9dico ocupacional da exposi\u00e7\u00e3o a subst\u00e2ncias qu\u00edmicas<\/a><\/li>\n<li><a href=\"http:\/\/whqlibdoc.who.int\/publications\/2011\/9788577102488_por.pdf\" target=\"_blank\" rel=\"noopener noreferrer\">Orienta\u00e7\u00e3o do Modelo Europeu para a Gest\u00e3o de Riscos Psicossociais: Um Recurso para Empregadores e Representantes dos Trabalhadores<\/a><\/li>\n<li><a href=\"http:\/\/www.anamt.org.br\/site\/upload_arquivos\/sugestoes_de_leitura_171220131134537055475.pdf\" target=\"_blank\" rel=\"noopener noreferrer\">Pol\u00edtica Nacional de Seguran\u00e7a e Sa\u00fade do Trabalhador &#8211; Veja na \u00edntegra<\/a><\/li>\n<li><a href=\"http:\/\/www.anamt.org.br\/site\/upload_arquivos\/arquivos_diversos_2102014153407055475.pdf\" target=\"_blank\" rel=\"noopener noreferrer\">Plano Nacional de Sa\u00fade e Seguran\u00e7a no Trabalho<\/a><\/li>\n<li><a href=\"http:\/\/www.fundacentro.gov.br\/rbso\/inicio\" target=\"_blank\" rel=\"noopener noreferrer\">Revista Brasileira de Sa\u00fade Ocupacional<\/a><\/li>\n<li><a href=\"http:\/\/www.facmed.unam.mx\/deptos\/salud\/censenanza\/spivst\/spiv\/indexoit.htm\" target=\"_blank\" rel=\"noopener noreferrer\">OIT &#8211; Enciclopedia de Salud y Seguridad en el Trabajo<\/a><\/li>\n<li><a href=\"https:\/\/osha.europa.eu\/en\/publications\/reports\/priorities-for-occupational-safety-and-health-research-in-europe-2013-2020\" target=\"_blank\" rel=\"noopener noreferrer\">Priorities for occupational safety and health research in Europe: 2013-2020<\/a><\/li>\n<li><a href=\"http:\/\/www.anamt.org.br\/site\/upload_arquivos\/arquivos_diversos_11420141031347055475.pdf\" target=\"_blank\" rel=\"noopener noreferrer\">Safety and Health in the use of Chemicals at Work<\/a> &#8211; Documento da OIT em ingl\u00eas sobre o uso de produtos qu\u00edmicos no ambiente de trabalho.<\/li>\n<\/ul>\n","protected":false},"excerpt":{"rendered":"<p>Demografia M\u00e9dica no Brasil 2015 (pesquisa elaborada pelo Departamento de Medicina Preventiva da Faculdade de Medicina da Universidade de S\u00e3o Paulo &#8211; FMUSP) Guia de Nanotecnologia para Trabalhadores (apostila elaborada pela IIEP) Ambientes de trabalho saud\u00e1veis: Um modelo para a\u00e7\u00e3o (WHO Healthy Workplace Framework: Background and Supporting Literature and Practices) A Inclus\u00e3o das Pessoas com [&hellip;]<\/p>\n","protected":false},"author":1,"featured_media":0,"parent":12332,"menu_order":0,"comment_status":"closed","ping_status":"closed","template":"","meta":{"footnotes":""},"_links":{"self":[{"href":"https:\/\/www.anamt.org.br\/portal\/wp-json\/wp\/v2\/pages\/12366"}],"collection":[{"href":"https:\/\/www.anamt.org.br\/portal\/wp-json\/wp\/v2\/pages"}],"about":[{"href":"https:\/\/www.anamt.org.br\/portal\/wp-json\/wp\/v2\/types\/page"}],"author":[{"embeddable":true,"href":"https:\/\/www.anamt.org.br\/portal\/wp-json\/wp\/v2\/users\/1"}],"replies":[{"embeddable":true,"href":"https:\/\/www.anamt.org.br\/portal\/wp-json\/wp\/v2\/comments?post=12366"}],"version-history":[{"count":0,"href":"https:\/\/www.anamt.org.br\/portal\/wp-json\/wp\/v2\/pages\/12366\/revisions"}],"up":[{"embeddable":true,"href":"https:\/\/www.anamt.org.br\/portal\/wp-json\/wp\/v2\/pages\/12332"}],"wp:attachment":[{"href":"https:\/\/www.anamt.org.br\/portal\/wp-json\/wp\/v2\/media?parent=12366"}],"curies":[{"name":"wp","href":"https:\/\/api.w.org\/{rel}","templated":true}]}}

Documentos de referência

<ul>
<li><a href="http://www.flip3d.com.br/web/pub/cfm/index10/?numero=12" target="_blank" rel="noopener noreferrer">Demografia Médica no Brasil 2015 (pesquisa elaborada pelo Departamento de Medicina Preventiva da Faculdade de Medicina da Universidade de São Paulo &#8211; FMUSP)</a></li>
<li><a href="http://www.anamt.org.br/site/upload_arquivos/legislacao_2015_251120151338147055475.pdf" target="_blank" rel="noopener noreferrer">Guia de Nanotecnologia para Trabalhadores (apostila elaborada pela IIEP)</a></li>
<li><a href="http://www.anamt.org.br/site/upload_arquivos/sugestoes_de_leitura_17122013112017055475.pdf" target="_blank" rel="noopener noreferrer">Ambientes de trabalho saudáveis: Um modelo para ação (WHO Healthy Workplace Framework: Background and Supporting Literature and Practices)</a></li>
<li><a href="http://www.anamt.org.br/site/upload_arquivos/sugestoes_de_leitura_17122013112940533424.pdf" target="_blank" rel="noopener noreferrer">A Inclusão das Pessoas com Deficiência no Mercado de Trabalho</a></li>
<li><a href="http://www.anamt.org.br/site/pagina_geral.aspx?pagid=98" target="_blank" rel="noopener noreferrer">A Inclusão das Pessoas com deficiência &#8211; O papel dos médicos do trabalho e outros profisisonais de saúde e segurança</a></li>
<li><a href="http://www.anamt.org.br/site/upload_arquivos/sugestoes_de_leitura_17122013112044533424.pdf" target="_blank" rel="noopener noreferrer">Benzeno (apostila elaborada pela Fundacentro)</a></li>
<li><a href="http://www.anamt.org.br/site/upload_arquivos/documentos_2412201387427055475.pdf" target="_blank" rel="noopener noreferrer">Código Internacional de Ética Para os Profissionais de Saúde no Trabalho da ICOH</a></li>
<li>Doenças Relacionadas ao Trabalho: Manual de Procedimentos para os Serviços de Saúde &#8211; <a href="http://bvsms.saude.gov.br/bvs/publicacoes/doencas_relacionadas_trabalho1.pdf" target="_blank" rel="noopener noreferrer">parte 1</a> e <a href="http://bvsms.saude.gov.br/bvs/publicacoes/doencas_relacionadas_trabalho2.pdf" target="_blank" rel="noopener noreferrer">parte 2</a></li>
<li><a href="http://www.anamt.org.br/site/upload_arquivos/arquivos_diversos_2052014132387055475.pdf" target="_blank" rel="noopener noreferrer">Formação, educação continuada e certificação em Medicina do Trabalho: uma proposta orientada pelas competências requeridas para o exercício profissional</a></li>
<li><a href="http://www.anamt.org.br/site/upload_arquivos/sugestoes_de_leitura_1072014917587055475.pdf" target="_blank" rel="noopener noreferrer">Fonaudiologia na Saúde do Trabalhador &#8211; Reflexões sobre a vigilância da saúde auditiva na saúde do trabalhador</a></li>
<li><a href="http://www.anamt.org.br/site/upload_arquivos/sugestoes_de_leitura_171220131126567055475.pdf" target="_blank" rel="noopener noreferrer">Guia Prático de Vacinação Ocupacional</a></li>
<li><a href="http://www.anamt.org.br/site/upload_arquivos/sugestoes_de_leitura_3420141148287055475.pdf" target="_blank" rel="noopener noreferrer">Manual de Orientação sobre controle médico ocupacional da exposição a substâncias químicas</a></li>
<li><a href="http://whqlibdoc.who.int/publications/2011/9788577102488_por.pdf" target="_blank" rel="noopener noreferrer">Orientação do Modelo Europeu para a Gestão de Riscos Psicossociais: Um Recurso para Empregadores e Representantes dos Trabalhadores</a></li>
<li><a href="http://www.anamt.org.br/site/upload_arquivos/sugestoes_de_leitura_171220131134537055475.pdf" target="_blank" rel="noopener noreferrer">Política Nacional de Segurança e Saúde do Trabalhador &#8211; Veja na íntegra</a></li>
<li><a href="http://www.anamt.org.br/site/upload_arquivos/arquivos_diversos_2102014153407055475.pdf" target="_blank" rel="noopener noreferrer">Plano Nacional de Saúde e Segurança no Trabalho</a></li>
<li><a href="http://www.fundacentro.gov.br/rbso/inicio" target="_blank" rel="noopener noreferrer">Revista Brasileira de Saúde Ocupacional</a></li>
<li><a href="http://www.facmed.unam.mx/deptos/salud/censenanza/spivst/spiv/indexoit.htm" target="_blank" rel="noopener noreferrer">OIT &#8211; Enciclopedia de Salud y Seguridad en el Trabajo</a></li>
<li><a href="https://osha.europa.eu/en/publications/reports/priorities-for-occupational-safety-and-health-research-in-europe-2013-2020" target="_blank" rel="noopener noreferrer">Priorities for occupational safety and health research in Europe: 2013-2020</a></li>
<li><a href="http://www.anamt.org.br/site/upload_arquivos/arquivos_diversos_11420141031347055475.pdf" target="_blank" rel="noopener noreferrer">Safety and Health in the use of Chemicals at Work</a> &#8211; Documento da OIT em inglês sobre o uso de produtos químicos no ambiente de trabalho.</li>
</ul>

<p>Demografia Médica no Brasil 2015 (pesquisa elaborada pelo Departamento de Medicina Preventiva da Faculdade de Medicina da Universidade de São Paulo &#8211; FMUSP) Guia de Nanotecnologia para Trabalhadores (apostila elaborada pela IIEP) Ambientes de trabalho saudáveis: Um modelo para ação (WHO Healthy Workplace Framework: Background and Supporting Literature and Practices) A Inclusão das Pessoas com [&hellip;]</p>
