{"id":12278,"date":"2017-02-22T10:19:37","date_gmt":"2017-02-22T13:19:37","guid":{"rendered":"https:\/\/www.anamt.org.br\/portal\/?page_id=12278"},"modified":"2024-03-12T17:15:12","modified_gmt":"2024-03-12T20:15:12","slug":"titulo-de-especialista-em-medicina-do-trabalho","status":"publish","type":"page","link":"https:\/\/www.anamt.org.br\/portal\/titulo-de-especialista-em-medicina-do-trabalho\/","title":{"rendered":"T\u00edtulo de Especialista em Medicina do Trabalho"},"content":{"rendered":"<p><img decoding=\"async\" class=\"aligncenter wp-image-49669 size-fusion-600\" src=\"https:\/\/www.anamt.org.br\/portal\/wp-content\/uploads\/2024\/03\/WhatsApp-Image-2023-11-26-at-09.12.45-600x450.jpeg\" alt=\"\" width=\"600\" height=\"450\" srcset=\"https:\/\/www.anamt.org.br\/portal\/wp-content\/uploads\/2024\/03\/WhatsApp-Image-2023-11-26-at-09.12.45-200x150.jpeg 200w, https:\/\/www.anamt.org.br\/portal\/wp-content\/uploads\/2024\/03\/WhatsApp-Image-2023-11-26-at-09.12.45-300x225.jpeg 300w, https:\/\/www.anamt.org.br\/portal\/wp-content\/uploads\/2024\/03\/WhatsApp-Image-2023-11-26-at-09.12.45-400x300.jpeg 400w, https:\/\/www.anamt.org.br\/portal\/wp-content\/uploads\/2024\/03\/WhatsApp-Image-2023-11-26-at-09.12.45-600x450.jpeg 600w, https:\/\/www.anamt.org.br\/portal\/wp-content\/uploads\/2024\/03\/WhatsApp-Image-2023-11-26-at-09.12.45-768x576.jpeg 768w, https:\/\/www.anamt.org.br\/portal\/wp-content\/uploads\/2024\/03\/WhatsApp-Image-2023-11-26-at-09.12.45-800x600.jpeg 800w, https:\/\/www.anamt.org.br\/portal\/wp-content\/uploads\/2024\/03\/WhatsApp-Image-2023-11-26-at-09.12.45.jpeg 1024w\" sizes=\"(max-width: 600px) 100vw, 600px\" \/><\/p>\n<p>O T\u00edtulo de Especialista em Medicina do Trabalho, emitido pela AMB\/ANAMT, \u00e9 considerado uma das melhores formas de mostrar a toda Sociedade e \u00e0 Comunidade M\u00e9dica em particular a qualifica\u00e7\u00e3o profissional necess\u00e1ria para lidar com compet\u00eancia os assuntos da \u00e1rea m\u00e9dica relacionada \u00e0 Sa\u00fade e Seguran\u00e7a do Trabalho, tendo o pleno reconhecimento do Conselho Federal de Medicina, da Associa\u00e7\u00e3o M\u00e9dica Brasileira e da Comiss\u00e3o Nacional de Resid\u00eancia M\u00e9dica, que s\u00e3o as tr\u00eas Entidades M\u00e9dicas que comp\u00f5em a Comiss\u00e3o Mista de Especialidades. Al\u00e9m de certificar o conhecimento na especialidade, a aplica\u00e7\u00e3o da prova obedece um regulamento que valoriza a participa\u00e7\u00e3o do m\u00e9dico em eventos cient\u00edficos, experi\u00eancia profissional, atividades e programas de treinamento espec\u00edficos e atualiza\u00e7\u00e3o continuada, tendo por base todas as compet\u00eancias requeridas para o exerc\u00edcio da Medicina do Trabalho. A prova de T\u00edtulo de Especialista em Medicina do Trabalho \u00e9 realizada pela ANAMT com uma periodicidade m\u00ednima anual, podendo ser eventualmente realizada em mais de uma oportunidade em um mesmo ano. Geralmente, ocorre durante um evento cient\u00edfico importante, como, por exemplo, os Congressos Nacionais ou semin\u00e1rios Regionais da ANAMT e suas Federadas Estaduais. Atualmente, h\u00e1 duas formas de obter-se o reconhecimento como Especialista em Medicina do Trabalho: ter conclu\u00eddo a Resid\u00eancia M\u00e9dica, ou ser portador do T\u00edtulo de Especialista emitido pela AMB\/ANAMT, cujo\u00a0prazo de confec\u00e7\u00e3o do certificado \u00e9 de 90 a 120 dias. A inscri\u00e7\u00e3o para o exame deve ser feita na p\u00e1gina <a href=\"http:\/\/provadetitulo.sistemasanamt.org.br\/inscricoes\/painel_controle.aspx\" target=\"_blank\" rel=\"noopener\">T\u00edtulo de Especialista\/\u00c1rea do Candidato<\/a>, al\u00e9m do envio dos documentos solicitados no edital.<\/p>\n<ul>\n<li><a href=\"https:\/\/www.anamt.org.br\/portal\/comissao-de-titulo-de-especialista\/\" target=\"_blank\" rel=\"noopener\">Conhe\u00e7a\u00a0a Comiss\u00e3o de T\u00edtulo de Especialista da ANAMT<\/a><\/li>\n<li><a href=\"https:\/\/www.anamt.org.br\/portal\/titulo-de-especialista-em-medicina-do-trabalho\/prova-de-titulo-de-especialista-duvidas-frequentes\/\">Perguntas mais frequentes sobre a Prova e o T\u00edtulo de Especialista da ANAMT<\/a><\/li>\n<\/ul>\n<h5>Confira tamb\u00e9m<\/h5>\n<ul>\n<li><span class=\"item\"><a href=\"https:\/\/www.anamt.org.br\/portal\/titulo-de-especialista-em-medicina-do-trabalho\/editais-provas-e-resultados\/\">Editais, Provas e Resultados<\/a><\/span><\/li>\n<\/ul>\n","protected":false},"excerpt":{"rendered":"<p>O T\u00edtulo de Especialista em Medicina do Trabalho, emitido pela AMB\/ANAMT, \u00e9 considerado uma das melhores formas de mostrar a toda Sociedade e \u00e0 Comunidade M\u00e9dica em particular a qualifica\u00e7\u00e3o profissional necess\u00e1ria para lidar com compet\u00eancia os assuntos da \u00e1rea m\u00e9dica relacionada \u00e0 Sa\u00fade e Seguran\u00e7a do Trabalho, tendo o pleno reconhecimento do Conselho Federal [&hellip;]<\/p>\n","protected":false},"author":1,"featured_media":0,"parent":0,"menu_order":0,"comment_status":"closed","ping_status":"closed","template":"","meta":{"footnotes":""},"_links":{"self":[{"href":"https:\/\/www.anamt.org.br\/portal\/wp-json\/wp\/v2\/pages\/12278"}],"collection":[{"href":"https:\/\/www.anamt.org.br\/portal\/wp-json\/wp\/v2\/pages"}],"about":[{"href":"https:\/\/www.anamt.org.br\/portal\/wp-json\/wp\/v2\/types\/page"}],"author":[{"embeddable":true,"href":"https:\/\/www.anamt.org.br\/portal\/wp-json\/wp\/v2\/users\/1"}],"replies":[{"embeddable":true,"href":"https:\/\/www.anamt.org.br\/portal\/wp-json\/wp\/v2\/comments?post=12278"}],"version-history":[{"count":3,"href":"https:\/\/www.anamt.org.br\/portal\/wp-json\/wp\/v2\/pages\/12278\/revisions"}],"predecessor-version":[{"id":49671,"href":"https:\/\/www.anamt.org.br\/portal\/wp-json\/wp\/v2\/pages\/12278\/revisions\/49671"}],"wp:attachment":[{"href":"https:\/\/www.anamt.org.br\/portal\/wp-json\/wp\/v2\/media?parent=12278"}],"curies":[{"name":"wp","href":"https:\/\/api.w.org\/{rel}","templated":true}]}}