{"id":12251,"date":"2017-02-21T15:32:13","date_gmt":"2017-02-21T18:32:13","guid":{"rendered":"https:\/\/www.anamt.org.br\/portal\/?page_id=12251"},"modified":"2017-02-21T15:32:13","modified_gmt":"2017-02-21T18:32:13","slug":"releases-publicados-em-2013","status":"publish","type":"page","link":"https:\/\/www.anamt.org.br\/portal\/contato\/imprensa\/releases\/releases-publicados-em-2013\/","title":{"rendered":"Releases publicados em 2013"},"content":{"rendered":"<ul>\n<li><a href=\"http:\/\/www.anamt.org.br\/site\/upload_arquivos\/releases_31201491123533424.pdf\">27 de novembro de 2013<\/a>\u00a0&#8211; APAMT promove 1\u00ba Congresso Paranaense de Medicina do Trabalho em Ponta Grossa &#8211; PR<\/li>\n<li><a href=\"http:\/\/www.anamt.org.br\/site\/upload_arquivos\/releases_31201491032533424.pdf\">26 de novembro de 2013<\/a>\u00a0&#8211; F\u00f3rum Presen\u00e7a ANAMT 2013 debate sa\u00fade e a Medicina do Trabalho<\/li>\n<li><a href=\"http:\/\/www.anamt.org.br\/site\/upload_arquivos\/releases_31201491477055475.pdf\">7 de novembro de 2013<\/a> &#8211; &#8220;Preven\u00e7\u00e3o da Gripe: novas perspectivas&#8221; \u00e9 tema do XII F\u00f3rum ANAMT<\/li>\n<li><a href=\"http:\/\/www.anamt.org.br\/site\/upload_arquivos\/releases_31201496195795186.pdf\">22 de outubro de 2013<\/a> &#8211; Inscri\u00e7\u00f5es abertas para F\u00f3rum que discute a Sa\u00fade do Trabalhador<\/li>\n<li><a href=\"http:\/\/www.anamt.org.br\/site\/upload_arquivos\/releases_31201491057055475.pdf\">26 de setembro de 2013<\/a> &#8211; F\u00f3rum em Campinas discute a Sa\u00fade do Trabalhador<\/li>\n<li><a href=\"http:\/\/www.anamt.org.br\/site\/upload_arquivos\/releases_31201494407055475.pdf\">19 de julho de 2013<\/a> &#8211; Acidentes de Trabalho: Preven\u00e7\u00e3o \u00e9 o melhor caminho<\/li>\n<li><a href=\"http:\/\/www.anamt.org.br\/site\/upload_arquivos\/releases_312014957533424.pdf\">20 de maio de 2013<\/a> &#8211; Sa\u00fade do Trabalhador foi tema principal do Congresso em S\u00e3o Paulo<\/li>\n<li><a href=\"http:\/\/www.anamt.org.br\/site\/upload_arquivos\/releases_31201492427055475.pdf\">10 de maio de 2013<\/a> &#8211; S\u00e3o Paulo sedia Congresso Nacional de Medicina do Trabalho<\/li>\n<li><a href=\"http:\/\/www.anamt.org.br\/site\/upload_arquivos\/releases_3120149334533424.pdf\">12 de abril de 2013<\/a> &#8211; Exposi\u00e7\u00e3o ao amianto mata mais de 100 mil a cada ano<\/li>\n<li><a href=\"http:\/\/www.anamt.org.br\/site\/upload_arquivos\/releases_312014923533424.pdf\">10 de abril de 2013 <\/a>&#8211; Trabalho pode ser fator de risco para c\u00e2ncer<\/li>\n<li><a href=\"http:\/\/www.anamt.org.br\/site\/upload_arquivos\/releases_231220131415157607236.pdf\">3 de abril de 2013<\/a> &#8211; Congresso sobre Medicina do Trabalho abordar\u00e1 as LER\/DORT<\/li>\n<li><a href=\"http:\/\/www.anamt.org.br\/site\/upload_arquivos\/releases_231220131415497055475.pdf\">2 de abril de 2013<\/a> &#8211; Congresso em S\u00e3o Paulo discute a s\u00edndrome de Burn-out<\/li>\n<li><a href=\"http:\/\/www.anamt.org.br\/site\/upload_arquivos\/releases_312014941533424.pdf\">15 de fevereiro de 2013<\/a> &#8211; S\u00e3o Paulo sedia Congresso Nacional de Medicina do Trabalho<\/li>\n<li><a href=\"http:\/\/www.anamt.org.br\/site\/upload_arquivos\/releases_3120149357055475.pdf\">11 de janeiro de 2013<\/a> &#8211; ANAMT solicita reformula\u00e7\u00e3o da proposta de revis\u00e3o da NR 15<\/li>\n<li><a href=\"http:\/\/www.anamt.org.br\/site\/upload_arquivos\/releases_31201491217055475.pdf\">7 de janeiro de 2013<\/a> &#8211; ANAMT apoia decis\u00e3o judicial sobre especializa\u00e7\u00e3o lato sensu<\/li>\n<\/ul>\n","protected":false},"excerpt":{"rendered":"<p>27 de novembro de 2013\u00a0&#8211; APAMT promove 1\u00ba Congresso Paranaense de Medicina do Trabalho em Ponta Grossa &#8211; PR 26 de novembro de 2013\u00a0&#8211; F\u00f3rum Presen\u00e7a ANAMT 2013 debate sa\u00fade e a Medicina do Trabalho 7 de novembro de 2013 &#8211; &#8220;Preven\u00e7\u00e3o da Gripe: novas perspectivas&#8221; \u00e9 tema do XII F\u00f3rum ANAMT 22 de outubro [&hellip;]<\/p>\n","protected":false},"author":1,"featured_media":0,"parent":12240,"menu_order":0,"comment_status":"closed","ping_status":"closed","template":"","meta":{"footnotes":""},"_links":{"self":[{"href":"https:\/\/www.anamt.org.br\/portal\/wp-json\/wp\/v2\/pages\/12251"}],"collection":[{"href":"https:\/\/www.anamt.org.br\/portal\/wp-json\/wp\/v2\/pages"}],"about":[{"href":"https:\/\/www.anamt.org.br\/portal\/wp-json\/wp\/v2\/types\/page"}],"author":[{"embeddable":true,"href":"https:\/\/www.anamt.org.br\/portal\/wp-json\/wp\/v2\/users\/1"}],"replies":[{"embeddable":true,"href":"https:\/\/www.anamt.org.br\/portal\/wp-json\/wp\/v2\/comments?post=12251"}],"version-history":[{"count":0,"href":"https:\/\/www.anamt.org.br\/portal\/wp-json\/wp\/v2\/pages\/12251\/revisions"}],"up":[{"embeddable":true,"href":"https:\/\/www.anamt.org.br\/portal\/wp-json\/wp\/v2\/pages\/12240"}],"wp:attachment":[{"href":"https:\/\/www.anamt.org.br\/portal\/wp-json\/wp\/v2\/media?parent=12251"}],"curies":[{"name":"wp","href":"https:\/\/api.w.org\/{rel}","templated":true}]}}

<ul>
<li><a href="http://www.anamt.org.br/site/upload_arquivos/releases_31201491123533424.pdf">27 de novembro de 2013</a> &#8211; APAMT promove 1º Congresso Paranaense de Medicina do Trabalho em Ponta Grossa &#8211; PR</li>
<li><a href="http://www.anamt.org.br/site/upload_arquivos/releases_31201491032533424.pdf">26 de novembro de 2013</a> &#8211; Fórum Presença ANAMT 2013 debate saúde e a Medicina do Trabalho</li>
<li><a href="http://www.anamt.org.br/site/upload_arquivos/releases_31201491477055475.pdf">7 de novembro de 2013</a> &#8211; &#8220;Prevenção da Gripe: novas perspectivas&#8221; é tema do XII Fórum ANAMT</li>
<li><a href="http://www.anamt.org.br/site/upload_arquivos/releases_31201496195795186.pdf">22 de outubro de 2013</a> &#8211; Inscrições abertas para Fórum que discute a Saúde do Trabalhador</li>
<li><a href="http://www.anamt.org.br/site/upload_arquivos/releases_31201491057055475.pdf">26 de setembro de 2013</a> &#8211; Fórum em Campinas discute a Saúde do Trabalhador</li>
<li><a href="http://www.anamt.org.br/site/upload_arquivos/releases_31201494407055475.pdf">19 de julho de 2013</a> &#8211; Acidentes de Trabalho: Prevenção é o melhor caminho</li>
<li><a href="http://www.anamt.org.br/site/upload_arquivos/releases_312014957533424.pdf">20 de maio de 2013</a> &#8211; Saúde do Trabalhador foi tema principal do Congresso em São Paulo</li>
<li><a href="http://www.anamt.org.br/site/upload_arquivos/releases_31201492427055475.pdf">10 de maio de 2013</a> &#8211; São Paulo sedia Congresso Nacional de Medicina do Trabalho</li>
<li><a href="http://www.anamt.org.br/site/upload_arquivos/releases_3120149334533424.pdf">12 de abril de 2013</a> &#8211; Exposição ao amianto mata mais de 100 mil a cada ano</li>
<li><a href="http://www.anamt.org.br/site/upload_arquivos/releases_312014923533424.pdf">10 de abril de 2013 </a>&#8211; Trabalho pode ser fator de risco para câncer</li>
<li><a href="http://www.anamt.org.br/site/upload_arquivos/releases_231220131415157607236.pdf">3 de abril de 2013</a> &#8211; Congresso sobre Medicina do Trabalho abordará as LER/DORT</li>
<li><a href="http://www.anamt.org.br/site/upload_arquivos/releases_231220131415497055475.pdf">2 de abril de 2013</a> &#8211; Congresso em São Paulo discute a síndrome de Burn-out</li>
<li><a href="http://www.anamt.org.br/site/upload_arquivos/releases_312014941533424.pdf">15 de fevereiro de 2013</a> &#8211; São Paulo sedia Congresso Nacional de Medicina do Trabalho</li>
<li><a href="http://www.anamt.org.br/site/upload_arquivos/releases_3120149357055475.pdf">11 de janeiro de 2013</a> &#8211; ANAMT solicita reformulação da proposta de revisão da NR 15</li>
<li><a href="http://www.anamt.org.br/site/upload_arquivos/releases_31201491217055475.pdf">7 de janeiro de 2013</a> &#8211; ANAMT apoia decisão judicial sobre especialização lato sensu</li>
</ul>

<p>27 de novembro de 2013 &#8211; APAMT promove 1º Congresso Paranaense de Medicina do Trabalho em Ponta Grossa &#8211; PR 26 de novembro de 2013 &#8211; Fórum Presença ANAMT 2013 debate saúde e a Medicina do Trabalho 7 de novembro de 2013 &#8211; &#8220;Prevenção da Gripe: novas perspectivas&#8221; é tema do XII Fórum ANAMT 22 de outubro [&hellip;]</p>
