{"id":12248,"date":"2017-02-21T15:29:57","date_gmt":"2017-02-21T18:29:57","guid":{"rendered":"https:\/\/www.anamt.org.br\/portal\/?page_id=12248"},"modified":"2017-02-21T15:29:57","modified_gmt":"2017-02-21T18:29:57","slug":"releases-publicados-em-2014","status":"publish","type":"page","link":"https:\/\/www.anamt.org.br\/portal\/contato\/imprensa\/releases\/releases-publicados-em-2014\/","title":{"rendered":"Releases publicados em 2014"},"content":{"rendered":"<ul>\n<li><a href=\"http:\/\/www.anamt.org.br\/site\/upload_arquivos\/releases_1632015115237055475.pdf\">10 de dezembro de 2014<\/a> &#8211; ANAMT participa de reuni\u00e3o com Comiss\u00e3o do Governo Federal<\/li>\n<li><a href=\"http:\/\/www.anamt.org.br\/site\/upload_arquivos\/releases_1632015112517055475.pdf\">3 de dezembro de 2014<\/a> &#8211; Manual sobre inclus\u00e3o da pessoa com defici\u00eancia no mercado de trabalho \u00e9 lan\u00e7ado<\/li>\n<li><a href=\"http:\/\/www.anamt.org.br\/site\/upload_arquivos\/releases_1632015111387055475.pdf\">2 de dezembro de 2014<\/a> &#8211; 35\u00aa Prova de T\u00edtulo de Especialista em Medicina do Trabalho ser\u00e1 realizada no pr\u00f3ximo domingo<\/li>\n<li><a href=\"http:\/\/www.anamt.org.br\/site\/upload_arquivos\/releases_1632015110147055475.pdf\">13 de novembro de 2014 <\/a>&#8211; Integra\u00e7\u00e3o entre Medicinas do Trabalho e Assistencial ser\u00e3o tema da 8\u00aa Reuni\u00e3o Cient\u00edfica da ANAMT<\/li>\n<li><a href=\"http:\/\/www.anamt.org.br\/site\/upload_arquivos\/releases_163201511211533424.pdf\">7 de novembro de 2014<\/a> &#8211; ANAMT e AMB firmam ades\u00e3o ao Programa Trabalho Seguro<\/li>\n<li><a href=\"http:\/\/www.anamt.org.br\/site\/upload_arquivos\/releases_1632015113465795186.pdf\">28 de outubro de 2014<\/a> &#8211; Prazo final de inscri\u00e7\u00f5es em Prova de T\u00edtulo de Especialista em Medicina do Trabalho se aproxima<\/li>\n<li><a href=\"http:\/\/www.anamt.org.br\/site\/upload_arquivos\/releases_29102014129117055475.pdf\">28 de outubro de 2014<\/a> &#8211; Boas pr\u00e1ticas ap\u00f3s o afastamento do trabalho ser\u00e3o apresentadas na 7\u00aa Reuni\u00e3o Cient\u00edfica da ANAMT<\/li>\n<li><a href=\"http:\/\/www.anamt.org.br\/site\/upload_arquivos\/releases_29102014128452895625.pdf\">14 de outubro de 2014<\/a> &#8211; 6\u00aa Reuni\u00e3o Cient\u00edfica da ANAMT aborda a expatria\u00e7\u00e3o de profissionais e internacionaliza\u00e7\u00e3o de empresas<\/li>\n<li><a href=\"http:\/\/www.anamt.org.br\/site\/upload_arquivos\/releases_29102014121305795186.pdf\">14 de outubro de 2014<\/a> &#8211; Legado da Medicina do Trabalho \u00e9 tema do F\u00f3rum Presen\u00e7a ANAMT 2014<\/li>\n<li><a href=\"http:\/\/www.anamt.org.br\/site\/upload_arquivos\/releases_29102014126395795186.pdf\">26 de setembro de 2014<\/a> &#8211; Conceitos e pr\u00e1ticas da Medicina do Trabalho em voga na 4\u00aa Reuni\u00e3o Cient\u00edfica<\/li>\n<li><a href=\"http:\/\/www.anamt.org.br\/site\/upload_arquivos\/releases_29102014127355795186.pdf\">3 de setembro de 2014<\/a> &#8211; Reuni\u00f5es Cient\u00edficas da ANAMT chegam \u00e0 sua terceira edi\u00e7\u00e3o<\/li>\n<li><a href=\"http:\/\/www.anamt.org.br\/site\/upload_arquivos\/releases_29102014122117055475.pdf\">25 de agosto de 2014 <\/a>&#8211; ANAMT apresenta proposta para texto t\u00e9cnixo da NR 01<\/li>\n<li><a href=\"http:\/\/www.anamt.org.br\/site\/upload_arquivos\/releases_19820141727392895625.pdf\">14 de agosto de 2014 &#8211; <\/a>ANAMT promove segunda reuni\u00e3o cient\u00edfica<\/li>\n<li><a href=\"http:\/\/www.anamt.org.br\/site\/upload_arquivos\/releases_19820141727115795186.pdf\">1\u00ba de agosto de 2014 &#8211; <\/a>Seguran\u00e7a adequada: Ap\u00f3s per\u00edodo de observa\u00e7\u00e3o, ANAMT prop\u00f5e altera\u00e7\u00f5es na NR 35 ao MTE<\/li>\n<li><a href=\"http:\/\/www.anamt.org.br\/site\/upload_arquivos\/releases_19820141725427055475.pdf\">25 de julho de 2014 &#8211; <\/a>Doen\u00e7as e acidentes de Trabalho: Preven\u00e7\u00e3o \u00e9 o melhor caminho<\/li>\n<li><a href=\"http:\/\/www.anamt.org.br\/site\/upload_arquivos\/releases_1982014172621533424.pdf\">24 de julho de 2014 &#8211; <\/a>Reuni\u00f5es cient\u00edficas da ANAMT no Ano Ramazzini<\/li>\n<li><a href=\"http:\/\/www.anamt.org.br\/site\/upload_arquivos\/releases_1982014172607055475.pdf\">14 de julho de 2014 &#8211; <\/a>ANAMT realiza debate sobre a NR 1<\/li>\n<li><a href=\"http:\/\/www.anamt.org.br\/site\/upload_arquivos\/releases_2462014155237055475.pdf\">14 de junho de 2014<\/a> &#8211; ANAMT divulga resultado da XXXV Prova de T\u00edtulo de Especialista<\/li>\n<li><a href=\"http:\/\/www.anamt.org.br\/site\/upload_arquivos\/releases_2462014154577055475.pdf\">14 de maio de 2014<\/a>&#8211; ANAMT se posiciona na luta em defesa da sa\u00fade dos trabalhadores<\/li>\n<li><a href=\"http:\/\/www.anamt.org.br\/site\/upload_arquivos\/releases_2462014154197055475.pdf\">14 de abril de 2014 <\/a>&#8211; Medicina do Trabalho \u00e9 tema de semin\u00e1rio<\/li>\n<li><a href=\"http:\/\/www.anamt.org.br\/site\/upload_arquivos\/releases_246201415540533424.pdf\">13 de mar\u00e7o de 2014<\/a> &#8211; Jornal da ANAMT agora dispon\u00edvel para celulares<\/li>\n<\/ul>\n","protected":false},"excerpt":{"rendered":"<p>10 de dezembro de 2014 &#8211; ANAMT participa de reuni\u00e3o com Comiss\u00e3o do Governo Federal 3 de dezembro de 2014 &#8211; Manual sobre inclus\u00e3o da pessoa com defici\u00eancia no mercado de trabalho \u00e9 lan\u00e7ado 2 de dezembro de 2014 &#8211; 35\u00aa Prova de T\u00edtulo de Especialista em Medicina do Trabalho ser\u00e1 realizada no pr\u00f3ximo domingo [&hellip;]<\/p>\n","protected":false},"author":1,"featured_media":0,"parent":12240,"menu_order":0,"comment_status":"closed","ping_status":"closed","template":"","meta":{"footnotes":""},"_links":{"self":[{"href":"https:\/\/www.anamt.org.br\/portal\/wp-json\/wp\/v2\/pages\/12248"}],"collection":[{"href":"https:\/\/www.anamt.org.br\/portal\/wp-json\/wp\/v2\/pages"}],"about":[{"href":"https:\/\/www.anamt.org.br\/portal\/wp-json\/wp\/v2\/types\/page"}],"author":[{"embeddable":true,"href":"https:\/\/www.anamt.org.br\/portal\/wp-json\/wp\/v2\/users\/1"}],"replies":[{"embeddable":true,"href":"https:\/\/www.anamt.org.br\/portal\/wp-json\/wp\/v2\/comments?post=12248"}],"version-history":[{"count":0,"href":"https:\/\/www.anamt.org.br\/portal\/wp-json\/wp\/v2\/pages\/12248\/revisions"}],"up":[{"embeddable":true,"href":"https:\/\/www.anamt.org.br\/portal\/wp-json\/wp\/v2\/pages\/12240"}],"wp:attachment":[{"href":"https:\/\/www.anamt.org.br\/portal\/wp-json\/wp\/v2\/media?parent=12248"}],"curies":[{"name":"wp","href":"https:\/\/api.w.org\/{rel}","templated":true}]}}

<ul>
<li><a href="http://www.anamt.org.br/site/upload_arquivos/releases_1632015115237055475.pdf">10 de dezembro de 2014</a> &#8211; ANAMT participa de reunião com Comissão do Governo Federal</li>
<li><a href="http://www.anamt.org.br/site/upload_arquivos/releases_1632015112517055475.pdf">3 de dezembro de 2014</a> &#8211; Manual sobre inclusão da pessoa com deficiência no mercado de trabalho é lançado</li>
<li><a href="http://www.anamt.org.br/site/upload_arquivos/releases_1632015111387055475.pdf">2 de dezembro de 2014</a> &#8211; 35ª Prova de Título de Especialista em Medicina do Trabalho será realizada no próximo domingo</li>
<li><a href="http://www.anamt.org.br/site/upload_arquivos/releases_1632015110147055475.pdf">13 de novembro de 2014 </a>&#8211; Integração entre Medicinas do Trabalho e Assistencial serão tema da 8ª Reunião Científica da ANAMT</li>
<li><a href="http://www.anamt.org.br/site/upload_arquivos/releases_163201511211533424.pdf">7 de novembro de 2014</a> &#8211; ANAMT e AMB firmam adesão ao Programa Trabalho Seguro</li>
<li><a href="http://www.anamt.org.br/site/upload_arquivos/releases_1632015113465795186.pdf">28 de outubro de 2014</a> &#8211; Prazo final de inscrições em Prova de Título de Especialista em Medicina do Trabalho se aproxima</li>
<li><a href="http://www.anamt.org.br/site/upload_arquivos/releases_29102014129117055475.pdf">28 de outubro de 2014</a> &#8211; Boas práticas após o afastamento do trabalho serão apresentadas na 7ª Reunião Científica da ANAMT</li>
<li><a href="http://www.anamt.org.br/site/upload_arquivos/releases_29102014128452895625.pdf">14 de outubro de 2014</a> &#8211; 6ª Reunião Científica da ANAMT aborda a expatriação de profissionais e internacionalização de empresas</li>
<li><a href="http://www.anamt.org.br/site/upload_arquivos/releases_29102014121305795186.pdf">14 de outubro de 2014</a> &#8211; Legado da Medicina do Trabalho é tema do Fórum Presença ANAMT 2014</li>
<li><a href="http://www.anamt.org.br/site/upload_arquivos/releases_29102014126395795186.pdf">26 de setembro de 2014</a> &#8211; Conceitos e práticas da Medicina do Trabalho em voga na 4ª Reunião Científica</li>
<li><a href="http://www.anamt.org.br/site/upload_arquivos/releases_29102014127355795186.pdf">3 de setembro de 2014</a> &#8211; Reuniões Científicas da ANAMT chegam à sua terceira edição</li>
<li><a href="http://www.anamt.org.br/site/upload_arquivos/releases_29102014122117055475.pdf">25 de agosto de 2014 </a>&#8211; ANAMT apresenta proposta para texto técnixo da NR 01</li>
<li><a href="http://www.anamt.org.br/site/upload_arquivos/releases_19820141727392895625.pdf">14 de agosto de 2014 &#8211; </a>ANAMT promove segunda reunião científica</li>
<li><a href="http://www.anamt.org.br/site/upload_arquivos/releases_19820141727115795186.pdf">1º de agosto de 2014 &#8211; </a>Segurança adequada: Após período de observação, ANAMT propõe alterações na NR 35 ao MTE</li>
<li><a href="http://www.anamt.org.br/site/upload_arquivos/releases_19820141725427055475.pdf">25 de julho de 2014 &#8211; </a>Doenças e acidentes de Trabalho: Prevenção é o melhor caminho</li>
<li><a href="http://www.anamt.org.br/site/upload_arquivos/releases_1982014172621533424.pdf">24 de julho de 2014 &#8211; </a>Reuniões científicas da ANAMT no Ano Ramazzini</li>
<li><a href="http://www.anamt.org.br/site/upload_arquivos/releases_1982014172607055475.pdf">14 de julho de 2014 &#8211; </a>ANAMT realiza debate sobre a NR 1</li>
<li><a href="http://www.anamt.org.br/site/upload_arquivos/releases_2462014155237055475.pdf">14 de junho de 2014</a> &#8211; ANAMT divulga resultado da XXXV Prova de Título de Especialista</li>
<li><a href="http://www.anamt.org.br/site/upload_arquivos/releases_2462014154577055475.pdf">14 de maio de 2014</a>&#8211; ANAMT se posiciona na luta em defesa da saúde dos trabalhadores</li>
<li><a href="http://www.anamt.org.br/site/upload_arquivos/releases_2462014154197055475.pdf">14 de abril de 2014 </a>&#8211; Medicina do Trabalho é tema de seminário</li>
<li><a href="http://www.anamt.org.br/site/upload_arquivos/releases_246201415540533424.pdf">13 de março de 2014</a> &#8211; Jornal da ANAMT agora disponível para celulares</li>
</ul>

<p>10 de dezembro de 2014 &#8211; ANAMT participa de reunião com Comissão do Governo Federal 3 de dezembro de 2014 &#8211; Manual sobre inclusão da pessoa com deficiência no mercado de trabalho é lançado 2 de dezembro de 2014 &#8211; 35ª Prova de Título de Especialista em Medicina do Trabalho será realizada no próximo domingo [&hellip;]</p>
