{"id":12243,"date":"2017-02-21T15:26:48","date_gmt":"2017-02-21T18:26:48","guid":{"rendered":"https:\/\/www.anamt.org.br\/portal\/?page_id=12243"},"modified":"2017-02-21T15:27:32","modified_gmt":"2017-02-21T18:27:32","slug":"releases-publicados-em-2015","status":"publish","type":"page","link":"https:\/\/www.anamt.org.br\/portal\/contato\/imprensa\/releases\/releases-publicados-em-2015\/","title":{"rendered":"Releases publicados em 2015"},"content":{"rendered":"<ul>\n<li><a href=\"http:\/\/www.anamt.org.br\/site\/upload_arquivos\/releases_27520151540247055475.pdf\" target=\"_blank\">13 de maio de 2015<\/a> &#8211; ANAMT lan\u00e7a sua p\u00e1gina no Facebook<\/li>\n<li><a href=\"http:\/\/www.anamt.org.br\/site\/upload_arquivos\/releases_2752015154287055475.pdf\" target=\"_blank\">7 de maio de 2015<\/a> &#8211; \u00c1lcool e drogas no trabalho ser\u00e3o tema de debate da ANAMT<\/li>\n<li><a href=\"http:\/\/www.anamt.org.br\/site\/upload_arquivos\/releases_12520151053167055475.pdf\" target=\"_blank\">28 de abril de 2015<\/a> &#8211; Materiais de apoio \u00e0 inclus\u00e3o de pessoas com defici\u00eancia dispon\u00edveis para download gratuito<\/li>\n<li><a href=\"http:\/\/www.anamt.org.br\/site\/upload_arquivos\/releases_12520151055287055475.pdf\" target=\"_blank\">20 de abril de 2015<\/a> &#8211; Principais assuntos da Medicina do Trabalho em debate esta semana no Semin\u00e1rio Sudeste ANAMT<\/li>\n<li><a href=\"http:\/\/www.anamt.org.br\/site\/upload_arquivos\/releases_1252015105342533424.pdf\" target=\"_blank\">9 de abril de 2015<\/a> &#8211; Desafios na Gest\u00e3o da Sa\u00fade do Trabalhador \u00e9 tema de semin\u00e1rio da ANAMT<\/li>\n<li><a href=\"http:\/\/www.anamt.org.br\/site\/upload_arquivos\/releases_163201511617055475.pdf\">9 de mar\u00e7o de 2015<\/a> &#8211; Inscri\u00e7\u00f5es abertas para 36\u00aa Prova de T\u00edtulo de Especialista em Medicina do Trabalho<\/li>\n<li><a href=\"http:\/\/www.anamt.org.br\/site\/upload_arquivos\/releases_1632015116397055475.pdf\">16 de janeiro de 2015<\/a> -Lista de aprovados na 35\u00aa Prova de T\u00edtulo de Especialista est\u00e1 dispon\u00edvel no site da ANAMT<\/li>\n<\/ul>\n","protected":false},"excerpt":{"rendered":"<p>13 de maio de 2015 &#8211; ANAMT lan\u00e7a sua p\u00e1gina no Facebook 7 de maio de 2015 &#8211; \u00c1lcool e drogas no trabalho ser\u00e3o tema de debate da ANAMT 28 de abril de 2015 &#8211; Materiais de apoio \u00e0 inclus\u00e3o de pessoas com defici\u00eancia dispon\u00edveis para download gratuito 20 de abril de 2015 &#8211; Principais [&hellip;]<\/p>\n","protected":false},"author":1,"featured_media":0,"parent":12240,"menu_order":0,"comment_status":"closed","ping_status":"closed","template":"","meta":{"footnotes":""},"_links":{"self":[{"href":"https:\/\/www.anamt.org.br\/portal\/wp-json\/wp\/v2\/pages\/12243"}],"collection":[{"href":"https:\/\/www.anamt.org.br\/portal\/wp-json\/wp\/v2\/pages"}],"about":[{"href":"https:\/\/www.anamt.org.br\/portal\/wp-json\/wp\/v2\/types\/page"}],"author":[{"embeddable":true,"href":"https:\/\/www.anamt.org.br\/portal\/wp-json\/wp\/v2\/users\/1"}],"replies":[{"embeddable":true,"href":"https:\/\/www.anamt.org.br\/portal\/wp-json\/wp\/v2\/comments?post=12243"}],"version-history":[{"count":0,"href":"https:\/\/www.anamt.org.br\/portal\/wp-json\/wp\/v2\/pages\/12243\/revisions"}],"up":[{"embeddable":true,"href":"https:\/\/www.anamt.org.br\/portal\/wp-json\/wp\/v2\/pages\/12240"}],"wp:attachment":[{"href":"https:\/\/www.anamt.org.br\/portal\/wp-json\/wp\/v2\/media?parent=12243"}],"curies":[{"name":"wp","href":"https:\/\/api.w.org\/{rel}","templated":true}]}}