{"id":12221,"date":"2017-02-21T13:34:47","date_gmt":"2017-02-21T16:34:47","guid":{"rendered":"https:\/\/www.anamt.org.br\/portal\/?page_id=12221"},"modified":"2017-03-24T18:31:28","modified_gmt":"2017-03-24T21:31:28","slug":"competencias-requeridas","status":"publish","type":"page","link":"https:\/\/www.anamt.org.br\/portal\/competencias-requeridas\/","title":{"rendered":"Compet\u00eancias requeridas"},"content":{"rendered":"<p>O reconhecimento da Medicina do Trabalho como especialidade pela Resolu\u00e7\u00e3o CFM n\u00ba 1634,<br \/>\nem 2002, do Comit\u00ea Misto formado pelo Conselho Federal de Medicina (CFM), Associa\u00e7\u00e3o M\u00e9dica<br \/>\nBrasileira (AMB) e Comiss\u00e3o Nacional de Resid\u00eancia M\u00e9dica (CNRM) do Minist\u00e9rio da Educa\u00e7\u00e3o,<br \/>\nconcretizou reivindica\u00e7\u00e3o hist\u00f3rica dos profissionais, uma vez que at\u00e9 ent\u00e3o, ela era considerada<br \/>\nsub\u00e1rea da Medicina Preventiva e Social, e contou com o protagonismo da ANAMT.<\/p>\n<p>Entre os desdobramentos, imp\u00f4s-se o desafio de definir as compet\u00eancias b\u00e1sicas requeridas<br \/>\npara o exerc\u00edcio profissional na especialidade, destinadas a orientar a forma\u00e7\u00e3o e os processos de<br \/>\neduca\u00e7\u00e3o continuada e de concess\u00e3o do T\u00edtulo de Especialista. O Centro de Estudos Avan\u00e7ados<br \/>\nsobre as Pr\u00e1ticas da Medicina do Trabalho (CEAMT) da ANAMT assumiu essa tarefa e construiu, com<br \/>\na participa\u00e7\u00e3o de especialistas, com distintas forma\u00e7\u00f5es e inser\u00e7\u00f5es profissionais, o elenco b\u00e1sico<br \/>\nde compet\u00eancias, abrangendo conhecimentos t\u00e9cnicos, habilidades e atitudes ou comportamentos<br \/>\nexigidos dos m\u00e9dicos do trabalho.<\/p>\n<p>Entretanto, passados doze anos, as transforma\u00e7\u00f5es no mundo do trabalho, no perfil dos<br \/>\ntrabalhadores, nas pol\u00edticas p\u00fablicas e no arcabou\u00e7o legal que sustentam o exerc\u00edcio da especialidade<br \/>\ntornaram necess\u00e1rio revis\u00e1-las e aproxim\u00e1-las das expectativas e necessidades da sociedade. A diretoria da ANAMT, cumprindo com o compromisso de reunir e representar os m\u00e9dicos do trabalho brasileiros, estabeleceu a prioridade de revisar o elenco de compet\u00eancias requeridas para o exerc\u00edcio da especialidade, elaborado em 2002, orientado por dois eixos: a identifica\u00e7\u00e3o dos principais problemas que a especialidade enfrenta e a proposi\u00e7\u00e3o de solu\u00e7\u00f5es e ou encaminhamentos na esfera de atua\u00e7\u00e3o da ANAMT.<\/p>\n<p>Os resultados desse trabalho de equipe, coordenado pela Prof\u00aa. Elizabeth Costa Dias, s\u00e3o<br \/>\napresentados no livro <a href=\"http:\/\/www.anamt.org.br\/site\/upload_arquivos\/arquivos_diversos_29820161055157055475.pdf\" target=\"_blank\">&#8216;Compet\u00eancias essenciais requeridas para o exerc\u00edcio da Medicina do Trabalho&#8217;<\/a> (clique para acess\u00e1-lo gratuitamente).<\/p>\n","protected":false},"excerpt":{"rendered":"<p>O reconhecimento da Medicina do Trabalho como especialidade pela Resolu\u00e7\u00e3o CFM n\u00ba 1634, em 2002, do Comit\u00ea Misto formado pelo Conselho Federal de Medicina (CFM), Associa\u00e7\u00e3o M\u00e9dica Brasileira (AMB) e Comiss\u00e3o Nacional de Resid\u00eancia M\u00e9dica (CNRM) do Minist\u00e9rio da Educa\u00e7\u00e3o, concretizou reivindica\u00e7\u00e3o hist\u00f3rica dos profissionais, uma vez que at\u00e9 ent\u00e3o, ela era considerada sub\u00e1rea da [&hellip;]<\/p>\n","protected":false},"author":1,"featured_media":0,"parent":0,"menu_order":0,"comment_status":"closed","ping_status":"closed","template":"","meta":{"footnotes":""},"_links":{"self":[{"href":"https:\/\/www.anamt.org.br\/portal\/wp-json\/wp\/v2\/pages\/12221"}],"collection":[{"href":"https:\/\/www.anamt.org.br\/portal\/wp-json\/wp\/v2\/pages"}],"about":[{"href":"https:\/\/www.anamt.org.br\/portal\/wp-json\/wp\/v2\/types\/page"}],"author":[{"embeddable":true,"href":"https:\/\/www.anamt.org.br\/portal\/wp-json\/wp\/v2\/users\/1"}],"replies":[{"embeddable":true,"href":"https:\/\/www.anamt.org.br\/portal\/wp-json\/wp\/v2\/comments?post=12221"}],"version-history":[{"count":0,"href":"https:\/\/www.anamt.org.br\/portal\/wp-json\/wp\/v2\/pages\/12221\/revisions"}],"wp:attachment":[{"href":"https:\/\/www.anamt.org.br\/portal\/wp-json\/wp\/v2\/media?parent=12221"}],"curies":[{"name":"wp","href":"https:\/\/api.w.org\/{rel}","templated":true}]}}

Competências requeridas

<p>O reconhecimento da Medicina do Trabalho como especialidade pela Resolução CFM nº 1634,<br />
em 2002, do Comitê Misto formado pelo Conselho Federal de Medicina (CFM), Associação Médica<br />
Brasileira (AMB) e Comissão Nacional de Residência Médica (CNRM) do Ministério da Educação,<br />
concretizou reivindicação histórica dos profissionais, uma vez que até então, ela era considerada<br />
subárea da Medicina Preventiva e Social, e contou com o protagonismo da ANAMT.</p>
<p>Entre os desdobramentos, impôs-se o desafio de definir as competências básicas requeridas<br />
para o exercício profissional na especialidade, destinadas a orientar a formação e os processos de<br />
educação continuada e de concessão do Título de Especialista. O Centro de Estudos Avançados<br />
sobre as Práticas da Medicina do Trabalho (CEAMT) da ANAMT assumiu essa tarefa e construiu, com<br />
a participação de especialistas, com distintas formações e inserções profissionais, o elenco básico<br />
de competências, abrangendo conhecimentos técnicos, habilidades e atitudes ou comportamentos<br />
exigidos dos médicos do trabalho.</p>
<p>Entretanto, passados doze anos, as transformações no mundo do trabalho, no perfil dos<br />
trabalhadores, nas políticas públicas e no arcabouço legal que sustentam o exercício da especialidade<br />
tornaram necessário revisá-las e aproximá-las das expectativas e necessidades da sociedade. A diretoria da ANAMT, cumprindo com o compromisso de reunir e representar os médicos do trabalho brasileiros, estabeleceu a prioridade de revisar o elenco de competências requeridas para o exercício da especialidade, elaborado em 2002, orientado por dois eixos: a identificação dos principais problemas que a especialidade enfrenta e a proposição de soluções e ou encaminhamentos na esfera de atuação da ANAMT.</p>
<p>Os resultados desse trabalho de equipe, coordenado pela Profª. Elizabeth Costa Dias, são<br />
apresentados no livro <a href="http://www.anamt.org.br/site/upload_arquivos/arquivos_diversos_29820161055157055475.pdf" target="_blank">&#8216;Competências essenciais requeridas para o exercício da Medicina do Trabalho&#8217;</a> (clique para acessá-lo gratuitamente).</p>

<p>O reconhecimento da Medicina do Trabalho como especialidade pela Resolução CFM nº 1634, em 2002, do Comitê Misto formado pelo Conselho Federal de Medicina (CFM), Associação Médica Brasileira (AMB) e Comissão Nacional de Residência Médica (CNRM) do Ministério da Educação, concretizou reivindicação histórica dos profissionais, uma vez que até então, ela era considerada subárea da [&hellip;]</p>
