{"id":12182,"date":"2017-02-20T15:07:58","date_gmt":"2017-02-20T18:07:58","guid":{"rendered":"https:\/\/www.anamt.org.br\/portal\/?page_id=12182"},"modified":"2019-10-21T09:24:07","modified_gmt":"2019-10-21T12:24:07","slug":"entidades-parceiras","status":"publish","type":"page","link":"https:\/\/www.anamt.org.br\/portal\/entidades-parceiras\/","title":{"rendered":"Entidades parceiras"},"content":{"rendered":"<p>A parceria da ANAMT com diversas entidades nacionais e internacionais \u00e9 uma importante frente de trabalho da Associa\u00e7\u00e3o, que desde sua funda\u00e7\u00e3o estabelece di\u00e1logos com organismos ligados tanto ao poder p\u00fablico quanto \u00e0 sociedade civil. Abaixo, voc\u00ea encontra a rela\u00e7\u00e3o das institui\u00e7\u00f5es com as quais a ANAMT mant\u00e9m contato.<\/p>\n<h3>Entidades nacionais<\/h3>\n<h5>Governamentais<\/h5>\n<ul>\n<li><a href=\"http:\/\/www.fundacentro.gov.br\/\" target=\"_blank\" rel=\"noopener\">Funda\u00e7\u00e3o Jorge Duprat Figueiredo de Seguran\u00e7a e Sa\u00fade no Trabalho (Fundacentro)<\/a><\/li>\n<li><a href=\"http:\/\/www.previdenciasocial.gov.br\/\" target=\"_blank\" rel=\"noopener\">Previd\u00eancia Social<\/a><\/li>\n<li><a href=\"http:\/\/portal.saude.gov.br\/portal\/saude\/default.cfm\" target=\"_blank\" rel=\"noopener\">Minist\u00e9rio da Sa\u00fade<\/a><\/li>\n<li><a href=\"http:\/\/trabalho.gov.br\/\">Secretaria de Trabalho<\/a><\/li>\n<li><a href=\"https:\/\/portal.mpt.mp.br\/\" target=\"_blank\" rel=\"noopener\">Minist\u00e9rio P\u00fablico do Trabalho<\/a><\/li>\n<li><a href=\"http:\/\/www.tst.jus.br\/\" target=\"_blank\" rel=\"noopener\">Tribunal Superior do Trabalho<\/a><\/li>\n<\/ul>\n<h5>N\u00e3o-governamentais<\/h5>\n<ul>\n<li><a href=\"http:\/\/www.amb.org.br\/\" target=\"_blank\" rel=\"noopener\">Associa\u00e7\u00e3o M\u00e9dica Brasileira<\/a><\/li>\n<li><a href=\"http:\/\/abresst.org.br\/\" target=\"_blank\" rel=\"noopener\">Associa\u00e7\u00e3o Brasileira das Empresas de Sa\u00fade e Seguran\u00e7a no Trabalho (Abresst)<\/a><\/li>\n<li><a href=\"http:\/\/www.abergo.org.br\/\" target=\"_blank\" rel=\"noopener\">Associa\u00e7\u00e3o Brasileira de Ergonomia (Abergo)<\/a><\/li>\n<li><a href=\"http:\/\/www.abho.org.br\/\" target=\"_blank\" rel=\"noopener\">Associa\u00e7\u00e3o Brasileira de Higienistas Ocupacionais (ABHO)<\/a><\/li>\n<li><a href=\"http:\/\/www.abrhnacional.org.br\/\" target=\"_blank\" rel=\"noopener\">Associa\u00e7\u00e3o Brasileira de Recursos Humanos (ABRH)<\/a><\/li>\n<li><a href=\"http:\/\/www.pr5.com.br\/abraphiset\/associacao.htm\" target=\"_blank\" rel=\"noopener\">Associa\u00e7\u00e3o Brasileira dos Profissionais de Seguran\u00e7a e Sa\u00fade no Trabalho e do Meio Ambiente<\/a><\/li>\n<li><a href=\"http:\/\/www.anent.org.br\/\" target=\"_blank\" rel=\"noopener\">Associa\u00e7\u00e3o Nacional de Enfermagem do Trabalho<\/a><\/li>\n<li><a href=\"http:\/\/www.anest.org.br\/\" target=\"_blank\" rel=\"noopener\">Associa\u00e7\u00e3o Nacional de Engenharia de Seguran\u00e7a do Trabalho<\/a><\/li>\n<li><a href=\"http:\/\/portal.cfm.org.br\/\" target=\"_blank\" rel=\"noopener\">Conselho Federal de Medicina<\/a><\/li>\n<li><a href=\"http:\/\/sobes.org.br\/s\/\" target=\"_blank\" rel=\"noopener\">Sociedade Brasileira de Engenharia de Seguran\u00e7a<\/a><\/li>\n<\/ul>\n<h3>Entidades internacionais<\/h3>\n<h5>Am\u00e9rica Latina<\/h5>\n<ul>\n<li><a href=\"http:\/\/www.alsoweb.net\/\" target=\"_blank\" rel=\"noopener\">Asociaci\u00f3n Latinoamericana de Salud Ocupacional (ALSO)<\/a><\/li>\n<\/ul>\n<h5>Espanha<\/h5>\n<ul>\n<li><a href=\"http:\/\/www.fundacionmapfre.com.br\/Default.aspx\" target=\"_blank\" rel=\"noopener\">Funda\u00e7\u00e3o Mapfre<\/a><\/li>\n<\/ul>\n<h5>Portugal<\/h5>\n<ul>\n<li><a href=\"http:\/\/www.unl.pt\/\" target=\"_blank\" rel=\"noopener\">Universidade Nova de Lisboa<\/a><\/li>\n<\/ul>\n<h5>It\u00e1lia<\/h5>\n<ul>\n<li><a href=\"http:\/\/www.cdldevoto.it\/\" target=\"_blank\" rel=\"noopener\">Clinica Del Lavoro<\/a><\/li>\n<li><a href=\"http:\/\/www.icohweb.org\" target=\"_blank\" rel=\"noopener\">International Commission on Occupational Health (ICOH)<\/a><\/li>\n<li><a href=\"http:\/\/www.ispesl.it\/\" target=\"_blank\" rel=\"noopener\">Istituto Superiore per la Prevenzione e la Sicurezza del Lavoro<\/a><\/li>\n<li><a href=\"http:\/\/www.unimore.it\/\" target=\"_blank\" rel=\"noopener\">Universit\u00e0 di Modena e Reggio Emilia<\/a><\/li>\n<li><a href=\"http:\/\/www.unimi.it\/\" target=\"_blank\" rel=\"noopener\">Universit\u00e0 degli Studi di Milano<\/a><\/li>\n<li><a href=\"http:\/\/www.unicattolica.it\/\" target=\"_blank\" rel=\"noopener\">Universit\u00e0 Cattolica del Sacro Cuore<\/a><\/li>\n<li><a href=\"https:\/\/www.unistrapg.it\/\" target=\"_blank\" rel=\"noopener\">Universidade para Estrangeiros de Perugia<\/a><\/li>\n<\/ul>\n<h5>Reino Unido<\/h5>\n<ul>\n<li><a href=\"https:\/\/www.acoem.org\/IOMSC.aspx\" target=\"_blank\" rel=\"noopener\">International Occupational Medicine Society Collaborative (IOMSC)<\/a><\/li>\n<\/ul>\n","protected":false},"excerpt":{"rendered":"<p>A parceria da ANAMT com diversas entidades nacionais e internacionais \u00e9 uma importante frente de trabalho da Associa\u00e7\u00e3o, que desde sua funda\u00e7\u00e3o estabelece di\u00e1logos com organismos ligados tanto ao poder p\u00fablico quanto \u00e0 sociedade civil. Abaixo, voc\u00ea encontra a rela\u00e7\u00e3o das institui\u00e7\u00f5es com as quais a ANAMT mant\u00e9m contato. Entidades nacionais Governamentais Funda\u00e7\u00e3o Jorge Duprat [&hellip;]<\/p>\n","protected":false},"author":1,"featured_media":0,"parent":0,"menu_order":0,"comment_status":"closed","ping_status":"closed","template":"","meta":{"footnotes":""},"_links":{"self":[{"href":"https:\/\/www.anamt.org.br\/portal\/wp-json\/wp\/v2\/pages\/12182"}],"collection":[{"href":"https:\/\/www.anamt.org.br\/portal\/wp-json\/wp\/v2\/pages"}],"about":[{"href":"https:\/\/www.anamt.org.br\/portal\/wp-json\/wp\/v2\/types\/page"}],"author":[{"embeddable":true,"href":"https:\/\/www.anamt.org.br\/portal\/wp-json\/wp\/v2\/users\/1"}],"replies":[{"embeddable":true,"href":"https:\/\/www.anamt.org.br\/portal\/wp-json\/wp\/v2\/comments?post=12182"}],"version-history":[{"count":0,"href":"https:\/\/www.anamt.org.br\/portal\/wp-json\/wp\/v2\/pages\/12182\/revisions"}],"wp:attachment":[{"href":"https:\/\/www.anamt.org.br\/portal\/wp-json\/wp\/v2\/media?parent=12182"}],"curies":[{"name":"wp","href":"https:\/\/api.w.org\/{rel}","templated":true}]}}