{"id":12160,"date":"2017-02-20T14:00:16","date_gmt":"2017-02-20T17:00:16","guid":{"rendered":"https:\/\/www.anamt.org.br\/portal\/?page_id=12160"},"modified":"2017-02-20T14:00:16","modified_gmt":"2017-02-20T17:00:16","slug":"ata-de-fundacao-da-anamt","status":"publish","type":"page","link":"https:\/\/www.anamt.org.br\/portal\/sua-historia\/ata-de-fundacao-da-anamt\/","title":{"rendered":"Ata de funda\u00e7\u00e3o da Anamt"},"content":{"rendered":"<p>Assim nasceu a associa\u00e7\u00e3o nacional de medicina do trabalho (Anamt):<\/p>\n<h5>Ata da sess\u00e3o de funda\u00e7\u00e3o e elei\u00e7\u00e3o da 1<sup>a<\/sup>\u00a0diretoria<\/h5>\n<p><span style=\"line-height: 1.5;\">&#8220;Aos vinte e seis dias do m\u00eas de mar\u00e7o de mil novecentos e sessenta e oito, \u00e0s vinte e uma horas, no Sal\u00e3o Nobre da Associa\u00e7\u00e3o Paulista de Medicina, \u00e0 Avenida Brigadeiro Luiz Ant\u00f4nio 278, em S\u00e3o Paulo, realizou-se Sess\u00e3o Solene do Departamento de Medicina do Trabalho da Associa\u00e7\u00e3o Paulista de Medicina, constando da ordem do dia, no segundo item, a funda\u00e7\u00e3o da Associa\u00e7\u00e3o Nacional de Medicina do Trabalho. Com a palavra o Dr. Oswaldo Paulino, presidente do Departamento, convidou para fazerem parte da mesa as seguintes pessoas: Dr. Pedro Kassab, Secret\u00e1rio Geral da Associa\u00e7\u00e3o M\u00e9dica Brasileira, representando a entidade m\u00e1xima da classe e o seu presidente, Dr. Fernando Velloso; Prof. Italo Domingos Le Vocci, presidente da Associa\u00e7\u00e3o Paulista de Medicina; Dr. Virg\u00edlio Carvalho Pinto, presidente da Academia de Medicina de S\u00e3o Paulo; Dr. Antonio Pacleca Lessa, presidente da Associa\u00e7\u00e3o dos M\u00e9dicos de Santos; Prof. Antonio F. Cesarino J\u00fanior; Dr. Hugo Mazzili, primeiro secret\u00e1rio do Departamento de Medicina do Trabalho e Dr. Wilmes Roberto Teixeira, segundo secret\u00e1rio e ainda o Prof. Walter Engracia de Oliveira, representando o diretor da Faculdade de Higiene e Sa\u00fade P\u00fablica da Universidade de S\u00e3o Paulo. Pelo presidente do Departamento, depois de tecer elogios ao seu antecessor, Dr. Joaquim Augusto Junqueira, de quem recebeu a presid\u00eancia, enaltecendo a sua atividade e dedica\u00e7\u00e3o, foi comunicada ao plen\u00e1rio a funda\u00e7\u00e3o, naquele momento, da Associa\u00e7\u00e3o Nacional de Medicina do Trabalho. Historiou que desde o Congresso Internacional de Medicina do Trabalho, realizado em setembro de mil novecentos e sessenta e seis em Viena \u00c1ustria, houve o firme prop\u00f3sito de se fundar em nosso pa\u00eds uma Associa\u00e7\u00e3o de \u00e2mbito nacional, que visasse congregar todos os m\u00e9dicos que exercessem a Medicina do Trabalho e, ainda mais, promovessem atrav\u00e9s de publica\u00e7\u00f5es, cursos e confer\u00eancias a difus\u00e3o da especialidade, realizando congressos e jornadas. O apoio encontrado por todos quantos militam na especialidade e ainda o est\u00edmulo da Associa\u00e7\u00e3o Paulista de Medicina e a Associa\u00e7\u00e3o M\u00e9dica Brasileira, permitiram fossem levados avante os estudos e consultas no sentido de unir sob a \u00e9gide da entidade m\u00e1xima da classe todos os profissionais m\u00e9dicos, que exercem especialidade cada vez mais importante na vida m\u00e9dica nacional, e de destaque \u00edmpar, nos pa\u00edses mais desenvolvidos. A proposta recebeu apoio un\u00e2nime do plen\u00e1rio, procedendo logo ap\u00f3s, o presidente do Departamento, a leitura dos Estatutos da nova entidade, para a aprova\u00e7\u00e3o.<\/span><\/p>\n<p>Aprovados os estatutos pelo plen\u00e1rio, foi a seguir submetida \u00e0 vota\u00e7\u00e3o a proposta apresentada pelo presidente do Departamento de Medicina do Trabalho dos nomes para compor a primeira diretoria da Associa\u00e7\u00e3o Nacional de Medicina do Trabalho. A diretoria indicada foi eleita por aclama\u00e7\u00e3o, com uma vibrante salva de palmas do plen\u00e1rio. \u00c9 a seguinte a primeira diretoria da ANAMT para o mandato 68, 69 e 1970:<\/p>\n<p>Presidente: Antonio F. Cesarino J\u00fanior (SP).<\/p>\n<p>Primeiro Vice-Presidente: Jorge Bandeira de Mello (GB) Segundo Vice-Presidente: Fernando Diaz Terceiro Vice-Presidente: Frederico S. Barbosa (PE) Secret\u00e1rio Geral: Oswaldo Paulino (SP) Primeiro Secret\u00e1rio: Hugo Mazzilli (SP) Segundo Secret\u00e1rio: Daphinis Ferreira Souto (GB) Primeiro Tesoureiro: Manoel Potyguar da Rocha e Silva Segundo Tesoureiro: Roberto R. Weber (RGS) Diretor Cient\u00edfico: Diogo Pupo Nogueira (SP) Coordenador da Comiss\u00e3o de Forma\u00e7\u00e3o e Treinamento: Italo Martirani (SP) Coordenador da Comiss\u00e3o de Doen\u00e7as Profissionais e Higiene do Trabalho: Bernardo Bedrikow (SP) Coordenador da Comiss\u00e3o de Legisla\u00e7\u00e3o Trabalhista: Joaquim Augusto Junqueira (SP)<\/p>\n<p>Comiss\u00e3o Fiscal: Fernando Megre Velloso (MG),Italo Domingos Le Vacci (SP) e Pedro Kassab (SP).<\/p>\n<p>Membros da Comiss\u00e3o Fiscal: Antonio Pacheco Lessa (SP),Antonio S. Garcia (SP) e Oswaldo Santiago (SP).<\/p>\n<p>Ap\u00f3s a elei\u00e7\u00e3o, foi a diretoria empossada sob aplausos do plen\u00e1rio, tendo o Dr. Oswaldo Paulino, presidente do Departamento de Medicina do Trabalho da A.P.M., transmitido a presid\u00eancia da sess\u00e3o ao novo presidente da ANAMT, Prof. Antonio F. Cesarino J\u00fanior (SP).<\/p>\n<p>Ao assumir a presid\u00eancia, o Prof. Cesarino J\u00fanior pronunciou discurso de agradecimento, pela escolha de seu nome, considerando a import\u00e2ncia da nova entidade e do significado que a mesma ir\u00e1 ter para o desenvolvimento da Medicina do Trabalho em nosso pa\u00eds. Salientou o trabalho preparat\u00f3rio e as atividades exercidas pelo Secret\u00e1rio Geral eleito da entidade. Destacou o Prof. Cesarino o desenvolvimento da Medicina do Trabalho nos v\u00e1rios pa\u00edses que visitou e o que est\u00e1 reservado \u00e0 especialidade, no desenvolvimento industrial e agr\u00edcola de nosso pa\u00eds. Mostrou-se confiante o orador na equipe que com ele ir\u00e1 dinamizar a primeira diretoria da ANAMT, destacando os m\u00e9ritos e experi\u00eancia de seus companheiros. Vivamente aplaudido, convidou a seguir para participar da mesa o Dr. Diogo Pupo Nogueira e para saud\u00e1-lo, em nome da ANAMT e do Departamento de Medicina do Trabalho da APM, o Dr. Bernardo Bedrikow. Com a palavra o Dr. Bernardo Bedrikow, em feliz improviso, justificou a homenagem que naquele momento era prestada ao Dr. Diogo Pupo Nogueira pelo brilhantismo de sua defesa de tese, obtendo distin\u00e7\u00e3o, na obten\u00e7\u00e3o do t\u00edtulo de Doutor pela Faculdade de Higiene e Sa\u00fade P\u00fablica da Universidade de S\u00e3o Paulo. Fazendo um hist\u00f3rico das excelentes qualidades do homenageado, como cidad\u00e3o, m\u00e9dico, chefe de fam\u00edlia e filho exemplar, enfatizou o Dr. Bedrikow, o m\u00e9rito da defesa de tese, recentemente julgada, tendo alcan\u00e7ado por unanimidade distin\u00e7\u00e3o. A seguir entregou o Dr. Bernardo Bedrikow, uma placa de prata, como homenagem da ANAMT ao eminente m\u00e9dico, que naquela data era tamb\u00e9m empossado como Diretor cient\u00edfico da entidade. Visivelmente emocionado, agradeceu o Dr. Diogo Pupo Nogueira a homenagem que lhe estava sendo prestada, sensibilizado com as palavras de seu colega e amigo Dr. Bedrikow, int\u00e9rprete da ANAMT. Antes os oradores receberam calorosos aplausos da assist\u00eancia. A seguir o presidente Prof. Cesarino J\u00fanior deu a palavra ao Secret\u00e1rio Geral Dr. Oswaldo Paulino que, inicialmente, leu uma carta enviada pelo Prof. Benjamin A. Ribeiro, professor de Higiene do Trabalho, da Faculdade e Sa\u00fade P\u00fablica da USP, justificando a sua aus\u00eancia e manifestando a sua solidariedade \u00e0 justa homenagem prestada ao Dr. Pupo Nogueira. Leu a seguir carta do Dr. Ciro Albuquerque, da Secretaria de Estado do Trabalho, Ind\u00fastria e Com\u00e9rcio, comunicando que ao ensejo da reuni\u00e3o de Secret\u00e1rios do Trabalho \u00e1 realizar-se em S\u00e3o Paulo entre 16 e 20 de abril p.f., solicitava fosse feita especial programa\u00e7\u00e3o da ANAMT e do Departamento de Medicina do Trabalho. para a referida reuni\u00e3o. ficando ainda j\u00e1 reservado o dia 18. \u00e0s 21 horas. A seguir, fez o Secret\u00e1rio Geral comunica\u00e7\u00e3o oficial da realiza\u00e7\u00e3o no Brasil, em novembro deste ano, do III Congresso Pan-Americano de Medicina do Trabalho. A comiss\u00e3o executiva do II Congresso realizado em Buenos Aires em 1966, em carta assinada pelos Drs. Ricardo Adolfo Antoni e Juan Bastarrica, comunicou a escolha de nosso pa\u00eds para sede do conclave. Participou o Dr. Oswaldo Paulino que a comiss\u00e3o organizadora, reunida v\u00e1rias vezes, deliberou realizar o Congresso em Santos e poss\u00edvel extens\u00e3o ao Rio, ficando o mesmo como promo\u00e7\u00e3o da Associa\u00e7\u00e3o Nacional de Medicina do Trabalho. Comunicou ainda que em sess\u00e3o solene no sal\u00e3o nobre da Prefeitura de Santos foi dado p\u00fablico conhecimento do acontecimento cient\u00edfico e que desde j\u00e1 mereceu o apoio das autoridades e ainda o prest\u00edgio da Associa\u00e7\u00e3o Paulista de Medicina, Associa\u00e7\u00e3o M\u00e9dica Brasileira e Associa\u00e7\u00e3o dos M\u00e9dicos de Santos. Na referida sess\u00e3o, relatou o Dr. Oswaldo Paulino, que falou com presidente da comiss\u00e3o executiva do congresso, estiveram presentes o Dr. Pedro Kassab e v\u00e1rios diretores da AMB e o Prof. Italo Domingos Le Vocci que falou em nome da classe m\u00e9dica brasileira. Estiveram ainda presentes in\u00fameros m\u00e9dicos e autoridades do executivo e legislativo, o presidente da Associa\u00e7\u00e3o dos M\u00e9dicos de Santos, Dr. Antonio Pacheco Lessa, do Centro de Estudos de Medicina do Trabalho. Dr. Manoel Valente de Almeida e Silva. Em nome do Governo do Estado, esteve presente e falou hipotecando o seu apoio o deputado Ciro Albuquerque, Secret\u00e1rio do Trabalho, Ind\u00fastria e Com\u00e9rcio. Por fim o Prefeito de Santos, Dr. Silvio Fernandes Lopes, manifestou a honra e o desvanecimento da cidade de Santos por ter sido escolhida para sede do III Congresso Pan-Americano de Medicina do Trabalho, prometendo a colabora\u00e7\u00e3o da Prefeitura. Sua Excia. esteve presente acompanhado de todo o secretariado e do presidente da C\u00e2mara, notando-se ainda autoridades civis, militares e eclesi\u00e1sticas. Ap\u00f3s a explana\u00e7\u00e3o e comunica\u00e7\u00e3o oficial do congresso, o plen\u00e1rio aplaudiu demoradamente. numa manifesta\u00e7\u00e3o de apoio ao importante acontecimento. Antes de encerrar as suas palavras, comunicou ainda o Dr. Oswaldo Paulino a presen\u00e7a no plen\u00e1rio, entre tantos e ilustres colegas, a do Dr. Emilio Navajas Filho, que havia chegado, com uma carta, na qualidade de Diretor Cl\u00ednico da Santa Casa de Santos e representante daquela tradicional irmandade, para hipotecar o apoio a ANAMT e ao congresso.<\/p>\n<p>Antes de encerrar, o presidente Prof. Cesarino J\u00fanior salientou a justi\u00e7a da homenagem ao Dr. Diogo Pupo Nogueira. sendo ele mesmo um dos participantes da banca examinadora que conferiu distin\u00e7\u00e3o \u00e0 brilhante defesa de tese. Agradeceu ainda o presidente a presen\u00e7a do Dr. Pedro Kassab, ilustre secret\u00e1rio geral da AMB; do Prof. Italo Domingos Le Vocci, presidente da APM; do Dr. Virg\u00edlio Carvalho Pinto, presidente dia Academia de Medicina de S\u00e3o Paulo; do Prof. Walter Engracia de Oliveira, representando o diretor da Faculdade de Higiene e Sa\u00fade P\u00fablica; do Dr. Antonio Pacheco Lessa, presidente da Associa\u00e7\u00e3o dos M\u00e9dicos de Santos. Dando por encerrada a sess\u00e3o agradeceu a presen\u00e7a de ilustres colegas que prestigiaram a sess\u00e3o, alguns vindos de cidades do interior. Agradeceu em especial a presen\u00e7a de excelent\u00edssimas. senhoras e por fim convidou a todos a participar de um coquetel em homenagem ao Dr. Diogo Pupo Nogueira e em regozijo pela funda\u00e7\u00e3o e posse da nova diretoria, digo, da primeira diretoria da Associa\u00e7\u00e3o Nacional de Medicina do Trabalho. Em tempo: ficou a Diretoria da ANAMT. de acordo com o artigo 47. par\u00e1grafo \u00fanico dos estatutos, autorizada a firmar conv\u00eanio com a AMB, no sentido de torn\u00e1-la Departamento Cient\u00edfico da entidade m\u00e1xima da classe. Nada mais tendo sido tratado, foi por mim lavrada esta ata, que dever\u00e1 ser assinada conjuntamente com o presidente da ANAMT.<\/p>\n<p>S\u00e3o Paulo, 26 de mar\u00e7o de 1968<\/p>\n<p>Dr. Oswaldo Paulino<\/p>\n<p>Secret\u00e1rio Geral<\/p>\n<p>Prof. A. F. Cesarino J\u00fanior<\/p>\n<p>Presidente<\/p>\n<p>Aprovado em sess\u00e3o solene do dia 28 de abril de 1968.&#8221;<\/p>\n","protected":false},"excerpt":{"rendered":"<p>Assim nasceu a associa\u00e7\u00e3o nacional de medicina do trabalho (Anamt): Ata da sess\u00e3o de funda\u00e7\u00e3o e elei\u00e7\u00e3o da 1a\u00a0diretoria &#8220;Aos vinte e seis dias do m\u00eas de mar\u00e7o de mil novecentos e sessenta e oito, \u00e0s vinte e uma horas, no Sal\u00e3o Nobre da Associa\u00e7\u00e3o Paulista de Medicina, \u00e0 Avenida Brigadeiro Luiz Ant\u00f4nio 278, em [&hellip;]<\/p>\n","protected":false},"author":1,"featured_media":0,"parent":11974,"menu_order":0,"comment_status":"closed","ping_status":"closed","template":"","meta":{"footnotes":""},"_links":{"self":[{"href":"https:\/\/www.anamt.org.br\/portal\/wp-json\/wp\/v2\/pages\/12160"}],"collection":[{"href":"https:\/\/www.anamt.org.br\/portal\/wp-json\/wp\/v2\/pages"}],"about":[{"href":"https:\/\/www.anamt.org.br\/portal\/wp-json\/wp\/v2\/types\/page"}],"author":[{"embeddable":true,"href":"https:\/\/www.anamt.org.br\/portal\/wp-json\/wp\/v2\/users\/1"}],"replies":[{"embeddable":true,"href":"https:\/\/www.anamt.org.br\/portal\/wp-json\/wp\/v2\/comments?post=12160"}],"version-history":[{"count":0,"href":"https:\/\/www.anamt.org.br\/portal\/wp-json\/wp\/v2\/pages\/12160\/revisions"}],"up":[{"embeddable":true,"href":"https:\/\/www.anamt.org.br\/portal\/wp-json\/wp\/v2\/pages\/11974"}],"wp:attachment":[{"href":"https:\/\/www.anamt.org.br\/portal\/wp-json\/wp\/v2\/media?parent=12160"}],"curies":[{"name":"wp","href":"https:\/\/api.w.org\/{rel}","templated":true}]}}