{"id":12155,"date":"2017-02-20T13:51:16","date_gmt":"2017-02-20T16:51:16","guid":{"rendered":"https:\/\/www.anamt.org.br\/portal\/?page_id=12155"},"modified":"2025-05-16T12:14:47","modified_gmt":"2025-05-16T15:14:47","slug":"documentos-institucionais","status":"publish","type":"page","link":"https:\/\/www.anamt.org.br\/portal\/documentos-institucionais\/","title":{"rendered":"Documentos institucionais"},"content":{"rendered":"<h5>Documentos importantes sobre a ANAMT e a Medicina do Trabalho<\/h5>\n<p>DOCUMENTOS ANAMT<\/p>\n<ul>\n<li><a href=\"https:\/\/www.anamt.org.br\/portal\/sua-historia\/ata-de-fundacao-da-anamt\/\">Leia a ata de funda\u00e7\u00e3o da ANAMT<\/a><\/li>\n<li><a href=\"http:\/\/www.anamt.org.br\/site\/upload_arquivos\/documentos_2412201387177055475.pdf\" target=\"_blank\" rel=\"noopener\">C\u00f3digo de conduta do M\u00e9dico do Trabalho<\/a><\/li>\n<li><a href=\"http:\/\/www.anamt.org.br\/site\/upload_arquivos\/arquivos_diversos_10122013947307055475.pdf\" target=\"_blank\" rel=\"noopener\">Declara\u00e7\u00e3o de Aceita\u00e7\u00e3o do Regimento Interno para Associado Colaborador<\/a><\/li>\n<li><a href=\"https:\/\/www.anamt.org.br\/portal\/documentos-institucionais\/estatuto-comissoes-tecnicas\/\">Estatuto\u00a0&#8211; Comiss\u00f5es t\u00e9cnicas<\/a><\/li>\n<li><a href=\"http:\/\/www.anamt.org.br\/site\/upload_arquivos\/documentos_24120149363533424.pdf\" target=\"_blank\" rel=\"noopener\">Declara\u00e7\u00e3o de Aceita\u00e7\u00e3o do Regimento Interno para Associado Titular<\/a><\/li>\n<li><a href=\"https:\/\/www.anamt.org.br\/portal\/wp-content\/uploads\/2025\/05\/ESTATUTO-DA-ASSOCIACAO-NACIONAL-DE-MEDICINA-DO-TRABALHO-aprovado-16.04.2025.pdf\" target=\"_blank\" rel=\"noopener\">Estatuto da ANAMT<\/a><\/li>\n<li><a href=\"http:\/\/www.anamt.org.br\/site\/upload_arquivos\/documentos_241220138515533424.pdf\" target=\"_blank\" rel=\"noopener\">Regimento interno<\/a><\/li>\n<li><a href=\"http:\/\/www.anamt.org.br\/site\/upload_arquivos\/documentos_241220138695795186.pdf\" target=\"_blank\" rel=\"noopener\">Regimento Interno &#8211; Prova de T\u00edtulo\u00a0<\/a><\/li>\n<li><a href=\"https:\/\/www.anamt.org.br\/portal\/wp-content\/uploads\/2021\/05\/Regimento-Interno-para-Prova-de-T%C3%ADtulo-da-Anamt.-vf.pdf\" target=\"_blank\" rel=\"noopener\">Regimento interno &#8211; Prova de T\u00edtulo 2021\u00a0<\/a><\/li>\n<li><a href=\"https:\/\/www.anamt.org.br\/portal\/wp-content\/uploads\/2019\/01\/Parecer-ANAMT_NT09_2018_DSST_20180820.pdf\" target=\"_blank\" rel=\"noopener\">Parecer t\u00e9cnico da ANAMT sobre a Nota T\u00e9cnica n\u00ba 9\/2018\/CGFIO\/DSST\/SIT<\/a><\/li>\n<li><a href=\"https:\/\/www.anamt.org.br\/portal\/wp-content\/uploads\/2020\/01\/Regimento-CEP-VF_APROVADO-09112018.pdf\" target=\"_blank\" rel=\"noopener\">Regimento Interno do Conselho de ex-presidentes da ANAMT<\/a><\/li>\n<li><a href=\"https:\/\/www.anamt.org.br\/portal\/wp-content\/uploads\/2022\/07\/ANAMT-Regimento-Interno-do-Processo-Eleitoral-Aprovado-pelo-Conselho-Deliberativo-1.pdf\" target=\"_blank\" rel=\"noopener\">Regimento interno do processo eleitoral da ANAMT<\/a><\/li>\n<li><a href=\"https:\/\/www.anamt.org.br\/portal\/wp-content\/uploads\/2022\/07\/CALENDARIO-ELEITORAL-2022.pdf\" target=\"_blank\" rel=\"noopener\">Calend\u00e1rio Eleitoral 2022<\/a><\/li>\n<li><a href=\"https:\/\/sistemasanamt.org.br\/anamt\/site\/documentos\/edital-de-convocacao-eleicao-anamt-01072022.pdf\" target=\"_blank\" rel=\"noopener\">Edital de Convoca\u00e7\u00e3o &#8211; Processo Eleitoral<\/a><\/li>\n<li>Parecer Final da Comiss\u00e3o Eleitoral &#8211; <a href=\"https:\/\/www.anamt.org.br\/portal\/wp-content\/uploads\/2022\/07\/PARECER_FINAL_HOMOLOGA%C3%87%C3%83O_Conselho-Fiscal-2023-2026-PUBLICA%C3%87%C3%83O_V2.pdf\" target=\"_blank\" rel=\"noopener\">Cargos do Conselho Fiscal<\/a> e <a href=\"https:\/\/www.anamt.org.br\/portal\/wp-content\/uploads\/2022\/08\/PARECER_FINAL_HOMOLOGA%C3%87%C3%83O_DIRETORIA-2023-2026-PUBLICA%C3%87%C3%83O_ass.pdf\" target=\"_blank\" rel=\"noopener\">Cargos da Diretoria Executiva da ANAMT<\/a><\/li>\n<li><a href=\"https:\/\/www.anamt.org.br\/portal\/wp-content\/uploads\/2022\/08\/ANAMT-Comiss%C3%A3o-Eleitoral-Orienta%C3%A7%C3%B5es-sobre-o-per%C3%ADodo-de-campanha-eleitoral.pdf\" target=\"_blank\" rel=\"noopener\">Orienta\u00e7\u00f5es acerca do per\u00edodo de campanha eleitoral<\/a><\/li>\n<\/ul>\n<p>POSICIONAMENTOS ANAMT<\/p>\n<ul>\n<li><a href=\"https:\/\/www.anamt.org.br\/portal\/2015\/10\/02\/portaria-absurda-do-mte-e-favoravel-ao-uso-seguro-do-amianto\/\">Portaria absurda do MTE \u00e9 favor\u00e1vel ao uso seguro do amianto<\/a><\/li>\n<li><a href=\"http:\/\/www.anamt.org.br\/site\/upload_arquivos\/documentos_198201495567055475.pdf\" target=\"_blank\" rel=\"noopener\">Nota p\u00fablica sobre a altera\u00e7\u00e3o do item 4.4.1 da NR 4 (Servi\u00e7os Especializados em Engenharia de Seguran\u00e7a e em Medicina do Trabalho)<\/a><\/li>\n<li><a href=\"https:\/\/www.anamt.org.br\/portal\/2015\/05\/11\/anamt-divulga-nota-de-repudio-ao-pl-4-3302004\/\">ANAMT divulga nota de rep\u00fadio ao PL 4.330\/2004<\/a><\/li>\n<li><a href=\"http:\/\/www.anamt.org.br\/site\/upload_arquivos\/documentos_1482014914347055475.pdf\" target=\"_blank\" rel=\"noopener\">Posicionamento em 2015 a respeito das mudan\u00e7as introduzidas na Resolu\u00e7\u00e3o CFM 1.488\/1998<\/a><\/li>\n<li><a href=\"https:\/\/www.anamt.org.br\/portal\/2015\/11\/23\/posicionamento-oficial-referente-a-portaria-116-do-ministerio-do-trabalho-e-previdencia-social\/\">Posicionamento oficial referente \u00e0 Portaria 116 do Minist\u00e9rio do Trabalho e Previd\u00eancia Social<\/a><\/li>\n<li><a href=\"https:\/\/www.anamt.org.br\/portal\/2016\/08\/10\/anamt-se-posiciona-sobre-a-proposta-de-planos-populares-anunciada-pelo-ministerio-da-saude\/\">ANAMT se posiciona sobre a proposta de \u201cplanos populares\u201d anunciada pelo Minist\u00e9rio da Sa\u00fade<\/a><\/li>\n<li><a href=\"https:\/\/www.anamt.org.br\/portal\/2017\/10\/17\/nota-de-repudio-portaria-no-1-129-de-13102017\/\">Nota de Rep\u00fadio \u2013 Portaria N\u00ba 1.129, de 13\/10\/2017<\/a><\/li>\n<li><a href=\"https:\/\/www.anamt.org.br\/portal\/2018\/05\/09\/apos-debate-aberto-anamt-encaminha-ao-cfm-sua-contribuicao-para-a-revisao-da-resolucao-cfm-no148898\/\">Ap\u00f3s debate aberto em 2018, ANAMT encaminha ao CFM sua contribui\u00e7\u00e3o para a revis\u00e3o da Resolu\u00e7\u00e3o CFM N\u00ba1488\/98<\/a><\/li>\n<li><a href=\"https:\/\/www.anamt.org.br\/portal\/2017\/08\/14\/probicao-do-amianto-anamt-encaminha-carta-aos-ministros-do-stf\/\">Banimento do amianto: ANAMT encaminha carta aos ministros do STF<\/a><\/li>\n<li><a href=\"https:\/\/www.anamt.org.br\/portal\/2017\/08\/25\/amianto-anamt-divulga-nota-sobre-resultado-do-julgamento-do-stf\/\">Amianto: ANAMT divulga nota sobre resultado do julgamento do STF<\/a><\/li>\n<li><a href=\"https:\/\/www.anamt.org.br\/portal\/2018\/07\/16\/anamt-defende-sus-como-politica-de-estado\/\">Posicionamento da ANAMT em defesa do SUS como pol\u00edtica de Estado\u00a0\u00a0<\/a><\/li>\n<\/ul>\n<p>MEDICINA DO TRABALHO<\/p>\n<ul>\n<li><a href=\"http:\/\/www.anamt.org.br\/site\/upload_arquivos\/arquivos_diversos_28420161611117055475.pdf\" target=\"_blank\" rel=\"noopener\">C\u00f3digo Internacional de \u00c9tica da ICOH para os profissionais de sa\u00fade no trabalho<\/a><\/li>\n<\/ul>\n<p>&nbsp;<\/p>\n<p>&nbsp;<\/p>\n","protected":false},"excerpt":{"rendered":"<p>Documentos importantes sobre a ANAMT e a Medicina do Trabalho DOCUMENTOS ANAMT Leia a ata de funda\u00e7\u00e3o da ANAMT C\u00f3digo de conduta do M\u00e9dico do Trabalho Declara\u00e7\u00e3o de Aceita\u00e7\u00e3o do Regimento Interno para Associado Colaborador Estatuto\u00a0&#8211; Comiss\u00f5es t\u00e9cnicas Declara\u00e7\u00e3o de Aceita\u00e7\u00e3o do Regimento Interno para Associado Titular Estatuto da ANAMT Regimento interno Regimento Interno &#8211; [&hellip;]<\/p>\n","protected":false},"author":1,"featured_media":0,"parent":0,"menu_order":0,"comment_status":"closed","ping_status":"closed","template":"","meta":{"footnotes":""},"_links":{"self":[{"href":"https:\/\/www.anamt.org.br\/portal\/wp-json\/wp\/v2\/pages\/12155"}],"collection":[{"href":"https:\/\/www.anamt.org.br\/portal\/wp-json\/wp\/v2\/pages"}],"about":[{"href":"https:\/\/www.anamt.org.br\/portal\/wp-json\/wp\/v2\/types\/page"}],"author":[{"embeddable":true,"href":"https:\/\/www.anamt.org.br\/portal\/wp-json\/wp\/v2\/users\/1"}],"replies":[{"embeddable":true,"href":"https:\/\/www.anamt.org.br\/portal\/wp-json\/wp\/v2\/comments?post=12155"}],"version-history":[{"count":3,"href":"https:\/\/www.anamt.org.br\/portal\/wp-json\/wp\/v2\/pages\/12155\/revisions"}],"predecessor-version":[{"id":51826,"href":"https:\/\/www.anamt.org.br\/portal\/wp-json\/wp\/v2\/pages\/12155\/revisions\/51826"}],"wp:attachment":[{"href":"https:\/\/www.anamt.org.br\/portal\/wp-json\/wp\/v2\/media?parent=12155"}],"curies":[{"name":"wp","href":"https:\/\/api.w.org\/{rel}","templated":true}]}}

<h5>Documentos importantes sobre a ANAMT e a Medicina do Trabalho</h5>
<p>DOCUMENTOS ANAMT</p>
<ul>
<li><a href="https://www.anamt.org.br/portal/sua-historia/ata-de-fundacao-da-anamt/">Leia a ata de fundação da ANAMT</a></li>
<li><a href="http://www.anamt.org.br/site/upload_arquivos/documentos_2412201387177055475.pdf" target="_blank" rel="noopener">Código de conduta do Médico do Trabalho</a></li>
<li><a href="http://www.anamt.org.br/site/upload_arquivos/arquivos_diversos_10122013947307055475.pdf" target="_blank" rel="noopener">Declaração de Aceitação do Regimento Interno para Associado Colaborador</a></li>
<li><a href="https://www.anamt.org.br/portal/documentos-institucionais/estatuto-comissoes-tecnicas/">Estatuto &#8211; Comissões técnicas</a></li>
<li><a href="http://www.anamt.org.br/site/upload_arquivos/documentos_24120149363533424.pdf" target="_blank" rel="noopener">Declaração de Aceitação do Regimento Interno para Associado Titular</a></li>
<li><a href="https://www.anamt.org.br/portal/wp-content/uploads/2025/05/ESTATUTO-DA-ASSOCIACAO-NACIONAL-DE-MEDICINA-DO-TRABALHO-aprovado-16.04.2025.pdf" target="_blank" rel="noopener">Estatuto da ANAMT</a></li>
<li><a href="http://www.anamt.org.br/site/upload_arquivos/documentos_241220138515533424.pdf" target="_blank" rel="noopener">Regimento interno</a></li>
<li><a href="http://www.anamt.org.br/site/upload_arquivos/documentos_241220138695795186.pdf" target="_blank" rel="noopener">Regimento Interno &#8211; Prova de Título </a></li>
<li><a href="https://www.anamt.org.br/portal/wp-content/uploads/2021/05/Regimento-Interno-para-Prova-de-T%C3%ADtulo-da-Anamt.-vf.pdf" target="_blank" rel="noopener">Regimento interno &#8211; Prova de Título 2021 </a></li>
<li><a href="https://www.anamt.org.br/portal/wp-content/uploads/2019/01/Parecer-ANAMT_NT09_2018_DSST_20180820.pdf" target="_blank" rel="noopener">Parecer técnico da ANAMT sobre a Nota Técnica nº 9/2018/CGFIO/DSST/SIT</a></li>
<li><a href="https://www.anamt.org.br/portal/wp-content/uploads/2020/01/Regimento-CEP-VF_APROVADO-09112018.pdf" target="_blank" rel="noopener">Regimento Interno do Conselho de ex-presidentes da ANAMT</a></li>
<li><a href="https://www.anamt.org.br/portal/wp-content/uploads/2022/07/ANAMT-Regimento-Interno-do-Processo-Eleitoral-Aprovado-pelo-Conselho-Deliberativo-1.pdf" target="_blank" rel="noopener">Regimento interno do processo eleitoral da ANAMT</a></li>
<li><a href="https://www.anamt.org.br/portal/wp-content/uploads/2022/07/CALENDARIO-ELEITORAL-2022.pdf" target="_blank" rel="noopener">Calendário Eleitoral 2022</a></li>
<li><a href="https://sistemasanamt.org.br/anamt/site/documentos/edital-de-convocacao-eleicao-anamt-01072022.pdf" target="_blank" rel="noopener">Edital de Convocação &#8211; Processo Eleitoral</a></li>
<li>Parecer Final da Comissão Eleitoral &#8211; <a href="https://www.anamt.org.br/portal/wp-content/uploads/2022/07/PARECER_FINAL_HOMOLOGA%C3%87%C3%83O_Conselho-Fiscal-2023-2026-PUBLICA%C3%87%C3%83O_V2.pdf" target="_blank" rel="noopener">Cargos do Conselho Fiscal</a> e <a href="https://www.anamt.org.br/portal/wp-content/uploads/2022/08/PARECER_FINAL_HOMOLOGA%C3%87%C3%83O_DIRETORIA-2023-2026-PUBLICA%C3%87%C3%83O_ass.pdf" target="_blank" rel="noopener">Cargos da Diretoria Executiva da ANAMT</a></li>
<li><a href="https://www.anamt.org.br/portal/wp-content/uploads/2022/08/ANAMT-Comiss%C3%A3o-Eleitoral-Orienta%C3%A7%C3%B5es-sobre-o-per%C3%ADodo-de-campanha-eleitoral.pdf" target="_blank" rel="noopener">Orientações acerca do período de campanha eleitoral</a></li>
</ul>
<p>POSICIONAMENTOS ANAMT</p>
<ul>
<li><a href="https://www.anamt.org.br/portal/2015/10/02/portaria-absurda-do-mte-e-favoravel-ao-uso-seguro-do-amianto/">Portaria absurda do MTE é favorável ao uso seguro do amianto</a></li>
<li><a href="http://www.anamt.org.br/site/upload_arquivos/documentos_198201495567055475.pdf" target="_blank" rel="noopener">Nota pública sobre a alteração do item 4.4.1 da NR 4 (Serviços Especializados em Engenharia de Segurança e em Medicina do Trabalho)</a></li>
<li><a href="https://www.anamt.org.br/portal/2015/05/11/anamt-divulga-nota-de-repudio-ao-pl-4-3302004/">ANAMT divulga nota de repúdio ao PL 4.330/2004</a></li>
<li><a href="http://www.anamt.org.br/site/upload_arquivos/documentos_1482014914347055475.pdf" target="_blank" rel="noopener">Posicionamento em 2015 a respeito das mudanças introduzidas na Resolução CFM 1.488/1998</a></li>
<li><a href="https://www.anamt.org.br/portal/2015/11/23/posicionamento-oficial-referente-a-portaria-116-do-ministerio-do-trabalho-e-previdencia-social/">Posicionamento oficial referente à Portaria 116 do Ministério do Trabalho e Previdência Social</a></li>
<li><a href="https://www.anamt.org.br/portal/2016/08/10/anamt-se-posiciona-sobre-a-proposta-de-planos-populares-anunciada-pelo-ministerio-da-saude/">ANAMT se posiciona sobre a proposta de “planos populares” anunciada pelo Ministério da Saúde</a></li>
<li><a href="https://www.anamt.org.br/portal/2017/10/17/nota-de-repudio-portaria-no-1-129-de-13102017/">Nota de Repúdio – Portaria Nº 1.129, de 13/10/2017</a></li>
<li><a href="https://www.anamt.org.br/portal/2018/05/09/apos-debate-aberto-anamt-encaminha-ao-cfm-sua-contribuicao-para-a-revisao-da-resolucao-cfm-no148898/">Após debate aberto em 2018, ANAMT encaminha ao CFM sua contribuição para a revisão da Resolução CFM Nº1488/98</a></li>
<li><a href="https://www.anamt.org.br/portal/2017/08/14/probicao-do-amianto-anamt-encaminha-carta-aos-ministros-do-stf/">Banimento do amianto: ANAMT encaminha carta aos ministros do STF</a></li>
<li><a href="https://www.anamt.org.br/portal/2017/08/25/amianto-anamt-divulga-nota-sobre-resultado-do-julgamento-do-stf/">Amianto: ANAMT divulga nota sobre resultado do julgamento do STF</a></li>
<li><a href="https://www.anamt.org.br/portal/2018/07/16/anamt-defende-sus-como-politica-de-estado/">Posicionamento da ANAMT em defesa do SUS como política de Estado  </a></li>
</ul>
<p>MEDICINA DO TRABALHO</p>
<ul>
<li><a href="http://www.anamt.org.br/site/upload_arquivos/arquivos_diversos_28420161611117055475.pdf" target="_blank" rel="noopener">Código Internacional de Ética da ICOH para os profissionais de saúde no trabalho</a></li>
</ul>
<p>&nbsp;</p>
<p>&nbsp;</p>

<p>Documentos importantes sobre a ANAMT e a Medicina do Trabalho DOCUMENTOS ANAMT Leia a ata de fundação da ANAMT Código de conduta do Médico do Trabalho Declaração de Aceitação do Regimento Interno para Associado Colaborador Estatuto &#8211; Comissões técnicas Declaração de Aceitação do Regimento Interno para Associado Titular Estatuto da ANAMT Regimento interno Regimento Interno &#8211; [&hellip;]</p>
