{"id":12135,"date":"2017-02-20T12:59:51","date_gmt":"2017-02-20T15:59:51","guid":{"rendered":"https:\/\/www.anamt.org.br\/portal\/?page_id=12135"},"modified":"2023-09-05T18:15:28","modified_gmt":"2023-09-05T21:15:28","slug":"conselho-tecnico","status":"publish","type":"page","link":"https:\/\/www.anamt.org.br\/portal\/conselho-tecnico\/","title":{"rendered":"Conselho t\u00e9cnico"},"content":{"rendered":"<p>O Conselho T\u00e9cnico da ANAMT \u00e9 respons\u00e1vel pelo planejamento e execu\u00e7\u00e3o das atividades cient\u00edficas da entidade. Fundamental na estrutura da Associa\u00e7\u00e3o, ele elabora elaborar materiais cient\u00edficos, pareceres, diretrizes t\u00e9cnicas e relat\u00f3rios t\u00e9cnico-cient\u00edficos, al\u00e9m de organizar eventos de atualiza\u00e7\u00e3o profissional, debates e cursos (presenciais e a dist\u00e2ncia) sobre os temas de cada comiss\u00e3o. Essa produ\u00e7\u00e3o procura auxiliar a pr\u00e1tica di\u00e1ria dos profissionais com informa\u00e7\u00f5es atualizadas e pertinentes, que sejam de valia para a elabora\u00e7\u00e3o de documentos legais e informem a conduta m\u00e9dica adequada.<\/p>\n<p>Alinhado a esse car\u00e1ter democr\u00e1tico da ANAMT, o Conselho T\u00e9cnico subordina toda a pol\u00edtica das a\u00e7\u00f5es cient\u00edficas a um colegiado. \u00c9 constitu\u00eddo da seguinte forma: presidente, secret\u00e1rio e Comiss\u00f5es T\u00e9cnicas. Essas, por sua vez, s\u00e3o divididas por \u00e1reas de atua\u00e7\u00e3o e formadas por um n\u00facleo executivo: presidente, secret\u00e1rio e tr\u00eas membros titulares, al\u00e9m de membros colaboradores.<\/p>\n<p>Atualmente, as comiss\u00f5es est\u00e3o em renova\u00e7\u00e3o. Interessados em participar devem entrar em contato pelo <i>e-mail<\/i> <a href=\"mailto:cientificao@anamt.org.br\"><i>cientifico@anamt.org.br<\/i><\/a>.<\/p>\n<h3>Comiss\u00f5es t\u00e9cnicas<\/h3>\n<p>Em renova\u00e7\u00e3o.<\/p>\n<h5>Confira tamb\u00e9m<\/h5>\n<ul>\n<li><a href=\"http:\/\/www.anamt.org.br\/site\/upload_arquivos\/documentos_912014936527055475.pdf\">Regimento Interno do Conselho T\u00e9cnico<\/a><\/li>\n<\/ul>\n","protected":false},"excerpt":{"rendered":"<p>O Conselho T\u00e9cnico da ANAMT \u00e9 respons\u00e1vel pelo planejamento e execu\u00e7\u00e3o das atividades cient\u00edficas da entidade. Fundamental na estrutura da Associa\u00e7\u00e3o, ele elabora elaborar materiais cient\u00edficos, pareceres, diretrizes t\u00e9cnicas e relat\u00f3rios t\u00e9cnico-cient\u00edficos, al\u00e9m de organizar eventos de atualiza\u00e7\u00e3o profissional, debates e cursos (presenciais e a dist\u00e2ncia) sobre os temas de cada comiss\u00e3o. Essa produ\u00e7\u00e3o procura [&hellip;]<\/p>\n","protected":false},"author":1,"featured_media":0,"parent":0,"menu_order":0,"comment_status":"closed","ping_status":"closed","template":"","meta":{"footnotes":""},"_links":{"self":[{"href":"https:\/\/www.anamt.org.br\/portal\/wp-json\/wp\/v2\/pages\/12135"}],"collection":[{"href":"https:\/\/www.anamt.org.br\/portal\/wp-json\/wp\/v2\/pages"}],"about":[{"href":"https:\/\/www.anamt.org.br\/portal\/wp-json\/wp\/v2\/types\/page"}],"author":[{"embeddable":true,"href":"https:\/\/www.anamt.org.br\/portal\/wp-json\/wp\/v2\/users\/1"}],"replies":[{"embeddable":true,"href":"https:\/\/www.anamt.org.br\/portal\/wp-json\/wp\/v2\/comments?post=12135"}],"version-history":[{"count":1,"href":"https:\/\/www.anamt.org.br\/portal\/wp-json\/wp\/v2\/pages\/12135\/revisions"}],"predecessor-version":[{"id":48347,"href":"https:\/\/www.anamt.org.br\/portal\/wp-json\/wp\/v2\/pages\/12135\/revisions\/48347"}],"wp:attachment":[{"href":"https:\/\/www.anamt.org.br\/portal\/wp-json\/wp\/v2\/media?parent=12135"}],"curies":[{"name":"wp","href":"https:\/\/api.w.org\/{rel}","templated":true}]}}