{"id":12110,"date":"2017-02-20T09:33:27","date_gmt":"2017-02-20T12:33:27","guid":{"rendered":"https:\/\/www.anamt.org.br\/portal\/?page_id=12110"},"modified":"2023-08-21T12:21:28","modified_gmt":"2023-08-21T15:21:28","slug":"galeria-dos-ex-presidentes-da-anamt","status":"publish","type":"page","link":"https:\/\/www.anamt.org.br\/portal\/diretoria\/galeria-dos-ex-presidentes-da-anamt\/","title":{"rendered":"Galeria dos ex-presidentes da ANAMT"},"content":{"rendered":"<h5>GEST\u00c3O 2019-2022: <span class=\"item\" data-mce-mark=\"1\">Dra. Rosylane Rocha (DF)<\/span><\/h5>\n<p><img decoding=\"async\" class=\"size-full wp-image-38905 alignleft\" src=\"https:\/\/www.anamt.org.br\/portal\/wp-content\/uploads\/2022\/12\/coluna_da_presidente_assinatura_133x200_v2_pb_menor.jpg\" alt=\"\" width=\"100\" height=\"125\" data-wp-editing=\"1\" \/>\u25cf Graduada em Medicina pela UniRio. Cirurgi\u00e3 Geral, M\u00e9dica do Trabalho e M\u00e9dica Perita. P\u00f3s-graduada em Valora\u00e7\u00e3o do Dano Corporal pela Universidade de Coimbra.<br \/>\n\u25cf Doutora em Bio\u00e9tica pela Universidade do Porto. Professora Supervisora de Resid\u00eancia em Medicina do Trabalho na Escola Superior de Ci\u00eancias da Sa\u00fade.<br \/>\n\u25cf M\u00e9dica do Trabalho da SESDF e SEECDF. Perita do TRT10 e TJDFT. Conselheira Regional e Federal de Medicina. Conselheira Regional de Medicina do DF. 2\u00aa Vice-presidente do Conselho Federal de Medicina.<\/p>\n<h5>GEST\u00c3O 2016-2019:\u00a0<span class=\"item\" data-mce-mark=\"1\">Dra. Marcia Bandini (SP)<\/span><\/h5>\n<p><img decoding=\"async\" class=\"size-full wp-image-38905 alignleft\" src=\"https:\/\/www.anamt.org.br\/portal\/wp-content\/uploads\/2019\/09\/diretoria_presidente_marcia_bandini_100x125.jpg\" alt=\"\" width=\"100\" height=\"125\" \/>\u25cf Especialista em Medicina do Trabalho pela ANAMT\/AMB;<br \/>\n\u25cf Doutora pela Faculdade de Medicina da USP, com pesquisa em curso sobre o impacto das a\u00e7\u00f5es de promo\u00e7\u00e3o da sa\u00fade no trabalho;<br \/>\n\u25cf T\u00edtulo de especialista em Medicina do Tr\u00e1fego, resultado de seu trabalho como m\u00e9dica perita do<br \/>\n\u25cf Departamento de Tr\u00e2nsito\/SP para a inclus\u00e3o de Pessoas com Defici\u00eancia;<br \/>\nConsultora s\u00eanior e docente da \u00c1rea de Sa\u00fade do Trabalhador no Departamento de Sa\u00fade Coletiva da Unicamp.<\/p>\n<h5>GEST\u00c3O 2013-2016:\u00a0<span class=\"item\" data-mce-mark=\"1\">Dr. Zuher Handar\u00a0(PR)<\/span><\/h5>\n<p><img decoding=\"async\" class=\"alignleft wp-image-12113 size-full\" title=\"Dr. Zuher Handar (PR)\" src=\"https:\/\/www.anamt.org.br\/portal\/wp-content\/uploads\/2017\/02\/gal_pres_2013-e1487596475767.jpg\" width=\"100\" height=\"125\" \/>\u25cf\u00a0P\u00f3s-Graduado em Sa\u00fade P\u00fablica e Especialista em Medicina do Trabalho;<br \/>\n\u25cf\u00a0Coordenador do Curso de P\u00f3s Gradua\u00e7\u00e3o em Medicina do Trabalho da Pontif\u00edcia Universidade Cat\u00f3lica do Paran\u00e1;<br \/>\n\u25cf\u00a0Professor de Medicina Preventiva e do Trabalho da Faculdade Evang\u00e9lica do Paran\u00e1 e da Pontif\u00edcia Universidade Cat\u00f3lica do Paran\u00e1;<br \/>\n\u25cf\u00a0Consultor para a \u00e1rea de Sa\u00fade e Seguran\u00e7a no Trabalho do Escrit\u00f3rio da Organiza\u00e7\u00e3o Internacional do Trabalho no Brasil;<br \/>\n\u25cf\u00a0Ex-secret\u00e1rio de Sa\u00fade e Seguran\u00e7a no Trabalho do Minist\u00e9rio do Trabalho e Emprego.<\/p>\n<h5>GEST\u00d5ES 2007-2010 E 2010-2013: Dr. Carlos Campos (GO)<\/h5>\n<p><img decoding=\"async\" class=\"alignleft wp-image-12114 size-full\" title=\"Dr. Carlos Campos\" src=\"https:\/\/www.anamt.org.br\/portal\/wp-content\/uploads\/2017\/02\/gal_pres_2007-e1487596496116.jpg\" width=\"100\" height=\"124\" \/>\u25cf Especialista em Ortopedia e Traumatologia, Medicina do Trabalho, Medicina Legal e Per\u00edcias M\u00e9dicas;<br \/>\n\u25cfEspecialista em Ergonomia COPPE\/CESERG\/UFRJ;<br \/>\n\u25cf P\u00f3s Gradua\u00e7\u00e3o em Sa\u00fade P\u00fablica na UNAERP-Ribeir\u00e3o Preto (SP);<br \/>\n\u25cf M\u00e1ster en Prevenci\u00f3n y Protecci\u00f3n de Riesgos Laborales, OISS Espanha;<br \/>\n\u25cf Diretor T\u00e9cnico do IERGO \u2013 Instituto de Ergonomia Ltda.<\/p>\n<h5>GEST\u00d5ES 2001-2004 E 2004-2007:\u00a0Prof. Ren\u00e9 Mendes\u00a0(SP)<\/h5>\n<p><img decoding=\"async\" class=\"alignleft wp-image-12117\" title=\"Prof. Ren\u00e9 Mendes\" src=\"https:\/\/www.anamt.org.br\/portal\/wp-content\/uploads\/2017\/02\/gal_pres_2001.jpg\" width=\"100\" height=\"122\" \/>\u25cf\u00a0Especialista em Sa\u00fade P\u00fablica pela USP;<br \/>\n\u25cf\u00a0Especialista em Medicina do Trabalho pela Associa\u00e7\u00e3o Nacional de Medicina do Trabalho e Associa\u00e7\u00e3o M\u00e9dica Brasileira;<br \/>\n\u25cf\u00a0Mestre e Doutor em Sa\u00fade P\u00fablica pela USP;<br \/>\n\u25cf\u00a0Professor Titular de Medicina Preventiva e Social, FM-UFMG (aposentado);<br \/>\n\u25cf\u00a0Membro honor\u00e1rio da ICOH &#8211; International Commission on Occupational Health.<\/p>\n<h5>GEST\u00d5ES 1993-1995 E 1995-1998:\u00a0Dr. Ruddy Cesar Facci (PR)<\/h5>\n<p><img decoding=\"async\" class=\"alignleft wp-image-12119\" title=\"Dr. Ruddy Cesar Facci\" src=\"https:\/\/www.anamt.org.br\/portal\/wp-content\/uploads\/2017\/02\/gal_pres_1993.jpg\" width=\"100\" height=\"122\" \/>\u25cf\u00a0Especialista em Medicina do Trabalho pela Associa\u00e7\u00e3o M\u00e9dica Brasileira e pelo Conselho Federal de Medicina;<br \/>\n\u25cf\u00a0Ex-vice presidente da International Commission on Occupational Health;<br \/>\n\u25cf\u00a0Membro da Academia Nacional de Medicina do Trabalho;<br \/>\n\u25cf\u00a0Ex- Presidente da Associa\u00e7\u00e3o Paranaense de Medicina do Trabalho;<br \/>\n\u25cf\u00a0Diretor Presidente do Grupo INSAT.<\/p>\n<h5>GEST\u00c3O 1991-1993:\u00a0Dr. \u00c1lvaro Frig\u00e9rio Paulo (SP)<\/h5>\n<p><img decoding=\"async\" class=\"alignleft wp-image-12120\" title=\"Dr. \u00c1lvaro Frig\u00e9rio Paulo\" src=\"https:\/\/www.anamt.org.br\/portal\/wp-content\/uploads\/2017\/02\/gal_pres_1991.jpg\" width=\"100\" height=\"122\" \/>\u25cf\u00a0Especialista em Medicina do Trabalho pela Associa\u00e7\u00e3o M\u00e9dica Brasileira e Associa\u00e7\u00e3o Nacional de Medicina do Trabalho;<br \/>\n\u25cf\u00a0Membro da International Commission Ocupational Health;<br \/>\n\u25cf\u00a0Diretor da Associa\u00e7\u00e3o Brasileira de Empresas de Seguran\u00e7a e Sa\u00fade no Trabalho;<br \/>\n\u25cf\u00a0Ex-presidente da Sociedade Paulista de Medicina do Trabalho;<br \/>\n\u25cf\u00a0Co-Autor dos livros: &#8220;PPRA e PCMSO Na Pr\u00e1tica&#8221;, Editora G\u00eanesis, 1996; e &#8220;Sa\u00fade no Trabalho&#8221;, Editora Rocca, 2000.<\/p>\n<h5>GEST\u00d5ES 1987-1991 E 1998-2001:\u00a0Dr. Casimiro Pereira Junior (SC)<\/h5>\n<p><img decoding=\"async\" class=\"alignleft wp-image-12121\" title=\"Dr. Casimiro Pereira Junior\" src=\"https:\/\/www.anamt.org.br\/portal\/wp-content\/uploads\/2017\/02\/gal_pres_1987.jpg\" width=\"100\" height=\"122\" \/>\u25cf\u00a0T\u00edtulo de Especialista em Medicina do Trabalho pela Associa\u00e7\u00e3o M\u00e9dica Brasileira e pelo Conselho Federal de Medicina;<br \/>\n\u25cf\u00a0Mestre em Engenharia de Produ\u00e7\u00e3o, na \u00e1rea de ergonomia, pela Universidade Federal de Santa Catarina;<br \/>\n\u25cf\u00a0Ex-perito das Varas do Trabalho de Florian\u00f3polis;<br \/>\n\u25cf\u00a0M\u00e9dico Legista do Instituto Geral de Per\u00edcias da Secretaria de Seguran\u00e7a P\u00fablica de Santa Catarina.<\/p>\n<h5>GEST\u00c3O 1985-1987:\u00a0Dr. Pedro Elias Makaron (SP)<\/h5>\n<p><img decoding=\"async\" class=\"alignleft wp-image-12124\" title=\"Dr. Pedro Elias Makaron\" src=\"https:\/\/www.anamt.org.br\/portal\/wp-content\/uploads\/2017\/02\/gal_pres_1985.jpg\" width=\"100\" height=\"122\" \/>\u25cf\u00a0T\u00edtulo de especialista em Medicina do Trabalho pelo Conselho Federal de Medicina e pela Associa\u00e7\u00e3o Nacional de Medicina do Trabalho;<br \/>\n\u25cf\u00a0Especializa\u00e7\u00e3o em Administra\u00e7\u00e3o Hospitalar pelo Instituto Superior de Administra\u00e7\u00e3o Hospitalar;<br \/>\n\u25cf\u00a0Ex-diretor da Divis\u00e3o de Sa\u00fade do Trabalhador da Secretaria do Trabalho de S\u00e3o Paulo;<br \/>\n\u25cf\u00a0Ex-presidente do Departamento de Medicina do Trabalho da Associa\u00e7\u00e3o Paulista de Medicina.<\/p>\n<h5>GEST\u00c3O 1983-1985:\u00a0Dr. Gilberto Madeira Peixoto (MG)<\/h5>\n<p><img decoding=\"async\" class=\"alignleft wp-image-12125\" title=\"Dr. Gilberto Madeira Peixoto\" src=\"https:\/\/www.anamt.org.br\/portal\/wp-content\/uploads\/2017\/02\/gal_pres_1983.jpg\" width=\"100\" height=\"122\" \/>\u25cf\u00a0T\u00edtulo de especialista em Medicina do Trabalho pela Associa\u00e7\u00e3o M\u00e9dica Brasileira e Associa\u00e7\u00e3o Nacional de Medicina do Trabalho;<br \/>\n\u25cf\u00a0Titular e presidente da Academia Mineira de Medicina;<br \/>\n\u25cf\u00a0Presidente do Conselho Fiscal do Instituto Hist\u00f3rico e Geogr\u00e1fico de Minas Gerais;<br \/>\n\u25cf\u00a0Membro da Academia Brasileira de M\u00e9dicos Escritores;<br \/>\n\u25cf\u00a0Fundador e ex-presidente da Associa\u00e7\u00e3o Mineira de Medicina do Trabalho.<\/p>\n<h5>GEST\u00c3O 1981-1983:\u00a0Dr. Jorge da Rocha Gomes<\/h5>\n<p><img decoding=\"async\" class=\"alignleft wp-image-12127\" title=\"Dr. Jorge da Rocha Gomes\" src=\"https:\/\/www.anamt.org.br\/portal\/wp-content\/uploads\/2017\/02\/gal_pres_1981.jpg\" width=\"100\" height=\"121\" \/>\u25cf\u00a0Especialista em Medicina do Trabalho pela Universidade de S\u00e3o Paulo;<br \/>\n\u25cf\u00a0Ex-diretor do centro Volkswagen de Sa\u00fade Ocupacional;<br \/>\n\u25cf\u00a0Ex-superintendente da Fundacentro;<br \/>\n\u25cf\u00a0Foi consultor em miss\u00f5es para a OIT, OPAS e BID para assuntos de Sa\u00fade dos Trabalhadores;<br \/>\n\u25cf\u00a0Co-autor dos verbetes sobre a ind\u00fastria e o cultivo do caf\u00e9 da enciclop\u00e9dia da OIT\/97.<\/p>\n<h5>GEST\u00c3O 1970-1981:\u00a0Dr. Oswaldo Paulino<\/h5>\n<p><img decoding=\"async\" class=\"alignleft wp-image-12128\" title=\"Dr. Oswaldo Paulino\" src=\"https:\/\/www.anamt.org.br\/portal\/wp-content\/uploads\/2017\/02\/gal_pres_1970.jpg\" width=\"100\" height=\"106\" \/>\u25cf\u00a0M\u00e9dico pela Escola de Medicina e Cirurgia do Rio de Janeiro;<br \/>\n\u25cf\u00a0Ex-presidente do Departamento de Medicina do Trabalho da Associa\u00e7\u00e3o Paulista de Medicina;<br \/>\n\u25cf\u00a0Um dos fundadores da ANAMT;<br \/>\n\u25cf\u00a0Ex-professor da Faculdade de Medicina do Centro Universit\u00e1rio Lus\u00edada;<br \/>\n\u25cf\u00a0Ex-coordenador de Medicina do Trabalho na Subsecretaria de Seguran\u00e7a e Medicina do Trabalho do Minist\u00e9rio do Trabalho;<br \/>\n\u25cf\u00a0Ex-representante do Brasil na Organiza\u00e7\u00e3o Internacional do Trabalho em Genebra;<br \/>\n\u25cf\u00a0Foi membro em\u00e9rito e presidente de honra da Associa\u00e7\u00e3o Internacional de Medicina do Trabalho.<\/p>\n<h5>GEST\u00c3O 1968-1970:\u00a0Dr. Cesarino Junior<\/h5>\n<p><img decoding=\"async\" class=\"alignleft wp-image-12129\" title=\"Dr. Cesarino Junior\" src=\"https:\/\/www.anamt.org.br\/portal\/wp-content\/uploads\/2017\/02\/gal_pres_1968.jpg\" width=\"100\" height=\"136\" \/>\u25cf\u00a0Doutor em Direito pela Universidade de S\u00e3o Paulo;<br \/>\n\u25cf\u00a0M\u00e9dico pela Faculdade Paulista de Medicina;<\/p>\n","protected":false},"excerpt":{"rendered":"<p>GEST\u00c3O 2019-2022: Dra. Rosylane Rocha (DF) \u25cf Graduada em Medicina pela UniRio. Cirurgi\u00e3 Geral, M\u00e9dica do Trabalho e M\u00e9dica Perita. P\u00f3s-graduada em Valora\u00e7\u00e3o do Dano Corporal pela Universidade de Coimbra. \u25cf Doutora em Bio\u00e9tica pela Universidade do Porto. Professora Supervisora de Resid\u00eancia em Medicina do Trabalho na Escola Superior de Ci\u00eancias da Sa\u00fade. \u25cf M\u00e9dica [&hellip;]<\/p>\n","protected":false},"author":1,"featured_media":0,"parent":11996,"menu_order":0,"comment_status":"closed","ping_status":"closed","template":"","meta":{"footnotes":""},"_links":{"self":[{"href":"https:\/\/www.anamt.org.br\/portal\/wp-json\/wp\/v2\/pages\/12110"}],"collection":[{"href":"https:\/\/www.anamt.org.br\/portal\/wp-json\/wp\/v2\/pages"}],"about":[{"href":"https:\/\/www.anamt.org.br\/portal\/wp-json\/wp\/v2\/types\/page"}],"author":[{"embeddable":true,"href":"https:\/\/www.anamt.org.br\/portal\/wp-json\/wp\/v2\/users\/1"}],"replies":[{"embeddable":true,"href":"https:\/\/www.anamt.org.br\/portal\/wp-json\/wp\/v2\/comments?post=12110"}],"version-history":[{"count":1,"href":"https:\/\/www.anamt.org.br\/portal\/wp-json\/wp\/v2\/pages\/12110\/revisions"}],"predecessor-version":[{"id":48270,"href":"https:\/\/www.anamt.org.br\/portal\/wp-json\/wp\/v2\/pages\/12110\/revisions\/48270"}],"up":[{"embeddable":true,"href":"https:\/\/www.anamt.org.br\/portal\/wp-json\/wp\/v2\/pages\/11996"}],"wp:attachment":[{"href":"https:\/\/www.anamt.org.br\/portal\/wp-json\/wp\/v2\/media?parent=12110"}],"curies":[{"name":"wp","href":"https:\/\/api.w.org\/{rel}","templated":true}]}}