{"id":12013,"date":"2017-02-18T20:46:44","date_gmt":"2017-02-18T22:46:44","guid":{"rendered":"https:\/\/www.anamt.org.br\/portal\/?page_id=12013"},"modified":"2025-12-29T14:53:29","modified_gmt":"2025-12-29T17:53:29","slug":"vice-presidente-da-anamt","status":"publish","type":"page","link":"https:\/\/www.anamt.org.br\/portal\/diretoria\/vice-presidente-da-anamt\/","title":{"rendered":"Vice-presidente nacional da ANAMT"},"content":{"rendered":"<p>&nbsp;<\/p>\n<blockquote><p><strong><img decoding=\"async\" class=\"wp-image-43805 alignleft\" src=\"https:\/\/www.anamt.org.br\/portal\/wp-content\/uploads\/2025\/12\/pascoalneto.png\" alt=\"\" width=\"118\" height=\"177\" \/>Dr. Pascoal Gomes da Costa Neto<br \/>\n<\/strong><\/p>\n<p>M\u00e9dico pela UFPE. Especialista em Medicina do Trabalho (ANAMT\/AMB), Sa\u00fade P\u00fablica (UFPI) e em Gest\u00e3o de Sistema e Servi\u00e7o de Sa\u00fade (UFPI). Mestrando em Ci\u00eancias da Sa\u00fade (UNISUL). Vice-presidente Regional Nordeste da ANAMT (2019\u20132022 e 2023-2025). Diretor Cient\u00edfico da APMT\/PI (2022 \u2013 2025) e Presidente da APMT\/PI (2016-2019 e 2019-2022). Membro da C\u00e2mara T\u00e9cnica de Medicina do Trabalho do CRM\u2013PI. Assessor T\u00e9cnico M\u00e9dico da Secretaria Municipal de Sa\u00fade de Picos (PI). Perito Judicial e Assistente T\u00e9cnico na Justi\u00e7a do Trabalho (PI). Vice-Presidente da Unimed Regional de Picos (PI).<\/p><\/blockquote>\n","protected":false},"excerpt":{"rendered":"<p>&nbsp; Dr. Pascoal Gomes da Costa Neto M\u00e9dico pela UFPE. Especialista em Medicina do Trabalho (ANAMT\/AMB), Sa\u00fade P\u00fablica (UFPI) e em Gest\u00e3o de Sistema e Servi\u00e7o de Sa\u00fade (UFPI). Mestrando em Ci\u00eancias da Sa\u00fade (UNISUL). Vice-presidente Regional Nordeste da ANAMT (2019\u20132022 e 2023-2025). Diretor Cient\u00edfico da APMT\/PI (2022 \u2013 2025) e Presidente da APMT\/PI (2016-2019 [&hellip;]<\/p>\n","protected":false},"author":1,"featured_media":0,"parent":11996,"menu_order":0,"comment_status":"closed","ping_status":"closed","template":"","meta":{"footnotes":""},"_links":{"self":[{"href":"https:\/\/www.anamt.org.br\/portal\/wp-json\/wp\/v2\/pages\/12013"}],"collection":[{"href":"https:\/\/www.anamt.org.br\/portal\/wp-json\/wp\/v2\/pages"}],"about":[{"href":"https:\/\/www.anamt.org.br\/portal\/wp-json\/wp\/v2\/types\/page"}],"author":[{"embeddable":true,"href":"https:\/\/www.anamt.org.br\/portal\/wp-json\/wp\/v2\/users\/1"}],"replies":[{"embeddable":true,"href":"https:\/\/www.anamt.org.br\/portal\/wp-json\/wp\/v2\/comments?post=12013"}],"version-history":[{"count":2,"href":"https:\/\/www.anamt.org.br\/portal\/wp-json\/wp\/v2\/pages\/12013\/revisions"}],"predecessor-version":[{"id":53493,"href":"https:\/\/www.anamt.org.br\/portal\/wp-json\/wp\/v2\/pages\/12013\/revisions\/53493"}],"up":[{"embeddable":true,"href":"https:\/\/www.anamt.org.br\/portal\/wp-json\/wp\/v2\/pages\/11996"}],"wp:attachment":[{"href":"https:\/\/www.anamt.org.br\/portal\/wp-json\/wp\/v2\/media?parent=12013"}],"curies":[{"name":"wp","href":"https:\/\/api.w.org\/{rel}","templated":true}]}}

<p>&nbsp;</p>
<blockquote><p><strong><img decoding="async" class="wp-image-43805 alignleft" src="https://www.anamt.org.br/portal/wp-content/uploads/2025/12/pascoalneto.png" alt="" width="118" height="177" />Dr. Pascoal Gomes da Costa Neto<br />
</strong></p>
<p>Médico pela UFPE. Especialista em Medicina do Trabalho (ANAMT/AMB), Saúde Pública (UFPI) e em Gestão de Sistema e Serviço de Saúde (UFPI). Mestrando em Ciências da Saúde (UNISUL). Vice-presidente Regional Nordeste da ANAMT (2019–2022 e 2023-2025). Diretor Científico da APMT/PI (2022 – 2025) e Presidente da APMT/PI (2016-2019 e 2019-2022). Membro da Câmara Técnica de Medicina do Trabalho do CRM–PI. Assessor Técnico Médico da Secretaria Municipal de Saúde de Picos (PI). Perito Judicial e Assistente Técnico na Justiça do Trabalho (PI). Vice-Presidente da Unimed Regional de Picos (PI).</p></blockquote>

<p>&nbsp; Dr. Pascoal Gomes da Costa Neto Médico pela UFPE. Especialista em Medicina do Trabalho (ANAMT/AMB), Saúde Pública (UFPI) e em Gestão de Sistema e Serviço de Saúde (UFPI). Mestrando em Ciências da Saúde (UNISUL). Vice-presidente Regional Nordeste da ANAMT (2019–2022 e 2023-2025). Diretor Científico da APMT/PI (2022 – 2025) e Presidente da APMT/PI (2016-2019 [&hellip;]</p>
