{"id":11993,"date":"2017-02-18T20:08:58","date_gmt":"2017-02-18T22:08:58","guid":{"rendered":"https:\/\/www.anamt.org.br\/portal\/?page_id=11993"},"modified":"2017-02-18T20:08:58","modified_gmt":"2017-02-18T22:08:58","slug":"ultimos-anos","status":"publish","type":"page","link":"https:\/\/www.anamt.org.br\/portal\/sua-historia\/ultimos-anos\/","title":{"rendered":"\u00daltimos anos"},"content":{"rendered":"<p>Os \u00faltimos anos de exist\u00eancia da Anamt s\u00e3o marcados pela supera\u00e7\u00e3o de grandes desafios, como os reflexos da moderniza\u00e7\u00e3o do estatuto da Associa\u00e7\u00e3o, em 1997, por eventos de grande porte e pela realiza\u00e7\u00e3o do Congresso Internacional de Sa\u00fade no Trabalho da ICOH no Brasil, em 2003, e, em 2010, do 14\u00ba Congresso da Anamt em 2010 &#8211; que reuniu em Gramado (RS) 2,1 mil congressistas. Entre suas principais conquistas, destaca-se o reconhecimento da MT como especialidade m\u00e9dica em 2002.<\/p>\n<p>Em 2001, foi criado o F\u00f3rum Presen\u00e7a Anamt, evento anual cujo objetivo \u00e9 dar conta da velocidade e do alcance das grandes mudan\u00e7as no campo laboral. Atualmente, o evento j\u00e1 se tornou tradi\u00e7\u00e3o no calend\u00e1rio dos m\u00e9dicos do trabalho brasileiros, e em 2009 o IX F\u00f3rum Presen\u00e7a Anamt, realizado em Salvador (BA), atraiu mais de 650 pessoas.<\/p>\n<p>Com mais de 40 anos, a Anamt acumula uma s\u00e9rie de conquistas que refor\u00e7am entre seus associados e todos os m\u00e9dicos do trabalho o orgulho de atuar pela seguran\u00e7a e a sa\u00fade do trabalhador. Com o aumento das campanhas pela associa\u00e7\u00e3o e da presen\u00e7a da institui\u00e7\u00e3o nos quatro cantos do pa\u00eds, a entidade representa hoje mais de 5 mil profissionais.<\/p>\n<p>Ao mesmo tempo, cresceu o n\u00famero de seccionais em diversas regi\u00f5es. O Rio Grande do Sul, em novembro de 2009, inaugurou sua oitava, em Pelotas. Em 2008, a entidade finalizou uma importante meta do plano de gest\u00e3o. Em mar\u00e7o daquele ano, foram instaladas as quatro \u00faltimas Federadas &#8211; em Tocantins, Acre, Amap\u00e1 e Roraima &#8211; para que todas as unidades federativas do Brasil tivessem sua representa\u00e7\u00e3o da Anamt.<\/p>\n<p>No campo pol\u00edtico, a Associa\u00e7\u00e3o se preocupa em participar de eventos nacionais e internacionais e, nos \u00faltimos anos, enviou representantes para Col\u00f4mbia, Argentina, Portugal, It\u00e1lia, Espanha e \u00c1frica do Sul. Ainda que haja espa\u00e7o para avan\u00e7os na coopera\u00e7\u00e3o internacional, acordos importantes como o assinado com a Sociedade Italiana de Medibcina do Trabalho e Higiene Industrial (SIMLII) permitem a associados uma s\u00e9rie de vantagens culturais e cient\u00edficas. Em outubro de 2009, como resultado de uma dessas coopera\u00e7\u00f5es, foi realizado em Salvador o IX Congresso Ibero-Americano de Medicina do Trabalho. Da mesma maneira, em maio de 2010, durante o 14\u00ba Congresso Nacional em Gramado (RS), foi promovido o I Encontro \u00cdtalo-brasileiro de Medicina do Trabalho.<\/p>\n<p>No campo da participa\u00e7\u00e3o em pol\u00edticas p\u00fablicas de aten\u00e7\u00e3o \u00e0 sa\u00fade dos trabalhadores, a Anamt tem atuado em discuss\u00f5es pertinentes e em torno das conquistas por melhores condi\u00e7\u00f5es de trabalho. Nesse sentido, s\u00e3o exemplo dessa dedica\u00e7\u00e3o o envolvimento com temas como o Fator Acident\u00e1rio de Preven\u00e7\u00e3o (FAP), o Nexo T\u00e9cnico Epdiemiol\u00f3gico (NTEP), a Norma Regulamentadora n\u00ba 4 (NR-4) e o Decreto 6.945 de agosto de 2009.<\/p>\n<p>Institucionalmente, um dos avan\u00e7os mais importantes foi a instala\u00e7\u00e3o, em outubro de 2008, do Espa\u00e7o Ramazzini, sede patrimonial da Anamt, em S\u00e3o Paulo. Ali, est\u00e3o arquivados os documentos relacionados \u00e0 hist\u00f3ria da Anamt e, a partir de 2010, o acervo de trabalhos cient\u00edficos publicados, livros, revistas especializadas e peri\u00f3dicos.<\/p>\n<p>O investimento em tecnologia da informa\u00e7\u00e3o tamb\u00e9m fez a diferen\u00e7a no sistema gerencial da institui\u00e7\u00e3o, otimizando os processos administrativos da sociedade. No horizonte, est\u00e1 o objetivo de estabelecer, cada vez mais, a transpar\u00eancia da gest\u00e3o e o aumento da velocidade de transmiss\u00e3o de informa\u00e7\u00f5es.<\/p>\n<p>A preocupa\u00e7\u00e3o da Associa\u00e7\u00e3o em rela\u00e7\u00e3o \u00e0 forma\u00e7\u00e3o do m\u00e9dico do trabalho no Brasil tornou mais frequentes as reuni\u00f5es peri\u00f3dicas com a AMB e demais institui\u00e7\u00f5es formadoras do pa\u00eds. Apesar dos bons resultados, ainda persistem preocupa\u00e7\u00f5es neste campo. Um exemplo \u00e9 a necessidade de melhorias nos cursos de p\u00f3s-gradua\u00e7\u00e3o dos m\u00e9dicos que se interessam pela especialidade.<\/p>\n<p>Durante o 14\u00ba Congresso Nacional, realizado em maio de 2010, foi eleita a mais nova diretoria da Associa\u00e7\u00e3o, que ficar\u00e1 \u00e0 frente da entidade at\u00e9 2013. Pela frente, fica o desafio n\u00e3o apenas de consolidar o papel do m\u00e9dico do trabalho na sociedade, mas cuidar para que a Anamt mantenha por muitas outras d\u00e9cadas o protagonismo nos debates em torno da SST.<\/p>\n","protected":false},"excerpt":{"rendered":"<p>Os \u00faltimos anos de exist\u00eancia da Anamt s\u00e3o marcados pela supera\u00e7\u00e3o de grandes desafios, como os reflexos da moderniza\u00e7\u00e3o do estatuto da Associa\u00e7\u00e3o, em 1997, por eventos de grande porte e pela realiza\u00e7\u00e3o do Congresso Internacional de Sa\u00fade no Trabalho da ICOH no Brasil, em 2003, e, em 2010, do 14\u00ba Congresso da Anamt em [&hellip;]<\/p>\n","protected":false},"author":1,"featured_media":0,"parent":11974,"menu_order":0,"comment_status":"closed","ping_status":"closed","template":"","meta":{"footnotes":""},"_links":{"self":[{"href":"https:\/\/www.anamt.org.br\/portal\/wp-json\/wp\/v2\/pages\/11993"}],"collection":[{"href":"https:\/\/www.anamt.org.br\/portal\/wp-json\/wp\/v2\/pages"}],"about":[{"href":"https:\/\/www.anamt.org.br\/portal\/wp-json\/wp\/v2\/types\/page"}],"author":[{"embeddable":true,"href":"https:\/\/www.anamt.org.br\/portal\/wp-json\/wp\/v2\/users\/1"}],"replies":[{"embeddable":true,"href":"https:\/\/www.anamt.org.br\/portal\/wp-json\/wp\/v2\/comments?post=11993"}],"version-history":[{"count":0,"href":"https:\/\/www.anamt.org.br\/portal\/wp-json\/wp\/v2\/pages\/11993\/revisions"}],"up":[{"embeddable":true,"href":"https:\/\/www.anamt.org.br\/portal\/wp-json\/wp\/v2\/pages\/11974"}],"wp:attachment":[{"href":"https:\/\/www.anamt.org.br\/portal\/wp-json\/wp\/v2\/media?parent=11993"}],"curies":[{"name":"wp","href":"https:\/\/api.w.org\/{rel}","templated":true}]}}

Últimos anos

<p>Os últimos anos de existência da Anamt são marcados pela superação de grandes desafios, como os reflexos da modernização do estatuto da Associação, em 1997, por eventos de grande porte e pela realização do Congresso Internacional de Saúde no Trabalho da ICOH no Brasil, em 2003, e, em 2010, do 14º Congresso da Anamt em 2010 &#8211; que reuniu em Gramado (RS) 2,1 mil congressistas. Entre suas principais conquistas, destaca-se o reconhecimento da MT como especialidade médica em 2002.</p>
<p>Em 2001, foi criado o Fórum Presença Anamt, evento anual cujo objetivo é dar conta da velocidade e do alcance das grandes mudanças no campo laboral. Atualmente, o evento já se tornou tradição no calendário dos médicos do trabalho brasileiros, e em 2009 o IX Fórum Presença Anamt, realizado em Salvador (BA), atraiu mais de 650 pessoas.</p>
<p>Com mais de 40 anos, a Anamt acumula uma série de conquistas que reforçam entre seus associados e todos os médicos do trabalho o orgulho de atuar pela segurança e a saúde do trabalhador. Com o aumento das campanhas pela associação e da presença da instituição nos quatro cantos do país, a entidade representa hoje mais de 5 mil profissionais.</p>
<p>Ao mesmo tempo, cresceu o número de seccionais em diversas regiões. O Rio Grande do Sul, em novembro de 2009, inaugurou sua oitava, em Pelotas. Em 2008, a entidade finalizou uma importante meta do plano de gestão. Em março daquele ano, foram instaladas as quatro últimas Federadas &#8211; em Tocantins, Acre, Amapá e Roraima &#8211; para que todas as unidades federativas do Brasil tivessem sua representação da Anamt.</p>
<p>No campo político, a Associação se preocupa em participar de eventos nacionais e internacionais e, nos últimos anos, enviou representantes para Colômbia, Argentina, Portugal, Itália, Espanha e África do Sul. Ainda que haja espaço para avanços na cooperação internacional, acordos importantes como o assinado com a Sociedade Italiana de Medibcina do Trabalho e Higiene Industrial (SIMLII) permitem a associados uma série de vantagens culturais e científicas. Em outubro de 2009, como resultado de uma dessas cooperações, foi realizado em Salvador o IX Congresso Ibero-Americano de Medicina do Trabalho. Da mesma maneira, em maio de 2010, durante o 14º Congresso Nacional em Gramado (RS), foi promovido o I Encontro Ítalo-brasileiro de Medicina do Trabalho.</p>
<p>No campo da participação em políticas públicas de atenção à saúde dos trabalhadores, a Anamt tem atuado em discussões pertinentes e em torno das conquistas por melhores condições de trabalho. Nesse sentido, são exemplo dessa dedicação o envolvimento com temas como o Fator Acidentário de Prevenção (FAP), o Nexo Técnico Epdiemiológico (NTEP), a Norma Regulamentadora nº 4 (NR-4) e o Decreto 6.945 de agosto de 2009.</p>
<p>Institucionalmente, um dos avanços mais importantes foi a instalação, em outubro de 2008, do Espaço Ramazzini, sede patrimonial da Anamt, em São Paulo. Ali, estão arquivados os documentos relacionados à história da Anamt e, a partir de 2010, o acervo de trabalhos científicos publicados, livros, revistas especializadas e periódicos.</p>
<p>O investimento em tecnologia da informação também fez a diferença no sistema gerencial da instituição, otimizando os processos administrativos da sociedade. No horizonte, está o objetivo de estabelecer, cada vez mais, a transparência da gestão e o aumento da velocidade de transmissão de informações.</p>
<p>A preocupação da Associação em relação à formação do médico do trabalho no Brasil tornou mais frequentes as reuniões periódicas com a AMB e demais instituições formadoras do país. Apesar dos bons resultados, ainda persistem preocupações neste campo. Um exemplo é a necessidade de melhorias nos cursos de pós-graduação dos médicos que se interessam pela especialidade.</p>
<p>Durante o 14º Congresso Nacional, realizado em maio de 2010, foi eleita a mais nova diretoria da Associação, que ficará à frente da entidade até 2013. Pela frente, fica o desafio não apenas de consolidar o papel do médico do trabalho na sociedade, mas cuidar para que a Anamt mantenha por muitas outras décadas o protagonismo nos debates em torno da SST.</p>

<p>Os últimos anos de existência da Anamt são marcados pela superação de grandes desafios, como os reflexos da modernização do estatuto da Associação, em 1997, por eventos de grande porte e pela realização do Congresso Internacional de Saúde no Trabalho da ICOH no Brasil, em 2003, e, em 2010, do 14º Congresso da Anamt em [&hellip;]</p>
