{"id":11987,"date":"2017-02-18T20:03:59","date_gmt":"2017-02-18T22:03:59","guid":{"rendered":"https:\/\/www.anamt.org.br\/portal\/?page_id=11987"},"modified":"2017-02-18T20:05:27","modified_gmt":"2017-02-18T22:05:27","slug":"segunda-decada","status":"publish","type":"page","link":"https:\/\/www.anamt.org.br\/portal\/sua-historia\/segunda-decada\/","title":{"rendered":"Segunda d\u00e9cada"},"content":{"rendered":"<p>O ambiente pol\u00edtico da d\u00e9cada de 1970, marcado pela instabilidade do per\u00edodo do regime militar, determinou o percurso da MT e Anamt at\u00e9 o in\u00edcio da abertura pol\u00edtica. Paralelamente, a Associa\u00e7\u00e3o conseguiu continuar sua consolida\u00e7\u00e3o estrat\u00e9gica, realidade refletida, por exemplo, na realiza\u00e7\u00e3o dos congressos nacionais de Belo Horizonte (1981), Porto Alegre (1983), Santos (1985) e Florian\u00f3polis (1987).<\/p>\n<p>A segunda d\u00e9cada da Anamt acabou beneficiada pela press\u00e3o que o governo militar come\u00e7ou a sofrer desde o in\u00edcio da d\u00e9cada de 1970 em rela\u00e7\u00e3o \u00e0 quantidade de acidentes de trabalho no pa\u00eds. A Fundacentro \u00e9 exemplo da preocupa\u00e7\u00e3o do regime militar quanto \u00e0 repercuss\u00e3o da neglig\u00eancia brasileira nos temas relativos \u00e0 Seguran\u00e7a e Sa\u00fade no Trabalho (SST).<\/p>\n<p>O melhor exemplo das mudan\u00e7as em sa\u00fade e seguran\u00e7a do trabalhador desde as contradi\u00e7\u00f5es do governo de exce\u00e7\u00e3o foi a publica\u00e7\u00e3o, em junho de 1978, da Portaria n\u00ba 3.214, que ampliou e modificou, por meio das Normas Regulamentadoras (NRs), o Cap\u00edtulo V da Consolida\u00e7\u00e3o das Leis to Trabalho (CLT) &#8211; que trata da Medicina e da Seguran\u00e7a do Trabalho.<\/p>\n<p>A hist\u00f3ria da SST e da Associa\u00e7\u00e3o sofre na d\u00e9cada de 1970 a influ\u00eancia do chamado Movimento Sanit\u00e1rio, que criou a proposta de reforma sanit\u00e1ria brasileira, e o Movimento Sindical, surgido nas greves de 1978 no ABC paulista. Tamb\u00e9m em 1978 foi criada a Comiss\u00e3o Intersindical de Sa\u00fade e Trabalho, que se transformou depois no Departamento Intersindical de Estudos e Pesquisas de Sa\u00fade e dos Ambientes do Trabalho (Diesat), cujo papel era apoiar os sindicatos na discuss\u00e3o de assuntos ligados ao trabalho e \u00e0 sa\u00fade.<\/p>\n<p>Esses movimentos culminaram na Constitui\u00e7\u00e3o Federal de 1988, que incluiu a sa\u00fade do trabalhador entre as atribui\u00e7\u00f5es do Estado. Foram determinantes tamb\u00e9m para a cria\u00e7\u00e3o da Lei Org\u00e2nica da Sa\u00fade, de setembro de 1990. Esse contexto fez com que a Anamt se aprimorasse. A MT, que era tipicamente responsabilidade de profissionais em empresas, passou a ser de m\u00e9dicos do trabalho inseridos em distintas inst\u00e2ncias institucionais. Houve, assim, uma expans\u00e3o das atividades da Anamt, com a aprova\u00e7\u00e3o de um c\u00f3digo de conduta e sua democratiza\u00e7\u00e3o.<\/p>\n<p>Nesse per\u00edodo, os Servi\u00e7os Especializados em Seguran\u00e7a e Medicina do Trabalho (Sesmt) foram de fato implantados (entraram em vigor no pa\u00eds em 1976). Nos anos 80, a Anamt teve grande influ\u00eancia nas discuss\u00f5es internacionais que levaram \u00e0 cria\u00e7\u00e3o de diversas resolu\u00e7\u00f5es da Organiza\u00e7\u00e3o Internacional do Trabalho (OIT) sobre os Servi\u00e7os de Sa\u00fade no Trabalho em 1985.<\/p>\n","protected":false},"excerpt":{"rendered":"<p>O ambiente pol\u00edtico da d\u00e9cada de 1970, marcado pela instabilidade do per\u00edodo do regime militar, determinou o percurso da MT e Anamt at\u00e9 o in\u00edcio da abertura pol\u00edtica. Paralelamente, a Associa\u00e7\u00e3o conseguiu continuar sua consolida\u00e7\u00e3o estrat\u00e9gica, realidade refletida, por exemplo, na realiza\u00e7\u00e3o dos congressos nacionais de Belo Horizonte (1981), Porto Alegre (1983), Santos (1985) e [&hellip;]<\/p>\n","protected":false},"author":1,"featured_media":0,"parent":11974,"menu_order":0,"comment_status":"closed","ping_status":"closed","template":"","meta":{"footnotes":""},"_links":{"self":[{"href":"https:\/\/www.anamt.org.br\/portal\/wp-json\/wp\/v2\/pages\/11987"}],"collection":[{"href":"https:\/\/www.anamt.org.br\/portal\/wp-json\/wp\/v2\/pages"}],"about":[{"href":"https:\/\/www.anamt.org.br\/portal\/wp-json\/wp\/v2\/types\/page"}],"author":[{"embeddable":true,"href":"https:\/\/www.anamt.org.br\/portal\/wp-json\/wp\/v2\/users\/1"}],"replies":[{"embeddable":true,"href":"https:\/\/www.anamt.org.br\/portal\/wp-json\/wp\/v2\/comments?post=11987"}],"version-history":[{"count":0,"href":"https:\/\/www.anamt.org.br\/portal\/wp-json\/wp\/v2\/pages\/11987\/revisions"}],"up":[{"embeddable":true,"href":"https:\/\/www.anamt.org.br\/portal\/wp-json\/wp\/v2\/pages\/11974"}],"wp:attachment":[{"href":"https:\/\/www.anamt.org.br\/portal\/wp-json\/wp\/v2\/media?parent=11987"}],"curies":[{"name":"wp","href":"https:\/\/api.w.org\/{rel}","templated":true}]}}

Segunda década

<p>O ambiente político da década de 1970, marcado pela instabilidade do período do regime militar, determinou o percurso da MT e Anamt até o início da abertura política. Paralelamente, a Associação conseguiu continuar sua consolidação estratégica, realidade refletida, por exemplo, na realização dos congressos nacionais de Belo Horizonte (1981), Porto Alegre (1983), Santos (1985) e Florianópolis (1987).</p>
<p>A segunda década da Anamt acabou beneficiada pela pressão que o governo militar começou a sofrer desde o início da década de 1970 em relação à quantidade de acidentes de trabalho no país. A Fundacentro é exemplo da preocupação do regime militar quanto à repercussão da negligência brasileira nos temas relativos à Segurança e Saúde no Trabalho (SST).</p>
<p>O melhor exemplo das mudanças em saúde e segurança do trabalhador desde as contradições do governo de exceção foi a publicação, em junho de 1978, da Portaria nº 3.214, que ampliou e modificou, por meio das Normas Regulamentadoras (NRs), o Capítulo V da Consolidação das Leis to Trabalho (CLT) &#8211; que trata da Medicina e da Segurança do Trabalho.</p>
<p>A história da SST e da Associação sofre na década de 1970 a influência do chamado Movimento Sanitário, que criou a proposta de reforma sanitária brasileira, e o Movimento Sindical, surgido nas greves de 1978 no ABC paulista. Também em 1978 foi criada a Comissão Intersindical de Saúde e Trabalho, que se transformou depois no Departamento Intersindical de Estudos e Pesquisas de Saúde e dos Ambientes do Trabalho (Diesat), cujo papel era apoiar os sindicatos na discussão de assuntos ligados ao trabalho e à saúde.</p>
<p>Esses movimentos culminaram na Constituição Federal de 1988, que incluiu a saúde do trabalhador entre as atribuições do Estado. Foram determinantes também para a criação da Lei Orgânica da Saúde, de setembro de 1990. Esse contexto fez com que a Anamt se aprimorasse. A MT, que era tipicamente responsabilidade de profissionais em empresas, passou a ser de médicos do trabalho inseridos em distintas instâncias institucionais. Houve, assim, uma expansão das atividades da Anamt, com a aprovação de um código de conduta e sua democratização.</p>
<p>Nesse período, os Serviços Especializados em Segurança e Medicina do Trabalho (Sesmt) foram de fato implantados (entraram em vigor no país em 1976). Nos anos 80, a Anamt teve grande influência nas discussões internacionais que levaram à criação de diversas resoluções da Organização Internacional do Trabalho (OIT) sobre os Serviços de Saúde no Trabalho em 1985.</p>

<p>O ambiente político da década de 1970, marcado pela instabilidade do período do regime militar, determinou o percurso da MT e Anamt até o início da abertura política. Paralelamente, a Associação conseguiu continuar sua consolidação estratégica, realidade refletida, por exemplo, na realização dos congressos nacionais de Belo Horizonte (1981), Porto Alegre (1983), Santos (1985) e [&hellip;]</p>
