{"id":11974,"date":"2017-02-18T17:32:56","date_gmt":"2017-02-18T19:32:56","guid":{"rendered":"https:\/\/www.anamt.org.br\/portal\/?page_id=11974"},"modified":"2022-03-21T22:42:53","modified_gmt":"2022-03-22T01:42:53","slug":"sua-historia","status":"publish","type":"page","link":"https:\/\/www.anamt.org.br\/portal\/sua-historia\/","title":{"rendered":"Sua hist\u00f3ria"},"content":{"rendered":"<div id=\"attachment_19608\" style=\"width: 770px\" class=\"wp-caption aligncenter\"><img aria-describedby=\"caption-attachment-19608\" decoding=\"async\" class=\"wp-image-19608\" title=\"Sess\u00e3o solene de funda\u00e7\u00e3o da ANAMT, em 26 de mar\u00e7o de 1968, na Associa\u00e7\u00e3o Paulista de Medicina\" src=\"https:\/\/www.anamt.org.br\/portal\/wp-content\/uploads\/2017\/02\/ANAMT-MESA-FUND--e1488976577700.jpg\" width=\"760\" height=\"308\" srcset=\"https:\/\/www.anamt.org.br\/portal\/wp-content\/uploads\/2017\/02\/ANAMT-MESA-FUND--e1488976577700-200x81.jpg 200w, https:\/\/www.anamt.org.br\/portal\/wp-content\/uploads\/2017\/02\/ANAMT-MESA-FUND--e1488976577700-300x121.jpg 300w, https:\/\/www.anamt.org.br\/portal\/wp-content\/uploads\/2017\/02\/ANAMT-MESA-FUND--e1488976577700-400x162.jpg 400w, https:\/\/www.anamt.org.br\/portal\/wp-content\/uploads\/2017\/02\/ANAMT-MESA-FUND--e1488976577700-600x243.jpg 600w, https:\/\/www.anamt.org.br\/portal\/wp-content\/uploads\/2017\/02\/ANAMT-MESA-FUND--e1488976577700.jpg 640w\" sizes=\"(max-width: 760px) 100vw, 760px\" \/><p id=\"caption-attachment-19608\" class=\"wp-caption-text\"><em>Sess\u00e3o solene de funda\u00e7\u00e3o da ANAMT, em 26 de mar\u00e7o de 1968, na Associa\u00e7\u00e3o Paulista de Medicina<\/em><\/p><\/div>\n<p>Entre seu surgimento em 1968 e seus \u00faltimos marcos, a ANAMT possui uma hist\u00f3ria de mais de cinco d\u00e9cadas a favor da SST, da integridade do trabalhador e da valoriza\u00e7\u00e3o da Medicina do Trabalho como especialidade m\u00e9dica. Suas conquistas, desde sua primeira contribui\u00e7\u00e3o para um evento &#8211; o III Congresso Pan-Americano de Medicina do Trabalho -, a entidade dependeu da dedica\u00e7\u00e3o volunt\u00e1ria de dezenas de m\u00e9dicas e m\u00e9dicos do trabalho que fizeram parte de sua diretoria.<\/p>\n<h3>Linha do tempo<\/h3>\n<ul>\n<li><a href=\"https:\/\/www.anamt.org.br\/portal\/sua-historia\/primeiros-passos\/\">Primeiros passos<\/a><\/li>\n<li><a href=\"https:\/\/www.anamt.org.br\/portal\/sua-historia\/segunda-decada\/\">Segunda d\u00e9cada<\/a><\/li>\n<li><a href=\"https:\/\/www.anamt.org.br\/portal\/sua-historia\/terceira-decada\/\">Terceira d\u00e9cada<\/a><\/li>\n<li><a href=\"https:\/\/www.anamt.org.br\/portal\/sua-historia\/ultimos-anos\/\">\u00daltimos anos<\/a><\/li>\n<\/ul>\n<h5>Confira tamb\u00e9m<\/h5>\n<ul>\n<li><a href=\"http:\/\/www.anamt.org.br\/site\/upload_arquivos\/arquivos_diversos_412017152127055475.pdf\" target=\"_blank\" rel=\"noopener\">Documento Especial: <strong>40 Anos ANAMT<\/strong><\/a><\/li>\n<li><a href=\"https:\/\/www.anamt.org.br\/portal\/sua-historia\/ata-de-fundacao-da-anamt\/\">Leia a ata de funda\u00e7\u00e3o da ANAMT<\/a><\/li>\n<li><a href=\"https:\/\/www.anamt.org.br\/portal\/diretoria\/galeria-dos-ex-presidentes-da-anamt\/\">Galeria dos ex-presidentes<\/a><\/li>\n<\/ul>\n","protected":false},"excerpt":{"rendered":"<p>Entre seu surgimento em 1968 e seus \u00faltimos marcos, a ANAMT possui uma hist\u00f3ria de mais de cinco d\u00e9cadas a favor da SST, da integridade do trabalhador e da valoriza\u00e7\u00e3o da Medicina do Trabalho como especialidade m\u00e9dica. Suas conquistas, desde sua primeira contribui\u00e7\u00e3o para um evento &#8211; o III Congresso Pan-Americano de Medicina do Trabalho [&hellip;]<\/p>\n","protected":false},"author":1,"featured_media":0,"parent":0,"menu_order":0,"comment_status":"closed","ping_status":"closed","template":"","meta":{"footnotes":""},"_links":{"self":[{"href":"https:\/\/www.anamt.org.br\/portal\/wp-json\/wp\/v2\/pages\/11974"}],"collection":[{"href":"https:\/\/www.anamt.org.br\/portal\/wp-json\/wp\/v2\/pages"}],"about":[{"href":"https:\/\/www.anamt.org.br\/portal\/wp-json\/wp\/v2\/types\/page"}],"author":[{"embeddable":true,"href":"https:\/\/www.anamt.org.br\/portal\/wp-json\/wp\/v2\/users\/1"}],"replies":[{"embeddable":true,"href":"https:\/\/www.anamt.org.br\/portal\/wp-json\/wp\/v2\/comments?post=11974"}],"version-history":[{"count":0,"href":"https:\/\/www.anamt.org.br\/portal\/wp-json\/wp\/v2\/pages\/11974\/revisions"}],"wp:attachment":[{"href":"https:\/\/www.anamt.org.br\/portal\/wp-json\/wp\/v2\/media?parent=11974"}],"curies":[{"name":"wp","href":"https:\/\/api.w.org\/{rel}","templated":true}]}}

Sua história

<div id="attachment_19608" style="width: 770px" class="wp-caption aligncenter"><img aria-describedby="caption-attachment-19608" decoding="async" class="wp-image-19608" title="Sessão solene de fundação da ANAMT, em 26 de março de 1968, na Associação Paulista de Medicina" src="https://www.anamt.org.br/portal/wp-content/uploads/2017/02/ANAMT-MESA-FUND--e1488976577700.jpg" width="760" height="308" srcset="https://www.anamt.org.br/portal/wp-content/uploads/2017/02/ANAMT-MESA-FUND--e1488976577700-200x81.jpg 200w, https://www.anamt.org.br/portal/wp-content/uploads/2017/02/ANAMT-MESA-FUND--e1488976577700-300x121.jpg 300w, https://www.anamt.org.br/portal/wp-content/uploads/2017/02/ANAMT-MESA-FUND--e1488976577700-400x162.jpg 400w, https://www.anamt.org.br/portal/wp-content/uploads/2017/02/ANAMT-MESA-FUND--e1488976577700-600x243.jpg 600w, https://www.anamt.org.br/portal/wp-content/uploads/2017/02/ANAMT-MESA-FUND--e1488976577700.jpg 640w" sizes="(max-width: 760px) 100vw, 760px" /><p id="caption-attachment-19608" class="wp-caption-text"><em>Sessão solene de fundação da ANAMT, em 26 de março de 1968, na Associação Paulista de Medicina</em></p></div>
<p>Entre seu surgimento em 1968 e seus últimos marcos, a ANAMT possui uma história de mais de cinco décadas a favor da SST, da integridade do trabalhador e da valorização da Medicina do Trabalho como especialidade médica. Suas conquistas, desde sua primeira contribuição para um evento &#8211; o III Congresso Pan-Americano de Medicina do Trabalho -, a entidade dependeu da dedicação voluntária de dezenas de médicas e médicos do trabalho que fizeram parte de sua diretoria.</p>
<h3>Linha do tempo</h3>
<ul>
<li><a href="https://www.anamt.org.br/portal/sua-historia/primeiros-passos/">Primeiros passos</a></li>
<li><a href="https://www.anamt.org.br/portal/sua-historia/segunda-decada/">Segunda década</a></li>
<li><a href="https://www.anamt.org.br/portal/sua-historia/terceira-decada/">Terceira década</a></li>
<li><a href="https://www.anamt.org.br/portal/sua-historia/ultimos-anos/">Últimos anos</a></li>
</ul>
<h5>Confira também</h5>
<ul>
<li><a href="http://www.anamt.org.br/site/upload_arquivos/arquivos_diversos_412017152127055475.pdf" target="_blank" rel="noopener">Documento Especial: <strong>40 Anos ANAMT</strong></a></li>
<li><a href="https://www.anamt.org.br/portal/sua-historia/ata-de-fundacao-da-anamt/">Leia a ata de fundação da ANAMT</a></li>
<li><a href="https://www.anamt.org.br/portal/diretoria/galeria-dos-ex-presidentes-da-anamt/">Galeria dos ex-presidentes</a></li>
</ul>

<p>Entre seu surgimento em 1968 e seus últimos marcos, a ANAMT possui uma história de mais de cinco décadas a favor da SST, da integridade do trabalhador e da valorização da Medicina do Trabalho como especialidade médica. Suas conquistas, desde sua primeira contribuição para um evento &#8211; o III Congresso Pan-Americano de Medicina do Trabalho [&hellip;]</p>
