{"id":11880,"date":"2017-02-15T14:06:26","date_gmt":"2017-02-15T16:06:26","guid":{"rendered":"https:\/\/www.anamt.org.br\/portal\/?page_id=11880"},"modified":"2025-01-16T15:58:44","modified_gmt":"2025-01-16T18:58:44","slug":"sociedade-de-medicina-do-trabalho-de-sergipe","status":"publish","type":"page","link":"https:\/\/www.anamt.org.br\/portal\/federadas-da-anamt\/sociedade-de-medicina-do-trabalho-de-sergipe\/","title":{"rendered":"Associa\u00e7\u00e3o Sergipana de Medicina do Trabalho"},"content":{"rendered":"\t\t\t\t\t<script type=\"text\/javascript\">\n\t\t\t\t\t\tvar map_fusion_map_69f741aaef149;\n\t\t\t\t\t\tvar markers = [];\n\t\t\t\t\t\tvar counter = 0;\n\t\t\t\t\t\t\t\t\t\t\t\t\t\t\t\t\t\t\t\tvar fusionMapNonce = '8757a641ba';\n\t\t\t\t\t\t\t\t\t\t\t\tfunction fusion_run_map_fusion_map_69f741aaef149() {\n\t\t\t\t\t\t\tjQuery('#fusion_map_69f741aaef149').fusion_maps({\n\t\t\t\t\t\t\t\taddresses: [{\"address\":\"Rua Riachuelo 315, S\\u00e3o Jos\\u00e9 Aracaj\\u00fa - SE CEP: 49.015-160\",\"infobox_content\":\"Rua Riachuelo 315, apto. 102, S\\u00e3o Jos\\u00e9<br \\\/>\\nAracaj\\u00fa - SE \\\/ CEP: 49.015-160\",\"marker\":\"https:\\\/\\\/www.anamt.org.br\\\/portal\\\/wp-content\\\/plugins\\\/fusion-builder\\\/images\\\/avada_map_marker.png\",\"coordinates\":false,\"cache\":true,\"latitude\":\"-10.9210606\",\"longitude\":\"-37.04875870000001\"}],\n\t\t\t\t\t\t\t\tanimations: false,\n\t\t\t\t\t\t\t\tinfobox_background_color: '#227374',\n\t\t\t\t\t\t\t\tinfobox_styling: 'custom',\n\t\t\t\t\t\t\t\tinfobox_text_color: '#fffff',\n\t\t\t\t\t\t\t\tmap_style: 'custom',\n\t\t\t\t\t\t\t\tmap_type: 'roadmap',\n\t\t\t\t\t\t\t\tmarker_icon: 'theme',\n\t\t\t\t\t\t\t\toverlay_color: '#41bfc2',\n\t\t\t\t\t\t\t\toverlay_color_hsl: {\"hue\":181,\"sat\":51,\"lum\":51},\n\t\t\t\t\t\t\t\tpan_control: true,\n\t\t\t\t\t\t\t\tshow_address: true,\n\t\t\t\t\t\t\t\tscale_control: true,\n\t\t\t\t\t\t\t\tscrollwheel: false,\n\t\t\t\t\t\t\t\tzoom: 16,\n\t\t\t\t\t\t\t\tzoom_control: true,\n\t\t\t\t\t\t\t});\n\t\t\t\t\t\t}\n\n\t\t\t\t\t\tgoogle.maps.event.addDomListener(window, 'load', fusion_run_map_fusion_map_69f741aaef149);\n\t\t\t\t\t<\/script>\n\t\t\t\t\t<div class=\"shortcode-map fusion-google-map fusion-maps-js-type\" style=\"--awb-height:200px;\" id=\"fusion_map_69f741aaef149\"><\/div>\n<p>Associa\u00e7\u00e3o Sergipana de Medicina do Trabalho (ASEMT)<\/p>\n<p>Presidente<br \/>\nAlfredo Nunes Neto<\/p>\n<p>Vice-presidente<br \/>\nEduardo Gomes Pinto<\/p>\n<p>Diretor Administrativo<br \/>\nAlexander Gomes Pinto<\/p>\n<p>Diretor Administrativo Adjunto<br \/>\nMarcelo Augusto Mendes<\/p>\n<p>Diretor Financeiro<br \/>\nBruno Silva Goes<\/p>\n<p>Diretor Financeiro Adjunto<br \/>\nAlexandra Fragoso Saonetti<\/p>\n<h5>Endere\u00e7o<\/h5>\n<p>Rua Riachuelo 315, Apto 102, S\u00e3o Jos\u00e9<br \/>\nAracaj\u00fa &#8211; SE<br \/>\nCEP: 49.015-160<br \/>\n<strong>Telefone\/ Fax:<\/strong> (79) 3231-1118 \/ 3214-7748 \/ 3214-7741<br \/>\n<strong>E-mail:<\/strong> <a href=\"mailto:egp@infonet.com.br\">egp@infonet.com.br<\/a><\/p>\n","protected":false},"excerpt":{"rendered":"<p>Associa\u00e7\u00e3o Sergipana de Medicina do Trabalho (ASEMT) Presidente Alfredo Nunes Neto Vice-presidente Eduardo Gomes Pinto Diretor Administrativo Alexander Gomes Pinto Diretor Administrativo Adjunto Marcelo Augusto Mendes Diretor Financeiro Bruno Silva Goes Diretor Financeiro Adjunto Alexandra Fragoso Saonetti Endere\u00e7o Rua Riachuelo 315, Apto 102, S\u00e3o Jos\u00e9 Aracaj\u00fa &#8211; SE CEP: 49.015-160 Telefone\/ Fax: (79) 3231-1118 \/ [&hellip;]<\/p>\n","protected":false},"author":1,"featured_media":0,"parent":11762,"menu_order":0,"comment_status":"closed","ping_status":"closed","template":"","meta":{"footnotes":""},"_links":{"self":[{"href":"https:\/\/www.anamt.org.br\/portal\/wp-json\/wp\/v2\/pages\/11880"}],"collection":[{"href":"https:\/\/www.anamt.org.br\/portal\/wp-json\/wp\/v2\/pages"}],"about":[{"href":"https:\/\/www.anamt.org.br\/portal\/wp-json\/wp\/v2\/types\/page"}],"author":[{"embeddable":true,"href":"https:\/\/www.anamt.org.br\/portal\/wp-json\/wp\/v2\/users\/1"}],"replies":[{"embeddable":true,"href":"https:\/\/www.anamt.org.br\/portal\/wp-json\/wp\/v2\/comments?post=11880"}],"version-history":[{"count":2,"href":"https:\/\/www.anamt.org.br\/portal\/wp-json\/wp\/v2\/pages\/11880\/revisions"}],"predecessor-version":[{"id":51505,"href":"https:\/\/www.anamt.org.br\/portal\/wp-json\/wp\/v2\/pages\/11880\/revisions\/51505"}],"up":[{"embeddable":true,"href":"https:\/\/www.anamt.org.br\/portal\/wp-json\/wp\/v2\/pages\/11762"}],"wp:attachment":[{"href":"https:\/\/www.anamt.org.br\/portal\/wp-json\/wp\/v2\/media?parent=11880"}],"curies":[{"name":"wp","href":"https:\/\/api.w.org\/{rel}","templated":true}]}}

Associação Sergipana de Medicina do Trabalho

<script type="text/javascript">
						var map_fusion_map_69f741aaef149;
						var markers = [];
						var counter = 0;
																				var fusionMapNonce = '8757a641ba';
												function fusion_run_map_fusion_map_69f741aaef149() {
							jQuery('#fusion_map_69f741aaef149').fusion_maps({
								addresses: [{"address":"Rua Riachuelo 315, S\u00e3o Jos\u00e9 Aracaj\u00fa - SE CEP: 49.015-160","infobox_content":"Rua Riachuelo 315, apto. 102, S\u00e3o Jos\u00e9<br \/>\nAracaj\u00fa - SE \/ CEP: 49.015-160","marker":"https:\/\/www.anamt.org.br\/portal\/wp-content\/plugins\/fusion-builder\/images\/avada_map_marker.png","coordinates":false,"cache":true,"latitude":"-10.9210606","longitude":"-37.04875870000001"}],
								animations: false,
								infobox_background_color: '#227374',
								infobox_styling: 'custom',
								infobox_text_color: '#fffff',
								map_style: 'custom',
								map_type: 'roadmap',
								marker_icon: 'theme',
								overlay_color: '#41bfc2',
								overlay_color_hsl: {"hue":181,"sat":51,"lum":51},
								pan_control: true,
								show_address: true,
								scale_control: true,
								scrollwheel: false,
								zoom: 16,
								zoom_control: true,
							});
						}

						google.maps.event.addDomListener(window, 'load', fusion_run_map_fusion_map_69f741aaef149);
					</script>
					<div class="shortcode-map fusion-google-map fusion-maps-js-type" style="--awb-height:200px;" id="fusion_map_69f741aaef149"></div>
<p>Associação Sergipana de Medicina do Trabalho (ASEMT)</p>
<p>Presidente<br />
Alfredo Nunes Neto</p>
<p>Vice-presidente<br />
Eduardo Gomes Pinto</p>
<p>Diretor Administrativo<br />
Alexander Gomes Pinto</p>
<p>Diretor Administrativo Adjunto<br />
Marcelo Augusto Mendes</p>
<p>Diretor Financeiro<br />
Bruno Silva Goes</p>
<p>Diretor Financeiro Adjunto<br />
Alexandra Fragoso Saonetti</p>
<h5>Endereço</h5>
<p>Rua Riachuelo 315, Apto 102, São José<br />
Aracajú &#8211; SE<br />
CEP: 49.015-160<br />
<strong>Telefone/ Fax:</strong> (79) 3231-1118 / 3214-7748 / 3214-7741<br />
<strong>E-mail:</strong> <a href="mailto:egp@infonet.com.br">egp@infonet.com.br</a></p>

<p>Associação Sergipana de Medicina do Trabalho (ASEMT) Presidente Alfredo Nunes Neto Vice-presidente Eduardo Gomes Pinto Diretor Administrativo Alexander Gomes Pinto Diretor Administrativo Adjunto Marcelo Augusto Mendes Diretor Financeiro Bruno Silva Goes Diretor Financeiro Adjunto Alexandra Fragoso Saonetti Endereço Rua Riachuelo 315, Apto 102, São José Aracajú &#8211; SE CEP: 49.015-160 Telefone/ Fax: (79) 3231-1118 / [&hellip;]</p>
