{"id":11777,"date":"2017-02-14T15:18:03","date_gmt":"2017-02-14T17:18:03","guid":{"rendered":"https:\/\/www.anamt.org.br\/portal\/?page_id=11777"},"modified":"2019-12-02T14:20:28","modified_gmt":"2019-12-02T17:20:28","slug":"associacao-acreana-de-medicina-do-trabalho-asamt","status":"publish","type":"page","link":"https:\/\/www.anamt.org.br\/portal\/federadas-da-anamt\/associacao-acreana-de-medicina-do-trabalho-asamt\/","title":{"rendered":"Federada do Acre da Associa\u00e7\u00e3o Nacional de Medicina do Trabalho (ANAMT-AC)"},"content":{"rendered":"<h5>Gest\u00e3o<\/h5>\n<p>2018-2021<\/p>\n<h5>Presidente<\/h5>\n<p>Jene Greyce Oliveira da Cruz<\/p>\n<h5>Vice-Presidente<\/h5>\n<p>Guilherme Augusto Pulici<\/p>\n<h5>1\u00aa. Secret\u00e1ria<\/h5>\n<p>Roberta do Couto Pinho<\/p>\n<h5>2\u00ba. Secret\u00e1rio<\/h5>\n<p>Jaime Benevides Viga<\/p>\n<h5>1\u00ba. Tesoureiro<\/h5>\n<p>Jos\u00e9 Wilkens Dias Sobrinho<\/p>\n<h5>2a. Tesoureira<\/h5>\n<p>Dayse do Socorro Azevedo Nogueira Gama<\/p>\n<h5>Diretor Cient\u00edfico<\/h5>\n<p>Andr\u00e9 Luiz Rodrigues de Camargo<\/p>\n<h5>Conselho Fiscal Titular<\/h5>\n<p>Jos\u00e9 Amsterdan de Miranda Sandres Sobrinho<br \/>\nGilberto da Costa Ferreira<\/p>\n<h5>Conselho Fiscal Suplente<\/h5>\n<p>Carlos Peredo Calderon<\/p>\n","protected":false},"excerpt":{"rendered":"<p>Gest\u00e3o 2018-2021 Presidente Jene Greyce Oliveira da Cruz Vice-Presidente Guilherme Augusto Pulici 1\u00aa. Secret\u00e1ria Roberta do Couto Pinho 2\u00ba. Secret\u00e1rio Jaime Benevides Viga 1\u00ba. Tesoureiro Jos\u00e9 Wilkens Dias Sobrinho 2a. Tesoureira Dayse do Socorro Azevedo Nogueira Gama Diretor Cient\u00edfico Andr\u00e9 Luiz Rodrigues de Camargo Conselho Fiscal Titular Jos\u00e9 Amsterdan de Miranda Sandres Sobrinho Gilberto da [&hellip;]<\/p>\n","protected":false},"author":1,"featured_media":0,"parent":11762,"menu_order":0,"comment_status":"closed","ping_status":"closed","template":"","meta":{"footnotes":""},"_links":{"self":[{"href":"https:\/\/www.anamt.org.br\/portal\/wp-json\/wp\/v2\/pages\/11777"}],"collection":[{"href":"https:\/\/www.anamt.org.br\/portal\/wp-json\/wp\/v2\/pages"}],"about":[{"href":"https:\/\/www.anamt.org.br\/portal\/wp-json\/wp\/v2\/types\/page"}],"author":[{"embeddable":true,"href":"https:\/\/www.anamt.org.br\/portal\/wp-json\/wp\/v2\/users\/1"}],"replies":[{"embeddable":true,"href":"https:\/\/www.anamt.org.br\/portal\/wp-json\/wp\/v2\/comments?post=11777"}],"version-history":[{"count":0,"href":"https:\/\/www.anamt.org.br\/portal\/wp-json\/wp\/v2\/pages\/11777\/revisions"}],"up":[{"embeddable":true,"href":"https:\/\/www.anamt.org.br\/portal\/wp-json\/wp\/v2\/pages\/11762"}],"wp:attachment":[{"href":"https:\/\/www.anamt.org.br\/portal\/wp-json\/wp\/v2\/media?parent=11777"}],"curies":[{"name":"wp","href":"https:\/\/api.w.org\/{rel}","templated":true}]}}

Federada do Acre da Associação Nacional de Medicina do Trabalho (ANAMT-AC)

<h5>Gestão</h5>
<p>2018-2021</p>
<h5>Presidente</h5>
<p>Jene Greyce Oliveira da Cruz</p>
<h5>Vice-Presidente</h5>
<p>Guilherme Augusto Pulici</p>
<h5>1ª. Secretária</h5>
<p>Roberta do Couto Pinho</p>
<h5>2º. Secretário</h5>
<p>Jaime Benevides Viga</p>
<h5>1º. Tesoureiro</h5>
<p>José Wilkens Dias Sobrinho</p>
<h5>2a. Tesoureira</h5>
<p>Dayse do Socorro Azevedo Nogueira Gama</p>
<h5>Diretor Científico</h5>
<p>André Luiz Rodrigues de Camargo</p>
<h5>Conselho Fiscal Titular</h5>
<p>José Amsterdan de Miranda Sandres Sobrinho<br />
Gilberto da Costa Ferreira</p>
<h5>Conselho Fiscal Suplente</h5>
<p>Carlos Peredo Calderon</p>

<p>Gestão 2018-2021 Presidente Jene Greyce Oliveira da Cruz Vice-Presidente Guilherme Augusto Pulici 1ª. Secretária Roberta do Couto Pinho 2º. Secretário Jaime Benevides Viga 1º. Tesoureiro José Wilkens Dias Sobrinho 2a. Tesoureira Dayse do Socorro Azevedo Nogueira Gama Diretor Científico André Luiz Rodrigues de Camargo Conselho Fiscal Titular José Amsterdan de Miranda Sandres Sobrinho Gilberto da [&hellip;]</p>
